{"id":21,"date":"2018-04-01T18:14:36","date_gmt":"2018-04-01T21:14:36","guid":{"rendered":"http:\/\/www.quimica.ufpr.br\/paginas\/quimica-na-pratica\/?page_id=21"},"modified":"2025-03-26T10:41:24","modified_gmt":"2025-03-26T13:41:24","slug":"sobre","status":"publish","type":"page","link":"http:\/\/www.quimica.ufpr.br\/paginas\/quimica-na-pratica\/sobre\/","title":{"rendered":"Sobre"},"content":{"rendered":"<div id=\"comp-iqijwu8n\" class=\"txtNew\">\n<p class=\"font_8\" style=\"text-align: left\"><strong>O que \u00e9?<\/strong><\/p>\n<p class=\"font_8\" style=\"text-align: left\">\u00c9 um projeto de extens\u00e3o coordenado pelos professores Regina, Liliana e Lauro do Departamento de Qu\u00edmica da Universidade Federal do Paran\u00e1 (UFPR).<\/p>\n<p class=\"font_8\" style=\"text-align: justify\"><strong>Qual o objetivo do projeto?<\/strong><\/p>\n<p class=\"font_8\" style=\"text-align: justify\">Esse projeto visa despertar o interesse pela Qu\u00edmica atrav\u00e9s do uso de jogos qu\u00edmicos e de experimentos demonstrativos. Tais jogos e experimentos s\u00e3o selecionados e confeccionados por estudantes de gradua\u00e7\u00e3o da UFPR, sob orienta\u00e7\u00e3o dos professores coordenadores do projeto.<\/p>\n<p class=\"font_8\" style=\"text-align: justify\"><strong>Qual o resultado esperado?<\/strong><\/p>\n<p class=\"font_8\" style=\"text-align: justify\">Espera-se despertar o interesse pela Qu\u00edmica e que haja um melhor aprendizado dessa disciplina, tanto por parte dos estudantes do ensino m\u00e9dio quanto por parte de seus professores, atrav\u00e9s da rela\u00e7\u00e3o entre teoria e pr\u00e1tica. Espera-se tamb\u00e9m, contribuir para o processo de forma\u00e7\u00e3o dos estudantes de gradua\u00e7\u00e3o envolvidos no projeto, fortalecendo seus conhecimentos te\u00f3ricos, experimentais e did\u00e1ticos.<\/p>\n<h2 style=\"text-align: center\"><strong><span style=\"color: #ff0000\">NOVO SITE:<\/span> <a href=\"https:\/\/sites.google.com\/view\/quimicanapraticaufpr\">https:\/\/sites.google.com\/view\/quimicanapraticaufpr<\/a><\/strong><\/h2>\n<h2 style=\"text-align: center\"><span style=\"color: #ff0000\"><strong>VISITEM-NOS!!!<\/strong><\/span><\/h2>\n<\/div>\n","protected":false},"excerpt":{"rendered":"<p>O que \u00e9? \u00c9 um projeto de extens\u00e3o coordenado pelos professores Regina, Liliana e Lauro do Departamento de Qu\u00edmica da Universidade Federal do Paran\u00e1 (UFPR). Qual o objetivo do projeto? Esse projeto visa despertar o interesse pela Qu\u00edmica atrav\u00e9s do uso de jogos qu\u00edmicos e de experimentos demonstrativos. Tais jogos e experimentos s\u00e3o selecionados e [&hellip;]<\/p>\n","protected":false},"author":30,"featured_media":0,"parent":0,"menu_order":0,"comment_status":"closed","ping_status":"closed","template":"","meta":{"footnotes":""},"class_list":["post-21","page","type-page","status-publish","hentry","post"],"_links":{"self":[{"href":"http:\/\/www.quimica.ufpr.br\/paginas\/quimica-na-pratica\/wp-json\/wp\/v2\/pages\/21","targetHints":{"allow":["GET"]}}],"collection":[{"href":"http:\/\/www.quimica.ufpr.br\/paginas\/quimica-na-pratica\/wp-json\/wp\/v2\/pages"}],"about":[{"href":"http:\/\/www.quimica.ufpr.br\/paginas\/quimica-na-pratica\/wp-json\/wp\/v2\/types\/page"}],"author":[{"embeddable":true,"href":"http:\/\/www.quimica.ufpr.br\/paginas\/quimica-na-pratica\/wp-json\/wp\/v2\/users\/30"}],"replies":[{"embeddable":true,"href":"http:\/\/www.quimica.ufpr.br\/paginas\/quimica-na-pratica\/wp-json\/wp\/v2\/comments?post=21"}],"version-history":[{"count":16,"href":"http:\/\/www.quimica.ufpr.br\/paginas\/quimica-na-pratica\/wp-json\/wp\/v2\/pages\/21\/revisions"}],"predecessor-version":[{"id":484,"href":"http:\/\/www.quimica.ufpr.br\/paginas\/quimica-na-pratica\/wp-json\/wp\/v2\/pages\/21\/revisions\/484"}],"wp:attachment":[{"href":"http:\/\/www.quimica.ufpr.br\/paginas\/quimica-na-pratica\/wp-json\/wp\/v2\/media?parent=21"}],"curies":[{"name":"wp","href":"https:\/\/api.w.org\/{rel}","templated":true}]}}