{"id":90,"date":"2016-12-05T11:34:18","date_gmt":"2016-12-05T13:34:18","guid":{"rendered":"http:\/\/www.quimica.ufpr.br\/paginas\/luiz-ramos\/?page_id=90"},"modified":"2024-01-04T18:43:32","modified_gmt":"2024-01-04T21:43:32","slug":"producao-cientifica","status":"publish","type":"page","link":"http:\/\/www.quimica.ufpr.br\/paginas\/luiz-ramos\/producao-cientifica\/","title":{"rendered":"Produ\u00e7\u00e3o Cient\u00edfica"},"content":{"rendered":"<div id=\"pl-90\"  class=\"panel-layout\" ><div id=\"pg-90-0\"  class=\"panel-grid panel-no-style\" ><div id=\"pgc-90-0-0\"  class=\"panel-grid-cell\" ><div id=\"panel-90-0-0-0\" class=\"so-panel widget widget_sow-image panel-first-child\" data-index=\"0\" ><div\n\t\t\t\n\t\t\tclass=\"so-widget-sow-image so-widget-sow-image-default-c67d20f9f743-90\"\n\t\t\t\n\t\t><h3 class=\"widget-title\">Evolu\u00e7\u00e3o do fator de impacto - Fator H (Scopus)<\/h3>\n<div class=\"sow-image-container\">\n\t\t<img \n\tsrc=\"http:\/\/www.quimica.ufpr.br\/paginas\/luiz-ramos\/wp-content\/uploads\/sites\/20\/2024\/01\/H-index-LPR-Dez2023-1024x633.png\" width=\"720\" height=\"445\" srcset=\"https:\/\/www.quimica.ufpr.br\/paginas\/luiz-ramos\/wp-content\/uploads\/sites\/20\/2024\/01\/H-index-LPR-Dez2023-1024x633.png 1024w, https:\/\/www.quimica.ufpr.br\/paginas\/luiz-ramos\/wp-content\/uploads\/sites\/20\/2024\/01\/H-index-LPR-Dez2023-300x185.png 300w, https:\/\/www.quimica.ufpr.br\/paginas\/luiz-ramos\/wp-content\/uploads\/sites\/20\/2024\/01\/H-index-LPR-Dez2023-768x475.png 768w, https:\/\/www.quimica.ufpr.br\/paginas\/luiz-ramos\/wp-content\/uploads\/sites\/20\/2024\/01\/H-index-LPR-Dez2023-1536x949.png 1536w, https:\/\/www.quimica.ufpr.br\/paginas\/luiz-ramos\/wp-content\/uploads\/sites\/20\/2024\/01\/H-index-LPR-Dez2023.png 1566w\" sizes=\"(max-width: 720px) 100vw, 720px\" title=\"Evolu\u00e7\u00e3o do fator de impacto - Fator H (Scopus)\" alt=\"\" \t\tclass=\"so-widget-image\"\/>\n\t<\/div>\n\n<\/div><\/div><div id=\"panel-90-0-0-1\" class=\"so-panel widget widget_sow-image panel-last-child\" data-index=\"1\" ><div\n\t\t\t\n\t\t\tclass=\"so-widget-sow-image so-widget-sow-image-default-c67d20f9f743-90\"\n\t\t\t\n\t\t><h3 class=\"widget-title\">Evolu\u00e7\u00e3o do n\u00famero de cita\u00e7\u00f5es (Scopus)<\/h3>\n<div class=\"sow-image-container\">\n\t\t<img \n\tsrc=\"http:\/\/www.quimica.ufpr.br\/paginas\/luiz-ramos\/wp-content\/uploads\/sites\/20\/2024\/01\/Citations-by-year-1024x506.png\" width=\"720\" height=\"356\" srcset=\"https:\/\/www.quimica.ufpr.br\/paginas\/luiz-ramos\/wp-content\/uploads\/sites\/20\/2024\/01\/Citations-by-year-1024x506.png 1024w, https:\/\/www.quimica.ufpr.br\/paginas\/luiz-ramos\/wp-content\/uploads\/sites\/20\/2024\/01\/Citations-by-year-300x148.png 300w, https:\/\/www.quimica.ufpr.br\/paginas\/luiz-ramos\/wp-content\/uploads\/sites\/20\/2024\/01\/Citations-by-year-768x380.png 768w, https:\/\/www.quimica.ufpr.br\/paginas\/luiz-ramos\/wp-content\/uploads\/sites\/20\/2024\/01\/Citations-by-year-1536x759.png 1536w, https:\/\/www.quimica.ufpr.br\/paginas\/luiz-ramos\/wp-content\/uploads\/sites\/20\/2024\/01\/Citations-by-year.png 1930w\" sizes=\"(max-width: 720px) 100vw, 720px\" title=\"Evolu\u00e7\u00e3o do n\u00famero de cita\u00e7\u00f5es (Scopus)\" alt=\"\" \t\tclass=\"so-widget-image\"\/>\n\t<\/div>\n\n<\/div><\/div><\/div><div id=\"pgc-90-0-1\"  class=\"panel-grid-cell\" ><div id=\"panel-90-0-1-0\" class=\"so-panel widget widget_sow-editor panel-first-child panel-last-child\" data-index=\"2\" ><div\n\t\t\t\n\t\t\tclass=\"so-widget-sow-editor so-widget-sow-editor-base\"\n\t\t\t\n\t\t>\n<div class=\"siteorigin-widget-tinymce textwidget\">\n\t<p>At\u00e9 Dezembro de 2023, encontram-se declarados no CV Lattes 183 artigos cient\u00edficos em peri\u00f3dicos com corpo editorial r\u00edgido, 23 cap\u00edtulos de livros indexados, 127 trabalhos completos, 85 resumos estendidos e 173 resumos em congressos nacionais e internacionais. O Dr. Ramos tamb\u00e9m participou do dep\u00f3sito de 18 pedidos de patente (5 deles j\u00e1 concedidos), proferiu mais de 150 apresenta\u00e7\u00f5es orais em eventos tanto nacionais e quanto internacionais e editou 03 livros (<em style=\"font-weight: 400\">Green Fuels Technology<\/em>, Manual de Biodiesel e <em style=\"font-weight: 400\">Proceedings of the Fifth Brazilian Symposium on the Chemistry of Lignin and Other Wood Components<\/em>) e 03 edi\u00e7\u00f5es especiais (<em style=\"font-weight: 400\">special issues<\/em>) nas revistas <em style=\"font-weight: 400\">Bioresource Technology<\/em>,\u00a0<i style=\"font-weight: 400\">Cellulose e Journal of the\u00a0<\/i><i>Brazilian<\/i><i style=\"font-weight: 400\">\u00a0Chemical Society.<\/i><\/p>\n<hr \/>\n<p style=\"font-weight: 400\"><strong>INDICADORES BIBLIOGR\u00c1FICOS (Scopus)<\/strong><br \/>\nFator H = 46 (em 31\/12\/2023)<\/p>\n<p style=\"font-weight: 400\">Total de artigos indexados encontrados na busca ............................. 181<br \/>\nTotal de cita\u00e7\u00f5es ................................................................................. 7054<\/p>\n<hr \/>\n<p style=\"font-weight: 400\"><strong>INDICADORES BIBLIOGR\u00c1FICOS (WebofScience\/Publons)<\/strong><br \/>\nFator H = 42 (em 31\/12\/2023)<\/p>\n<p><span style=\"font-weight: 400\">Total de artigos indexados encontrados na busca ............................. 168<br \/>\nTotal de cita\u00e7\u00f5es ................................................................................. 6042<br \/>\n<\/span><\/p>\n<hr \/>\n<p style=\"font-weight: 400\"><strong>INDICADORES BIBLIOGR\u00c1FICOS (Google Citations)<\/strong><br \/>\n\u00cdndice h-todos = 56; \u00cdndice i10-todos = 151; \u00cdndice h-2019 = 34; \u00cdndice i10-2019 = 116 (em 31\/12\/2023)<\/p>\n<p><span style=\"font-weight: 400\">Total de cita\u00e7\u00f5es (h-todos) ................................................................. 12745<br \/>\nTotal de cita\u00e7\u00f5es (h-2019) .................................................................. 4326<\/span><\/p>\n<\/div>\n<\/div><\/div><\/div><\/div><div id=\"pg-90-1\"  class=\"panel-grid panel-no-style\" ><div id=\"pgc-90-1-0\"  class=\"panel-grid-cell\" ><div id=\"panel-90-1-0-0\" class=\"so-panel widget widget_sow-editor panel-first-child\" data-index=\"3\" ><div\n\t\t\t\n\t\t\tclass=\"so-widget-sow-editor so-widget-sow-editor-base\"\n\t\t\t\n\t\t><h3 class=\"widget-title\">10 Publica\u00e7\u00f5es Cient\u00edficas Mais Citadas (Scopus)<\/h3>\n<div class=\"siteorigin-widget-tinymce textwidget\">\n\t<hr \/>\n<ol>\n<li>Ramos, L. P. The chemistry involved in the steam treatment of lignocellulosic materials.\u00a0<em>Qu\u00edmica Nova<\/em>(Impresso), v. 26, n.6, p. 863-871, 2003.\u00a0<strong>[472 cita\u00e7\u00f5es]<\/strong><\/li>\n<li>Soccol, C. R.; Vandenberghe, L. P. S.; Medeiros, A. B. P.; Karp, S. G.; Buckeridge, M.; Ramos, L. P.; Pitarelo, A. P.; Ferreira-Leit\u00e3o, V.; Gottschalk, L. M. F.; Ferrara, M. A. Bioethanol from lignocelluloses: Status and perspectives in Brazil.\u00a0<em>Bioresource Technology<\/em>, v. 101, p. 4820-4825, 2010.\u00a0<strong>[323 cita\u00e7\u00f5es]<\/strong><\/li>\n<li>Silveira, M.H.L., Morais, A.R.C., Da Costa Lopes, A.M., Olekszyszen, D.N., Bogel-\u0141ukasik, R., Andreaus, J., Pereira Ramos, L. Current Pretreatment Technologies for the Development of Cellulosic Ethanol and Biorefineries.ChemSusChem, v. 8 (20), p. 3366-3390, 2015 <strong>[311 cita\u00e7\u00f5es]<\/strong><\/li>\n<li>Martins, L. F.; Kolling, D.; Camassola, M.; Dilon, A. J. P.; Ramos, L. P. Comparison between\u00a0<em>Penicillium echinulatum<\/em>and\u00a0<em>Trichoderma reesei<\/em>\u00a0cellulases in relation to their activity against various cellulosic substrates.\u00a0<em>Bioresource Technology<\/em>, v. 99, p. 1417-1424, 2008.\u00a0<strong>[183 cita\u00e7\u00f5es]<\/strong><\/li>\n<li>Domingos, A. K.; Vecchiatto, W.; Wilhelm, H. M.; Ramos, L. P. The influence of BHA, BHT and TBHQ on the oxidation stability of soybean oil ethyl esters (biodiesel).\u00a0<em>Journal of the Brazilian Chemical Society<\/em>, v. 18, p. 416-423, 2007. <strong>[153 cita\u00e7\u00f5es]<\/strong><\/li>\n<li>Emmel, A.; Mathias, A. L.; Wypych, F.; Ramos, L. P. Fractionation of Eucalyptus grandis chips by dilute acid-catalysed steam explosion.\u00a0<em>Bioresource Technology<\/em>, v. 86, p. 105-115, 2003.\u00a0<strong>[150 cita\u00e7\u00f5es]<\/strong><\/li>\n<li>Costa Neto, P. R.; Rossi, L. F. S.; Zagonel, G.; Ramos, L. P. Produ\u00e7\u00e3o de biocombust\u00edvel alternativo ao \u00f3leo diesel atrav\u00e9s da transesterifica\u00e7\u00e3o de \u00f3leo de soja usado em frituras.\u00a0<em>Qu\u00edmica Nova\u00a0<\/em>(Impresso), v. 23, n.4, p. 531, 2000.\u00a0<strong>[143 cita\u00e7\u00f5es]<\/strong><\/li>\n<li>Guimar\u00e3es, J. L.; Wypych, F.; Saul, C. K.; Ramos, L. P.; Satyanarayana, K. G. Studies of the processing and characterization of corn starch and its composites with banana and sugarcane fibers from Brazil. Carbohydrate Polymers, v. 80 (1), p. 130-138, 2010. <strong>[139 cita\u00e7\u00f5es]<\/strong><\/li>\n<li>Monteiro, S. A.; Sassaki, G. L.; de Souza, L. M.; Meira, J. A.; de Ara\u00fajo, J. M.; Mitchell, D. A.; Ramos, L. P.; Krieger, N. Molecular and structural characterization of the biosurfactant produced by Pseudomonas aeruginosa DAUPE 614. <em>Chemistry and Physics of Lipids,<\/em> v. 147, n. 1, p. 1-13, 2007.\u00a0<strong>[133 cita\u00e7\u00f5es]<\/strong><\/li>\n<li>Zagonel, G. F.; Peralta-Zamora, P.; Ramos, L. P. Multivariate monitoring of soybean oil ethanolysis by FTIR. <em>Talanta<\/em>, v. 63, n. 4, p. 1021-1025, 2004.\u00a0<strong>[127 cita\u00e7\u00f5es]<\/strong><\/li>\n<\/ol>\n<\/div>\n<\/div><\/div><div id=\"panel-90-1-0-1\" class=\"so-panel widget widget_sow-editor\" data-index=\"4\" ><div\n\t\t\t\n\t\t\tclass=\"so-widget-sow-editor so-widget-sow-editor-base\"\n\t\t\t\n\t\t><h3 class=\"widget-title\">10 Publica\u00e7\u00f5es Cient\u00edficas Mais Recentes<\/h3>\n<div class=\"siteorigin-widget-tinymce textwidget\">\n\t<hr \/>\n<ol>\n<li>Hermsdorff, G. B.; Escobar, E. L. N.; Da Silva, T. A.; Zandon\u00e1 Filho, A.; Corazza, M. L.; Ramos, L. P. Ethanol organosolv pretreatment of sugarcane bagasse assisted by organic acids and supercritical carbon dioxide. Carbohydrate Polymers, v. 300, p. 120263, 2023.<\/li>\n<li style=\"font-weight: 400\">Suota, M. J.; Corazza, M. L.; Ramos, L. P. Green solvents in biomass delignification for fuels and chemicals. <em>BioResources<\/em>, v. 18, p. 2522-2525, 2023.<\/li>\n<li style=\"font-weight: 400\">Barreto, R. D.; Ramos, L. P.; Jorge, R. M. M.; Jorge, L. M. M. Turning glycerol surplus into renewable syngas through glycerol steam reforming over a sol-gel Ni\u2013Mo2C-Al2O3 catalyst. <em>International Journal of Hydrogen Energy<\/em>, v. 48, n. 44, p. 16614-16629, 2023.<\/li>\n<li style=\"font-weight: 400\">Moura, M. G. G.; Silva, T. A.; Zandon\u00e1 Filho, A.; Corazza, M. L.; Pereira Ramos, L. Fed-batch enzymatic hydrolysis of steam-exploded sugarcane bagasse. <em>BioResources<\/em>, v. 18, p. 3160-3177, 2023.<\/li>\n<li style=\"font-weight: 400\">Guigou, M.; Guarino, J.; Chiarello, L. M.; Cabrera, M. N.; Vique, M.; Lareo, C.; Ferrari, M. D.; Ramos, L. P. Steam Explosion of Eucalyptus grandis Sawdust for Ethanol Production within a Biorefinery Approach. <em>Processes<\/em>, v. 11, p. 2277, 2023.<\/li>\n<li style=\"font-weight: 400\">Mazega, A.; Signori-Iamin, G.; Aguado, R. J.; Tarr\u00e9s, Q.; Ramos, L. P.; Delgado-Aguilar, M. Enzymatic pretreatment for cellulose nanofiber production: Understanding morphological changes and predicting reducing sugar concentration. <em>International Journal of Biological Macromolecules<\/em>, v. 253, p. 127054, 2023.<\/li>\n<li style=\"font-weight: 400\">Alves, W. R.; Silva, T. A.; Zandon\u00e1 Filho, A.; Ramos, Luiz P. Lactic acid production from steam-exploded sugarcane bagasse using <em>Bacillus coagulans<\/em> DSM2314. <em>Fermentation<\/em>-Basel, v. 9, p. 789, 2023.<\/li>\n<li style=\"font-weight: 400\">Escorsim, A. M.; Hamerski, F.; Ramos, Luiz P.; Corazza, M. L.; Cordeiro, C. S. Simultaneous esterification and transesterification reactions of acidic palm oil catalyzed by zinc stearate<em>. <\/em><em>Reaction Kinetics Mechanisms and Catalysis<\/em>, 2023. https:\/\/doi.org\/10.1007\/s11144-023-02543-4<\/li>\n<li style=\"font-weight: 400\">Pavaneli, G.; da Silva, T. A.; Zawadzki, S. F.; Sassaki, G. L.; de Freitas, R. A.; Ramos, L. P. Production of highly antioxidant lignin nanoparticles from a hardwood technical lignin. <em>International Journal of Biological Macromolecules<\/em>, p. 128612, 2023.<\/li>\n<li style=\"font-weight: 400\">Tavares, M.; Kanda, L.; Giacomin J\u00fanior, W.; Ramos, L. P.; Vandenberghe, L.; Corazza, M. L. Supercritical Carbon Dioxide Effect on Lipase-Catalyzed Geranyl Acetate Synthesis. <em>Journal of the Brazilian Chemical Society<\/em>, v. 33, p. 715-724, 2022.<\/li>\n<\/ol>\n<\/div>\n<\/div><\/div><div id=\"panel-90-1-0-2\" class=\"so-panel widget widget_sow-editor panel-last-child\" data-index=\"5\" ><div\n\t\t\t\n\t\t\tclass=\"so-widget-sow-editor so-widget-sow-editor-base\"\n\t\t\t\n\t\t><h3 class=\"widget-title\">Editoriais e Edi\u00e7\u00f5es Especiais (\u00faltimos 3 anos)<\/h3>\n<div class=\"siteorigin-widget-tinymce textwidget\">\n\t<hr \/>\n<ol>\n<li>Pereira Ramos, L.; Kaufman, T. Chemistry for Sustainable Development. Journal of the Brazilian Chemical Society, v. 33, p. 609-609, 2022.<\/li>\n<li>Ramos, L. P.; Delgado-Aguilar, M.; Vallejos, M. E. Virtual special issue on -Nanocellulose characterization, production and use-. Cellulose, v. 28, p. 1881-1882, 2021. Cita\u00e7\u00f5es:1<\/li>\n<li>Pinto, R.; Corazza, M. L.; Ramos, L. P. (editorial) Bringing the Concept of Drop-in Fuels into the Pulp and Paper Industry. BioResources, v. 16, p. 6553-6555, 2021.<\/li>\n<\/ol>\n<\/div>\n<\/div><\/div><\/div><\/div><\/div>","protected":false},"excerpt":{"rendered":"<p>At\u00e9 Dezembro de 2023, encontram-se declarados no CV Lattes 183 artigos cient\u00edficos em peri\u00f3dicos com corpo editorial r\u00edgido, 23 cap\u00edtulos de livros indexados, 127 trabalhos completos, 85 resumos estendidos e 173 resumos em congressos nacionais e internacionais. O Dr. Ramos tamb\u00e9m participou do dep\u00f3sito de 18 pedidos de patente (5 deles j\u00e1 concedidos), proferiu mais [&hellip;]<\/p>\n","protected":false},"author":21,"featured_media":0,"parent":0,"menu_order":0,"comment_status":"closed","ping_status":"closed","template":"","meta":{"footnotes":""},"class_list":["post-90","page","type-page","status-publish","hentry","post"],"_links":{"self":[{"href":"http:\/\/www.quimica.ufpr.br\/paginas\/luiz-ramos\/wp-json\/wp\/v2\/pages\/90","targetHints":{"allow":["GET"]}}],"collection":[{"href":"http:\/\/www.quimica.ufpr.br\/paginas\/luiz-ramos\/wp-json\/wp\/v2\/pages"}],"about":[{"href":"http:\/\/www.quimica.ufpr.br\/paginas\/luiz-ramos\/wp-json\/wp\/v2\/types\/page"}],"author":[{"embeddable":true,"href":"http:\/\/www.quimica.ufpr.br\/paginas\/luiz-ramos\/wp-json\/wp\/v2\/users\/21"}],"replies":[{"embeddable":true,"href":"http:\/\/www.quimica.ufpr.br\/paginas\/luiz-ramos\/wp-json\/wp\/v2\/comments?post=90"}],"version-history":[{"count":25,"href":"http:\/\/www.quimica.ufpr.br\/paginas\/luiz-ramos\/wp-json\/wp\/v2\/pages\/90\/revisions"}],"predecessor-version":[{"id":901,"href":"http:\/\/www.quimica.ufpr.br\/paginas\/luiz-ramos\/wp-json\/wp\/v2\/pages\/90\/revisions\/901"}],"wp:attachment":[{"href":"http:\/\/www.quimica.ufpr.br\/paginas\/luiz-ramos\/wp-json\/wp\/v2\/media?parent=90"}],"curies":[{"name":"wp","href":"https:\/\/api.w.org\/{rel}","templated":true}]}}