{"id":9,"date":"2016-09-12T10:45:30","date_gmt":"2016-09-12T13:45:30","guid":{"rendered":"http:\/\/www.quimica.ufpr.br\/paginas\/luiz-ramos\/?page_id=9"},"modified":"2025-08-25T20:46:32","modified_gmt":"2025-08-25T23:46:32","slug":"linhas-de-pesquisa","status":"publish","type":"page","link":"http:\/\/www.quimica.ufpr.br\/paginas\/luiz-ramos\/linhas-de-pesquisa\/","title":{"rendered":"Linhas de Pesquisa"},"content":{"rendered":"<div id=\"pl-9\"  class=\"panel-layout\" ><div id=\"pg-9-0\"  class=\"panel-grid panel-no-style\" ><div id=\"pgc-9-0-0\"  class=\"panel-grid-cell\" ><div id=\"panel-9-0-0-0\" class=\"so-panel widget widget_sow-editor panel-first-child panel-last-child\" data-index=\"0\" ><div\n\t\t\t\n\t\t\tclass=\"so-widget-sow-editor so-widget-sow-editor-base\"\n\t\t\t\n\t\t><h3 class=\"widget-title\">I. Biorrefinaria de materiais lip\u00eddicos renov\u00e1veis <\/h3>\n<div class=\"siteorigin-widget-tinymce textwidget\">\n\t<p style=\"font-weight: 400\">Desenvolvimento de produtos e processos associados ao aproveitamento tecnol\u00f3gico de materiais lip\u00eddicos renov\u00e1veis, como \u00f3leos e gorduras de origem animal ou vegetal (primeira gera\u00e7\u00e3o), \u00f3leo de fritura, borras de refino e gorduras \u00e1cidas (segunda gera\u00e7\u00e3o), e \u00f3leo de microalgas (terceira gera\u00e7\u00e3o), empregando tecnologias inovadoras como extra\u00e7\u00e3o e separa\u00e7\u00e3o em condi\u00e7\u00f5es supercr\u00edticas, cat\u00e1lise heterog\u00eanea, cat\u00e1lise enzim\u00e1tica, hidrotratamento catal\u00edtico e destila\u00e7\u00e3o reativa para a produ\u00e7\u00e3o de biocombust\u00edveis (biodiesel e hidrocarbonetos renov\u00e1veis como diesel verde e bioquerosene de avia\u00e7\u00e3o), intermedi\u00e1rios qu\u00edmicos (\u00e1cidos graxos, glicerol e seus derivados) e biomateriais (plastificantes, aditivos antioxidantes, surfactantes, biopol\u00edmeros, biocomp\u00f3sitos e biofilmes).<\/p>\n<\/div>\n<\/div><\/div><\/div><div id=\"pgc-9-0-1\"  class=\"panel-grid-cell\" ><div id=\"panel-9-0-1-0\" class=\"so-panel widget widget_sow-image panel-first-child panel-last-child\" data-index=\"1\" ><div\n\t\t\t\n\t\t\tclass=\"so-widget-sow-image so-widget-sow-image-default-8b5b6f678277-9\"\n\t\t\t\n\t\t>\n<div class=\"sow-image-container\">\n\t\t<img \n\tsrc=\"http:\/\/www.quimica.ufpr.br\/paginas\/luiz-ramos\/wp-content\/uploads\/sites\/20\/2016\/12\/IMG_20140307_144846-436x272.jpg\" width=\"436\" height=\"272\" sizes=\"(max-width: 436px) 100vw, 436px\" title=\"Unidade de produ\u00e7\u00e3o de biodiesel\" alt=\"\" \t\tclass=\"so-widget-image\"\/>\n\t<\/div>\n\n<\/div><\/div><\/div><\/div><div id=\"pg-9-1\"  class=\"panel-grid panel-no-style\" ><div id=\"pgc-9-1-0\"  class=\"panel-grid-cell\" ><div id=\"panel-9-1-0-0\" class=\"so-panel widget widget_sow-editor panel-first-child panel-last-child\" data-index=\"2\" ><div\n\t\t\t\n\t\t\tclass=\"so-widget-sow-editor so-widget-sow-editor-base\"\n\t\t\t\n\t\t><h3 class=\"widget-title\">II. Biorrefinaria de materiais lignocelul\u00f3sicos<\/h3>\n<div class=\"siteorigin-widget-tinymce textwidget\">\n\t<p style=\"font-weight: 400\">Desenvolvimento de produtos e processos voltados \u00e0 valoriza\u00e7\u00e3o de materiais lignicelul\u00f3sicos, como o baga\u00e7o e a palha de cana-de-a\u00e7\u00facar, cana energia, cavacos de eucalipto, capim elefante, serragem de madeira, baga\u00e7o de mandioca e res\u00edduos do processamento de frutas e alimentos, visando \u00e0 produ\u00e7\u00e3o de carboidratos fermentesc\u00edveis (<em>e.g.<\/em>, hidrolisados \u00e1cidos ou enzim\u00e1ticos), etanol celul\u00f3sico, compostos fur\u00e2nicos, enzimas, \u00e1cidos org\u00e2nicos, lignina, nanomateriais, bio-\u00f3leos, hidrog\u00eanio, g\u00e1s de s\u00edntese e combust\u00edveis sint\u00e9ticos, dentre outros. As estrat\u00e9gias de pr\u00e9-tratamento usualmente empregadas em nossos projetos est\u00e3o baseadas em tecnologias de digest\u00e3o anaer\u00f3bia, reforma e convers\u00e3o Fischer-Tropsch, extra\u00e7\u00e3o supercr\u00edtica, solventes eut\u00e9ticos profundos e l\u00edquidos i\u00f4nicos, autohidr\u00f3lise, explos\u00e3o a vapor, termoliquefa\u00e7\u00e3o, pir\u00f3lise e hidrotratamento, cujos objetivos est\u00e3o voltados a maximizar o rendimento e a seletividade de processos associados ao desenvolvimento de uma economia de baixo carbono.<\/p>\n<\/div>\n<\/div><\/div><\/div><div id=\"pgc-9-1-1\"  class=\"panel-grid-cell\" ><div id=\"panel-9-1-1-0\" class=\"so-panel widget widget_sow-image panel-first-child panel-last-child\" data-index=\"3\" ><div\n\t\t\t\n\t\t\tclass=\"so-widget-sow-image so-widget-sow-image-default-8b5b6f678277-9\"\n\t\t\t\n\t\t>\n<div class=\"sow-image-container\">\n\t\t<img \n\tsrc=\"http:\/\/www.quimica.ufpr.br\/paginas\/luiz-ramos\/wp-content\/uploads\/sites\/20\/2016\/09\/IMG_20160311_122938216-436x272.jpg\" width=\"436\" height=\"272\" sizes=\"(max-width: 436px) 100vw, 436px\" title=\"Hidr\u00f3lise enzim\u00e1tica a 20% TS\" alt=\"\" \t\tclass=\"so-widget-image\"\/>\n\t<\/div>\n\n<\/div><\/div><\/div><\/div><div id=\"pg-9-2\"  class=\"panel-grid panel-no-style\" ><div id=\"pgc-9-2-0\"  class=\"panel-grid-cell\" ><div id=\"panel-9-2-0-0\" class=\"so-panel widget widget_sow-editor panel-first-child panel-last-child\" data-index=\"4\" ><div\n\t\t\t\n\t\t\tclass=\"so-widget-sow-editor so-widget-sow-editor-base\"\n\t\t\t\n\t\t><h3 class=\"widget-title\">III. Desenvolvimento e otimiza\u00e7\u00e3o de m\u00e9todos cromatogr\u00e1ficos e espectrom\u00e9tricos<\/h3>\n<div class=\"siteorigin-widget-tinymce textwidget\">\n\t<p style=\"font-weight: 400\">Desenvolvimento de m\u00e9todos para a caracteriza\u00e7\u00e3o de amostras complexas utilizando t\u00e9cnicas cromatogr\u00e1ficas e espectrom\u00e9tricas avan\u00e7adas, com \u00eanfase na an\u00e1lise qualitativa e quantitativa de \u00e1cidos org\u00e2nicos, carboidratos da parede celular vegetal, lignina, materiais graxos, cinzas, materiais extra\u00edveis incluindo \u00f3leos essenciais, biopol\u00edmeros, bio-\u00f3leos e combust\u00edveis sint\u00e9ticos, buscando sempre conciliar efici\u00eancia e precis\u00e3o nos procedimentos anal\u00edticos propostos.<\/p>\n<p>&nbsp;<\/p>\n<\/div>\n<\/div><\/div><\/div><div id=\"pgc-9-2-1\"  class=\"panel-grid-cell\" ><div id=\"panel-9-2-1-0\" class=\"so-panel widget widget_sow-image panel-first-child panel-last-child\" data-index=\"5\" ><div\n\t\t\t\n\t\t\tclass=\"so-widget-sow-image so-widget-sow-image-default-8b5b6f678277-9\"\n\t\t\t\n\t\t>\n<div class=\"sow-image-container\">\n\t\t<img \n\tsrc=\"http:\/\/www.quimica.ufpr.br\/paginas\/luiz-ramos\/wp-content\/uploads\/sites\/20\/2016\/12\/DSC02696-436x272.jpg\" width=\"436\" height=\"272\" sizes=\"(max-width: 436px) 100vw, 436px\" title=\"DSC\" alt=\"\" \t\tclass=\"so-widget-image\"\/>\n\t<\/div>\n\n<\/div><\/div><\/div><\/div><div id=\"pg-9-3\"  class=\"panel-grid panel-no-style\" ><div id=\"pgc-9-3-0\"  class=\"panel-grid-cell panel-grid-cell-empty panel-grid-cell-mobile-last\" ><\/div><div id=\"pgc-9-3-1\"  class=\"panel-grid-cell panel-grid-cell-empty\" ><\/div><\/div><div id=\"pg-9-4\"  class=\"panel-grid panel-no-style\" ><div id=\"pgc-9-4-0\"  class=\"panel-grid-cell panel-grid-cell-empty panel-grid-cell-mobile-last\" ><\/div><div id=\"pgc-9-4-1\"  class=\"panel-grid-cell panel-grid-cell-empty\" ><\/div><\/div><\/div>","protected":false},"excerpt":{"rendered":"<p>Desenvolvimento de produtos e processos associados ao aproveitamento tecnol\u00f3gico de materiais lip\u00eddicos renov\u00e1veis, como \u00f3leos e gorduras de origem animal ou vegetal (primeira gera\u00e7\u00e3o), \u00f3leo de fritura, borras de refino e gorduras \u00e1cidas (segunda gera\u00e7\u00e3o), e \u00f3leo de microalgas (terceira gera\u00e7\u00e3o), empregando tecnologias inovadoras como extra\u00e7\u00e3o e separa\u00e7\u00e3o em condi\u00e7\u00f5es supercr\u00edticas, cat\u00e1lise heterog\u00eanea, cat\u00e1lise enzim\u00e1tica, [&hellip;]<\/p>\n","protected":false},"author":21,"featured_media":0,"parent":0,"menu_order":0,"comment_status":"closed","ping_status":"closed","template":"","meta":{"footnotes":""},"class_list":["post-9","page","type-page","status-publish","hentry","post"],"_links":{"self":[{"href":"http:\/\/www.quimica.ufpr.br\/paginas\/luiz-ramos\/wp-json\/wp\/v2\/pages\/9","targetHints":{"allow":["GET"]}}],"collection":[{"href":"http:\/\/www.quimica.ufpr.br\/paginas\/luiz-ramos\/wp-json\/wp\/v2\/pages"}],"about":[{"href":"http:\/\/www.quimica.ufpr.br\/paginas\/luiz-ramos\/wp-json\/wp\/v2\/types\/page"}],"author":[{"embeddable":true,"href":"http:\/\/www.quimica.ufpr.br\/paginas\/luiz-ramos\/wp-json\/wp\/v2\/users\/21"}],"replies":[{"embeddable":true,"href":"http:\/\/www.quimica.ufpr.br\/paginas\/luiz-ramos\/wp-json\/wp\/v2\/comments?post=9"}],"version-history":[{"count":26,"href":"http:\/\/www.quimica.ufpr.br\/paginas\/luiz-ramos\/wp-json\/wp\/v2\/pages\/9\/revisions"}],"predecessor-version":[{"id":1228,"href":"http:\/\/www.quimica.ufpr.br\/paginas\/luiz-ramos\/wp-json\/wp\/v2\/pages\/9\/revisions\/1228"}],"wp:attachment":[{"href":"http:\/\/www.quimica.ufpr.br\/paginas\/luiz-ramos\/wp-json\/wp\/v2\/media?parent=9"}],"curies":[{"name":"wp","href":"https:\/\/api.w.org\/{rel}","templated":true}]}}