{"id":1133,"date":"2024-01-08T18:19:40","date_gmt":"2024-01-08T21:19:40","guid":{"rendered":"http:\/\/www.quimica.ufpr.br\/paginas\/luiz-ramos\/?page_id=1133"},"modified":"2025-08-25T20:54:35","modified_gmt":"2025-08-25T23:54:35","slug":"perfil-2","status":"publish","type":"page","link":"http:\/\/www.quimica.ufpr.br\/paginas\/luiz-ramos\/","title":{"rendered":"Perfil"},"content":{"rendered":"<div id=\"pl-1133\"  class=\"panel-layout\" ><div id=\"pg-1133-0\"  class=\"panel-grid panel-no-style\" ><div id=\"pgc-1133-0-0\"  class=\"panel-grid-cell\" ><div id=\"panel-1133-0-0-0\" class=\"so-panel widget widget_sow-image panel-first-child panel-last-child\" data-index=\"0\" ><div\n\t\t\t\n\t\t\tclass=\"so-widget-sow-image so-widget-sow-image-default-113ccd71f3e6-1133\"\n\t\t\t\n\t\t>\n<div class=\"sow-image-container\">\n\t\t<img \n\tsrc=\"http:\/\/www.quimica.ufpr.br\/paginas\/luiz-ramos\/wp-content\/uploads\/sites\/20\/2022\/12\/ae3cdcf1-0fef-4f12-917a-4de87f4b82f7-272x182.jpeg\" width=\"272\" height=\"182\" sizes=\"(max-width: 272px) 100vw, 272px\" alt=\"\" \t\tclass=\"so-widget-image\"\/>\n\t<\/div>\n\n<h3 class=\"widget-title\"><\/h3><\/div><\/div><\/div><div id=\"pgc-1133-0-1\"  class=\"panel-grid-cell\" ><div id=\"panel-1133-0-1-0\" class=\"so-panel widget widget_sow-editor panel-first-child panel-last-child\" data-index=\"1\" ><div class=\"panel-widget-style panel-widget-style-for-1133-0-1-0\" ><div\n\t\t\t\n\t\t\tclass=\"so-widget-sow-editor so-widget-sow-editor-base\"\n\t\t\t\n\t\t><h3 class=\"widget-title\">Consultor em projetos de biocombust\u00edveis e biorrefinarias<\/h3>\n<div class=\"siteorigin-widget-tinymce textwidget\">\n\t<p>Professor S\u00eanior dos Cursos de P\u00f3s-Gradua\u00e7\u00e3o em Qu\u00edmica e Engenharia Qu\u00edmica da Universidade Federal do Paran\u00e1 (UFPR, Curitiba, Brasil) desde outubro de 2019, aposentou-se como Professor Titular de Anal\u00edtica Org\u00e2nica do Departamento de Qu\u00edmica da UFPR ap\u00f3s 35 anos lecionando cromatografia, espectrometria e qu\u00edmica de recursos renov\u00e1veis. Com B.Sc. em Qu\u00edmica pela Universidade Cat\u00f3lica do Paran\u00e1, M.Sc. em Ci\u00eancias \u2013 Bioqu\u00edmica pela UFPR e Ph.D. pelo Instituto de Biologia Ottawa-Carleton da Universidade de Ottawa (Canad\u00e1), \u00e9 o l\u00edder de v\u00e1rios projetos e atividades de pesquisa nas \u00e1reas de recursos renov\u00e1veis, biorrefinarias de base biol\u00f3gica e biocombust\u00edveis sustent\u00e1veis como etanol celul\u00f3sico, hidrog\u00eanio, bioquerosene de avia\u00e7\u00e3o e diesel verde, com fator H de 48 no ResearchGate para um total de 8.309 cita\u00e7\u00f5es bibliogr\u00e1ficas em 08\/01\/2024. Ex-editor associado da revista ACS Energy &amp; Fuels (2012-2022) e consultor ad-hoc de diversas empresas, peri\u00f3dicos internacionais e ag\u00eancias de fomento nacionais e internacionais. Membro do Conselho Editorial dos peri\u00f3dicos <em>BioResources<\/em> (Raleigh), <em>Processes<\/em> (MDPI) e <em>Frontiers in Bioengineering and Biotechnology<\/em>. Facilitador do Novo Arranjo de Pesquisa e Inova\u00e7\u00e3o em Hidrocarbonetos Renov\u00e1veis (NAPI-HCR) da Funda\u00e7\u00e3o Arauc\u00e1ria e consultor treinado pela GIZ (Deutsche Gesellschaft f\u00fcr Internationale Zusammenarbeit GmbH, Alemanha) em projetos relacionados ao desenvolvimento e dissemina\u00e7\u00e3o de tecnologias PtX para produ\u00e7\u00e3o de hidrog\u00eanio e combust\u00edveis sint\u00e9ticos a partir de carbono biog\u00eanico e energia renov\u00e1vel. Nos \u00faltimos 4 anos, foi citado pela Universidade de Stanford como um dos 100.000 pesquisadores mais influentes do mundo (top 2%), com base no total de cita\u00e7\u00f5es do ano anterior e em toda a sua trajet\u00f3ria profissional.<\/p>\n<\/div>\n<\/div><\/div><\/div><\/div><\/div><div id=\"pg-1133-1\"  class=\"panel-grid panel-no-style\" ><div id=\"pgc-1133-1-0\"  class=\"panel-grid-cell\" ><div id=\"panel-1133-1-0-0\" class=\"so-panel widget widget_sow-image panel-first-child panel-last-child\" data-index=\"2\" ><div\n\t\t\t\n\t\t\tclass=\"so-widget-sow-image so-widget-sow-image-default-8b5b6f678277-1133\"\n\t\t\t\n\t\t>\n<div class=\"sow-image-container\">\n\t\t\t<a href=\"http:\/\/lattes.cnpq.br\/0721743417678801\"\n\t\t\ttarget=\"_blank\" rel=\"noopener noreferrer\" \t\t>\n\t\t\t<img \n\tsrc=\"http:\/\/www.quimica.ufpr.br\/paginas\/luiz-ramos\/wp-content\/uploads\/sites\/20\/2024\/01\/l-lattes.png\" width=\"243\" height=\"120\" sizes=\"(max-width: 243px) 100vw, 243px\" alt=\"\" \t\tclass=\"so-widget-image\"\/>\n\t\t\t<\/a><\/div>\n\n<\/div><\/div><\/div><div id=\"pgc-1133-1-1\"  class=\"panel-grid-cell\" ><div id=\"panel-1133-1-1-0\" class=\"so-panel widget widget_sow-image panel-first-child panel-last-child\" data-index=\"3\" ><div\n\t\t\t\n\t\t\tclass=\"so-widget-sow-image so-widget-sow-image-default-dbf295114b96-1133\"\n\t\t\t\n\t\t>\n<div class=\"sow-image-container\">\n\t\t\t<a href=\"https:\/\/www.researchgate.net\/profile\/Luiz-Pereira-Ramos-2\"\n\t\t\ttarget=\"_blank\" rel=\"noopener noreferrer\" \t\t>\n\t\t\t<img \n\tsrc=\"http:\/\/www.quimica.ufpr.br\/paginas\/luiz-ramos\/wp-content\/uploads\/sites\/20\/2024\/01\/l-researchgate-272x120.png\" width=\"272\" height=\"120\" sizes=\"(max-width: 272px) 100vw, 272px\" alt=\"\" \t\tclass=\"so-widget-image\"\/>\n\t\t\t<\/a><\/div>\n\n<\/div><\/div><\/div><div id=\"pgc-1133-1-2\"  class=\"panel-grid-cell\" ><div id=\"panel-1133-1-2-0\" class=\"so-panel widget widget_sow-image panel-first-child panel-last-child\" data-index=\"4\" ><div\n\t\t\t\n\t\t\tclass=\"so-widget-sow-image so-widget-sow-image-default-8b5b6f678277-1133\"\n\t\t\t\n\t\t>\n<div class=\"sow-image-container\">\n\t\t\t<a href=\"https:\/\/www.linkedin.com\/in\/luiz-ramos-37724046\"\n\t\t\ttarget=\"_blank\" rel=\"noopener noreferrer\" \t\t>\n\t\t\t<img \n\tsrc=\"http:\/\/www.quimica.ufpr.br\/paginas\/luiz-ramos\/wp-content\/uploads\/sites\/20\/2024\/01\/l-linkedin-436x120.png\" width=\"436\" height=\"120\" sizes=\"(max-width: 436px) 100vw, 436px\" alt=\"\" \t\tclass=\"so-widget-image\"\/>\n\t\t\t<\/a><\/div>\n\n<\/div><\/div><\/div><div id=\"pgc-1133-1-3\"  class=\"panel-grid-cell\" ><div id=\"panel-1133-1-3-0\" class=\"so-panel widget widget_sow-image panel-first-child panel-last-child\" data-index=\"5\" ><div\n\t\t\t\n\t\t\tclass=\"so-widget-sow-image so-widget-sow-image-default-8b5b6f678277-1133\"\n\t\t\t\n\t\t>\n<div class=\"sow-image-container\">\n\t\t\t<a href=\"https:\/\/www.scopus.com\/redirect.uri?url=https:\/\/orcid.org\/0000-0002-4349-4990&#038;authorId=7202180586&#038;origin=AuthorProfile&#038;orcId=0000-0002-4349-4990&#038;category=orcidLink\"\n\t\t\ttarget=\"_blank\" rel=\"noopener noreferrer\" \t\t>\n\t\t\t<img \n\tsrc=\"http:\/\/www.quimica.ufpr.br\/paginas\/luiz-ramos\/wp-content\/uploads\/sites\/20\/2024\/01\/l-orcid-272x120.png\" width=\"272\" height=\"120\" sizes=\"(max-width: 272px) 100vw, 272px\" alt=\"\" \t\tclass=\"so-widget-image\"\/>\n\t\t\t<\/a><\/div>\n\n<\/div><\/div><\/div><div id=\"pgc-1133-1-4\"  class=\"panel-grid-cell\" ><div id=\"panel-1133-1-4-0\" class=\"so-panel widget widget_sow-image panel-first-child panel-last-child\" data-index=\"6\" ><div\n\t\t\t\n\t\t\tclass=\"so-widget-sow-image so-widget-sow-image-default-8b5b6f678277-1133\"\n\t\t\t\n\t\t>\n<div class=\"sow-image-container\">\n\t\t\t<a href=\"https:\/\/www.scopus.com\/authid\/detail.uri?authorId=7202180586\"\n\t\t\t\t\t>\n\t\t\t<img \n\tsrc=\"http:\/\/www.quimica.ufpr.br\/paginas\/luiz-ramos\/wp-content\/uploads\/sites\/20\/2024\/01\/scopus-logo-272x134.png\" width=\"272\" height=\"134\" sizes=\"(max-width: 272px) 100vw, 272px\" alt=\"\" \t\tclass=\"so-widget-image\"\/>\n\t\t\t<\/a><\/div>\n\n<\/div><\/div><\/div><div id=\"pgc-1133-1-5\"  class=\"panel-grid-cell panel-grid-cell-empty\" ><\/div><div id=\"pgc-1133-1-6\"  class=\"panel-grid-cell\" ><div id=\"panel-1133-1-6-0\" class=\"so-panel widget widget_sow-image panel-first-child panel-last-child\" data-index=\"7\" ><div\n\t\t\t\n\t\t\tclass=\"so-widget-sow-image so-widget-sow-image-default-8b5b6f678277-1133\"\n\t\t\t\n\t\t>\n<div class=\"sow-image-container\">\n\t\t<img \n\tsrc=\"http:\/\/www.quimica.ufpr.br\/paginas\/luiz-ramos\/wp-content\/uploads\/sites\/20\/2024\/01\/UFPR-logo-F52F55C42F-seeklogo.com_.png\" width=\"300\" height=\"195\" sizes=\"(max-width: 300px) 100vw, 300px\" title=\"UFPR-logo-F52F55C42F-seeklogo.com\" alt=\"\" \t\tclass=\"so-widget-image\"\/>\n\t<\/div>\n\n<\/div><\/div><\/div><\/div><div id=\"pg-1133-2\"  class=\"panel-grid panel-no-style\" ><div id=\"pgc-1133-2-0\"  class=\"panel-grid-cell\" ><div id=\"panel-1133-2-0-0\" class=\"so-panel widget widget_sow-image panel-first-child\" data-index=\"8\" ><div\n\t\t\t\n\t\t\tclass=\"so-widget-sow-image so-widget-sow-image-default-8b5b6f678277-1133\"\n\t\t\t\n\t\t>\n<div class=\"sow-image-container\">\n\t\t\t<a href=\"https:\/\/www.adscientificindex.com\/scientist\/luiz-pereira-ramos\/827302\"\n\t\t\ttarget=\"_blank\" rel=\"noopener noreferrer\" \t\t>\n\t\t\t<img \n\tsrc=\"http:\/\/www.quimica.ufpr.br\/paginas\/luiz-ramos\/wp-content\/uploads\/sites\/20\/2024\/01\/scientific-index-lpr-2024-436x272.png\" width=\"436\" height=\"272\" sizes=\"(max-width: 436px) 100vw, 436px\" alt=\"\" \t\tclass=\"so-widget-image\"\/>\n\t\t\t<\/a><\/div>\n\n<\/div><\/div><div id=\"panel-1133-2-0-1\" class=\"so-panel widget widget_sow-editor panel-last-child\" data-index=\"9\" ><div\n\t\t\t\n\t\t\tclass=\"so-widget-sow-editor so-widget-sow-editor-base\"\n\t\t\t\n\t\t>\n<div class=\"siteorigin-widget-tinymce textwidget\">\n\t<\/div>\n<\/div><\/div><\/div><div id=\"pgc-1133-2-1\"  class=\"panel-grid-cell\" ><div id=\"panel-1133-2-1-0\" class=\"so-panel widget widget_media_image panel-first-child\" data-index=\"10\" ><img loading=\"lazy\" decoding=\"async\" width=\"300\" height=\"249\" src=\"http:\/\/www.quimica.ufpr.br\/paginas\/luiz-ramos\/wp-content\/uploads\/sites\/20\/2024\/01\/Scheme-300x249.png\" class=\"image wp-image-1025  attachment-medium size-medium\" alt=\"\" style=\"max-width: 100%; height: auto;\" srcset=\"https:\/\/www.quimica.ufpr.br\/paginas\/luiz-ramos\/wp-content\/uploads\/sites\/20\/2024\/01\/Scheme-300x249.png 300w, https:\/\/www.quimica.ufpr.br\/paginas\/luiz-ramos\/wp-content\/uploads\/sites\/20\/2024\/01\/Scheme-1024x849.png 1024w, https:\/\/www.quimica.ufpr.br\/paginas\/luiz-ramos\/wp-content\/uploads\/sites\/20\/2024\/01\/Scheme-768x637.png 768w, https:\/\/www.quimica.ufpr.br\/paginas\/luiz-ramos\/wp-content\/uploads\/sites\/20\/2024\/01\/Scheme-1536x1274.png 1536w, https:\/\/www.quimica.ufpr.br\/paginas\/luiz-ramos\/wp-content\/uploads\/sites\/20\/2024\/01\/Scheme-2048x1699.png 2048w\" sizes=\"auto, (max-width: 300px) 100vw, 300px\" \/><\/div><div id=\"panel-1133-2-1-1\" class=\"so-panel widget widget_metaslider_widget panel-last-child\" data-index=\"11\" ><div id=\"metaslider-id-379\" style=\"max-width: 1000px; margin: 0 auto;\" class=\"ml-slider-3-107-0 metaslider metaslider-flex metaslider-379 ml-slider ms-theme-default nav-hidden\" role=\"region\" aria-label=\"Entrada\" data-height=\"600\" data-width=\"1000\">\n    <div id=\"metaslider_container_379\">\n        <div id=\"metaslider_379\">\n            <ul class='slides'>\n                <li style=\"display: block; width: 100%;\" class=\"slide-380 ms-image \" aria-roledescription=\"slide\" data-date=\"2016-12-14 16:57:49\" data-filename=\"DSC08839-1000x600.jpg\" data-slide-type=\"image\"><img loading=\"lazy\" decoding=\"async\" src=\"http:\/\/www.quimica.ufpr.br\/paginas\/luiz-ramos\/wp-content\/uploads\/sites\/20\/2016\/12\/DSC08839-1000x600.jpg\" height=\"600\" width=\"1000\" alt=\"\" class=\"slider-379 slide-380 msDefaultImage\" \/><\/li>\n                <li style=\"display: none; width: 100%;\" class=\"slide-381 ms-image \" aria-roledescription=\"slide\" data-date=\"2016-12-14 16:58:58\" data-filename=\"^4197CDAA6930D8E762251B2BFE40509FDF6C828369B9942B19^pimgpsh_fullsize_distr-970x582.png\" data-slide-type=\"image\"><img loading=\"lazy\" decoding=\"async\" src=\"http:\/\/www.quimica.ufpr.br\/paginas\/luiz-ramos\/wp-content\/uploads\/sites\/20\/2016\/12\/^4197CDAA6930D8E762251B2BFE40509FDF6C828369B9942B19^pimgpsh_fullsize_distr-970x582.png\" height=\"600\" width=\"1000\" alt=\"\" class=\"slider-379 slide-381 msDefaultImage\" \/><\/li>\n                <li style=\"display: none; width: 100%;\" class=\"slide-382 ms-image \" aria-roledescription=\"slide\" data-date=\"2016-12-14 16:59:01\" data-filename=\"DSC06879-1000x600.jpg\" data-slide-type=\"image\"><img loading=\"lazy\" decoding=\"async\" src=\"http:\/\/www.quimica.ufpr.br\/paginas\/luiz-ramos\/wp-content\/uploads\/sites\/20\/2016\/12\/DSC06879-1000x600.jpg\" height=\"600\" width=\"1000\" alt=\"\" class=\"slider-379 slide-382 msDefaultImage\" \/><\/li>\n                <li style=\"display: none; width: 100%;\" class=\"slide-383 ms-image \" aria-roledescription=\"slide\" data-date=\"2016-12-14 16:59:02\" data-filename=\"DSC06882-1000x600.jpg\" data-slide-type=\"image\"><img loading=\"lazy\" decoding=\"async\" src=\"http:\/\/www.quimica.ufpr.br\/paginas\/luiz-ramos\/wp-content\/uploads\/sites\/20\/2016\/12\/DSC06882-1000x600.jpg\" height=\"600\" width=\"1000\" alt=\"\" class=\"slider-379 slide-383 msDefaultImage\" \/><\/li>\n                <li style=\"display: none; width: 100%;\" class=\"slide-384 ms-image \" aria-roledescription=\"slide\" data-date=\"2016-12-14 16:59:03\" data-filename=\"N435-201x121.png\" data-slide-type=\"image\"><img loading=\"lazy\" decoding=\"async\" src=\"http:\/\/www.quimica.ufpr.br\/paginas\/luiz-ramos\/wp-content\/uploads\/sites\/20\/2016\/12\/N435-201x121.png\" height=\"600\" width=\"1000\" alt=\"\" class=\"slider-379 slide-384 msDefaultImage\" \/><\/li>\n                <li style=\"display: none; width: 100%;\" class=\"slide-842 ms-image \" aria-roledescription=\"slide\" data-date=\"2022-12-20 16:43:18\" data-filename=\"Slide39-960x576.png\" data-slide-type=\"image\"><img loading=\"lazy\" decoding=\"async\" src=\"http:\/\/www.quimica.ufpr.br\/paginas\/luiz-ramos\/wp-content\/uploads\/sites\/20\/2016\/12\/Slide39-960x576.png\" height=\"600\" width=\"1000\" alt=\"\" class=\"slider-379 slide-842 msDefaultImage\" title=\"Slide39\" \/><\/li>\n                <li style=\"display: none; width: 100%;\" class=\"slide-843 ms-image \" aria-roledescription=\"slide\" data-date=\"2022-12-20 16:43:30\" data-filename=\"Slide40-960x576.png\" data-slide-type=\"image\"><img loading=\"lazy\" decoding=\"async\" src=\"http:\/\/www.quimica.ufpr.br\/paginas\/luiz-ramos\/wp-content\/uploads\/sites\/20\/2016\/12\/Slide40-960x576.png\" height=\"600\" width=\"1000\" alt=\"\" class=\"slider-379 slide-843 msDefaultImage\" title=\"Slide40\" \/><\/li>\n            <\/ul>\n        <\/div>\n        \n    <\/div>\n<\/div><\/div><\/div><\/div><\/div>","protected":false},"excerpt":{"rendered":"<p>Professor S\u00eanior dos Cursos de P\u00f3s-Gradua\u00e7\u00e3o em Qu\u00edmica e Engenharia Qu\u00edmica da Universidade Federal do Paran\u00e1 (UFPR, Curitiba, Brasil) desde outubro de 2019, aposentou-se como Professor Titular de Anal\u00edtica Org\u00e2nica do Departamento de Qu\u00edmica da UFPR ap\u00f3s 35 anos lecionando cromatografia, espectrometria e qu\u00edmica de recursos renov\u00e1veis. Com B.Sc. em Qu\u00edmica pela Universidade Cat\u00f3lica do [&hellip;]<\/p>\n","protected":false},"author":1,"featured_media":0,"parent":0,"menu_order":0,"comment_status":"closed","ping_status":"closed","template":"home-panels.php","meta":{"footnotes":""},"class_list":["post-1133","page","type-page","status-publish","hentry","post"],"_links":{"self":[{"href":"http:\/\/www.quimica.ufpr.br\/paginas\/luiz-ramos\/wp-json\/wp\/v2\/pages\/1133","targetHints":{"allow":["GET"]}}],"collection":[{"href":"http:\/\/www.quimica.ufpr.br\/paginas\/luiz-ramos\/wp-json\/wp\/v2\/pages"}],"about":[{"href":"http:\/\/www.quimica.ufpr.br\/paginas\/luiz-ramos\/wp-json\/wp\/v2\/types\/page"}],"author":[{"embeddable":true,"href":"http:\/\/www.quimica.ufpr.br\/paginas\/luiz-ramos\/wp-json\/wp\/v2\/users\/1"}],"replies":[{"embeddable":true,"href":"http:\/\/www.quimica.ufpr.br\/paginas\/luiz-ramos\/wp-json\/wp\/v2\/comments?post=1133"}],"version-history":[{"count":25,"href":"http:\/\/www.quimica.ufpr.br\/paginas\/luiz-ramos\/wp-json\/wp\/v2\/pages\/1133\/revisions"}],"predecessor-version":[{"id":1245,"href":"http:\/\/www.quimica.ufpr.br\/paginas\/luiz-ramos\/wp-json\/wp\/v2\/pages\/1133\/revisions\/1245"}],"wp:attachment":[{"href":"http:\/\/www.quimica.ufpr.br\/paginas\/luiz-ramos\/wp-json\/wp\/v2\/media?parent=1133"}],"curies":[{"name":"wp","href":"https:\/\/api.w.org\/{rel}","templated":true}]}}