{"id":199,"date":"2020-04-01T10:30:45","date_gmt":"2020-04-01T13:30:45","guid":{"rendered":"http:\/\/www.quimica.ufpr.br\/paginas\/blogdequimica\/?page_id=2"},"modified":"2020-06-09T15:34:34","modified_gmt":"2020-06-09T18:34:34","slug":"pagina-exemplo-2","status":"publish","type":"page","link":"http:\/\/www.quimica.ufpr.br\/paginas\/lpq\/pagina-exemplo-2\/","title":{"rendered":"Ligados pela Qu\u00edmica"},"content":{"rendered":"<p>&nbsp;<\/p>\n<p><img loading=\"lazy\" decoding=\"async\" class=\"alignnone wp-image-193 aligncenter\" src=\"http:\/\/www.quimica.ufpr.br\/paginas\/lpq\/wp-content\/uploads\/sites\/47\/2020\/04\/LPQ-1024x683.jpg\" alt=\"\" width=\"537\" height=\"358\" srcset=\"https:\/\/www.quimica.ufpr.br\/paginas\/lpq\/wp-content\/uploads\/sites\/47\/2020\/04\/LPQ-1024x683.jpg 1024w, https:\/\/www.quimica.ufpr.br\/paginas\/lpq\/wp-content\/uploads\/sites\/47\/2020\/04\/LPQ-300x200.jpg 300w, https:\/\/www.quimica.ufpr.br\/paginas\/lpq\/wp-content\/uploads\/sites\/47\/2020\/04\/LPQ-768x512.jpg 768w, https:\/\/www.quimica.ufpr.br\/paginas\/lpq\/wp-content\/uploads\/sites\/47\/2020\/04\/LPQ-1200x800.jpg 1200w, https:\/\/www.quimica.ufpr.br\/paginas\/lpq\/wp-content\/uploads\/sites\/47\/2020\/04\/LPQ-272x182.jpg 272w, https:\/\/www.quimica.ufpr.br\/paginas\/lpq\/wp-content\/uploads\/sites\/47\/2020\/04\/LPQ.jpg 1299w\" sizes=\"auto, (max-width: 537px) 100vw, 537px\" \/><\/p>\n<p style=\"text-align: center\">Foto: <a href=\"https:\/\/www.rawpixel.com\/\">https:\/\/www.rawpixel.com\/<\/a> (adaptada)<\/p>\n<p>Este blog, \u201c<strong>Ligados pela Qu\u00edmica<\/strong>\u201d (LPQ), surgiu para promover a comunica\u00e7\u00e3o, de forma t\u00e3o clara e pr\u00f3xima quanto poss\u00edvel, com pessoas que t\u00eam interesse na Qu\u00edmica do nosso dia a dia. Somos professores da Universidade Federal do Paran\u00e1 e pretendemos publicar aqui artigos sobre atualidades, d\u00favidas e temas que precisem da Qu\u00edmica para ser entendidos e apreciados. Temos tamb\u00e9m a inten\u00e7\u00e3o de convidar novos autores entre estudantes, qu\u00edmicos e profissionais de outras \u00e1reas, para expandir o alcance dos nossos textos e deixar claro que a Ci\u00eancia \u00e9 (mesmo!) uma s\u00f3, com especificidades que se complementam.<\/p>\n<p>Escrevemos para voc\u00ea, sem focar em \u00e1rea de atua\u00e7\u00e3o, experi\u00eancia ou idade, que:<\/p>\n<p>(a) gosta de Qu\u00edmica;<\/p>\n<p>(b) queira gostar;<\/p>\n<p>(c) precisa entender aquela informa\u00e7\u00e3o t\u00e9cnica que parece intrincada, mas n\u00e3o \u00e9.<\/p>\n<p>Na verdade, todas as alternativas acima podem ser verdadeiras; quanto mais intera\u00e7\u00e3o, melhor. Com certeza, perguntas e respostas vindas de voc\u00eas ser\u00e3o muito bem-vindas, assim como sugest\u00f5es de temas e de experimentos.<\/p>\n<p>A Qu\u00edmica \u00e9 uma ci\u00eancia exata fortemente relacionada com experimenta\u00e7\u00e3o; por isso de vez em quando ilustraremos nossas ideias com v\u00eddeos ou fotos feitos em laborat\u00f3rios. Por ser Ci\u00eancia, a Qu\u00edmica \u00e9 din\u00e2mica, inteligente e criativa, e suas explica\u00e7\u00f5es resultam de debates, muitas vezes hist\u00f3ricos, sobre teorias que nem sempre partem dos mesmos princ\u00edpios, e que s\u00e3o exaustivamente testadas at\u00e9 que se chegue a uma conclus\u00e3o. Desta constru\u00e7\u00e3o coletiva da Ci\u00eancia, especialmente na interface da Qu\u00edmica, F\u00edsica e Biologia, participaram pessoas de destaque como Lavoisier, Dalton, Avogadro, Rutherford, Bohr, Planck, Einstein, Schr\u00f6dinger, Grignard, Werner, Pauling, Watson-Crick, Curie, Hodgkin, Fischer, Haber&#8230;, e tamb\u00e9m brasileiros(as) como Yvonne Mascarenhas, Vital Brasil, Oswaldo Cruz, Johanna D\u00f6bereiner, C\u00e9sar Lattes, Carlos Chagas, Blanka Wladislaw, Adolpho Lutz, \u00c1lvaro Alberto e tantos outros. Conhece a hist\u00f3ria da vida destas pessoas? \u00c9 uma sucess\u00e3o de surpresas em que genialidade e humanidade se misturam intimamente.<\/p>\n<p>T\u00e3o interessante como esta viagem no tempo \u00e9 a percep\u00e7\u00e3o de que a hist\u00f3ria da Ci\u00eancia continua sendo constru\u00edda, diariamente, nos nossos laborat\u00f3rios no Brasil e no mundo. Em consequ\u00eancia disso, a Qu\u00edmica \u00e9 sempre viva, jovem e desafiadora. \u00c9 muito legal ser parte desse processo!<\/p>\n<p>\u00c9 esta aventura da constru\u00e7\u00e3o do conhecimento que queremos que voc\u00ea, leitor(a), compartilhe conosco. Seja muito bem-vindo(a) a este blog; venha conversar.<\/p>\n<p><strong>Ligue-se \u00e0 Qu\u00edmica tamb\u00e9m!<\/strong><\/p>\n<p><img loading=\"lazy\" decoding=\"async\" class=\"size-medium wp-image-270 aligncenter\" src=\"http:\/\/www.quimica.ufpr.br\/paginas\/lpq\/wp-content\/uploads\/sites\/47\/2020\/06\/JaisaRosa-300x263.jpg\" alt=\"\" width=\"300\" height=\"263\" srcset=\"https:\/\/www.quimica.ufpr.br\/paginas\/lpq\/wp-content\/uploads\/sites\/47\/2020\/06\/JaisaRosa-300x263.jpg 300w, https:\/\/www.quimica.ufpr.br\/paginas\/lpq\/wp-content\/uploads\/sites\/47\/2020\/06\/JaisaRosa.jpg 709w\" sizes=\"auto, (max-width: 300px) 100vw, 300px\" \/><\/p>\n","protected":false},"excerpt":{"rendered":"<p>&nbsp; Foto: https:\/\/www.rawpixel.com\/ (adaptada) Este blog, \u201cLigados pela Qu\u00edmica\u201d (LPQ), surgiu para promover a comunica\u00e7\u00e3o, de forma t\u00e3o clara e pr\u00f3xima quanto poss\u00edvel, com pessoas que t\u00eam interesse na Qu\u00edmica do nosso dia a dia. Somos professores da Universidade Federal do Paran\u00e1 e pretendemos publicar aqui artigos sobre atualidades, d\u00favidas e temas que precisem da [&hellip;]<\/p>\n","protected":false},"author":2,"featured_media":0,"parent":0,"menu_order":0,"comment_status":"closed","ping_status":"closed","template":"","meta":{"footnotes":""},"class_list":["post-199","page","type-page","status-publish","hentry","post"],"_links":{"self":[{"href":"http:\/\/www.quimica.ufpr.br\/paginas\/lpq\/wp-json\/wp\/v2\/pages\/199","targetHints":{"allow":["GET"]}}],"collection":[{"href":"http:\/\/www.quimica.ufpr.br\/paginas\/lpq\/wp-json\/wp\/v2\/pages"}],"about":[{"href":"http:\/\/www.quimica.ufpr.br\/paginas\/lpq\/wp-json\/wp\/v2\/types\/page"}],"author":[{"embeddable":true,"href":"http:\/\/www.quimica.ufpr.br\/paginas\/lpq\/wp-json\/wp\/v2\/users\/2"}],"replies":[{"embeddable":true,"href":"http:\/\/www.quimica.ufpr.br\/paginas\/lpq\/wp-json\/wp\/v2\/comments?post=199"}],"version-history":[{"count":3,"href":"http:\/\/www.quimica.ufpr.br\/paginas\/lpq\/wp-json\/wp\/v2\/pages\/199\/revisions"}],"predecessor-version":[{"id":271,"href":"http:\/\/www.quimica.ufpr.br\/paginas\/lpq\/wp-json\/wp\/v2\/pages\/199\/revisions\/271"}],"wp:attachment":[{"href":"http:\/\/www.quimica.ufpr.br\/paginas\/lpq\/wp-json\/wp\/v2\/media?parent=199"}],"curies":[{"name":"wp","href":"https:\/\/api.w.org\/{rel}","templated":true}]}}

Ligados pela Química

<p>&nbsp;</p>
<p><img loading="lazy" decoding="async" class="alignnone wp-image-193 aligncenter" src="http://www.quimica.ufpr.br/paginas/lpq/wp-content/uploads/sites/47/2020/04/LPQ-1024x683.jpg" alt="" width="537" height="358" srcset="https://www.quimica.ufpr.br/paginas/lpq/wp-content/uploads/sites/47/2020/04/LPQ-1024x683.jpg 1024w, https://www.quimica.ufpr.br/paginas/lpq/wp-content/uploads/sites/47/2020/04/LPQ-300x200.jpg 300w, https://www.quimica.ufpr.br/paginas/lpq/wp-content/uploads/sites/47/2020/04/LPQ-768x512.jpg 768w, https://www.quimica.ufpr.br/paginas/lpq/wp-content/uploads/sites/47/2020/04/LPQ-1200x800.jpg 1200w, https://www.quimica.ufpr.br/paginas/lpq/wp-content/uploads/sites/47/2020/04/LPQ-272x182.jpg 272w, https://www.quimica.ufpr.br/paginas/lpq/wp-content/uploads/sites/47/2020/04/LPQ.jpg 1299w" sizes="auto, (max-width: 537px) 100vw, 537px" /></p>
<p style="text-align: center">Foto: <a href="https://www.rawpixel.com/">https://www.rawpixel.com/</a> (adaptada)</p>
<p>Este blog, “<strong>Ligados pela Química</strong>” (LPQ), surgiu para promover a comunicação, de forma tão clara e próxima quanto possível, com pessoas que têm interesse na Química do nosso dia a dia. Somos professores da Universidade Federal do Paraná e pretendemos publicar aqui artigos sobre atualidades, dúvidas e temas que precisem da Química para ser entendidos e apreciados. Temos também a intenção de convidar novos autores entre estudantes, químicos e profissionais de outras áreas, para expandir o alcance dos nossos textos e deixar claro que a Ciência é (mesmo!) uma só, com especificidades que se complementam.</p>
<p>Escrevemos para você, sem focar em área de atuação, experiência ou idade, que:</p>
<p>(a) gosta de Química;</p>
<p>(b) queira gostar;</p>
<p>(c) precisa entender aquela informação técnica que parece intrincada, mas não é.</p>
<p>Na verdade, todas as alternativas acima podem ser verdadeiras; quanto mais interação, melhor. Com certeza, perguntas e respostas vindas de vocês serão muito bem-vindas, assim como sugestões de temas e de experimentos.</p>
<p>A Química é uma ciência exata fortemente relacionada com experimentação; por isso de vez em quando ilustraremos nossas ideias com vídeos ou fotos feitos em laboratórios. Por ser Ciência, a Química é dinâmica, inteligente e criativa, e suas explicações resultam de debates, muitas vezes históricos, sobre teorias que nem sempre partem dos mesmos princípios, e que são exaustivamente testadas até que se chegue a uma conclusão. Desta construção coletiva da Ciência, especialmente na interface da Química, Física e Biologia, participaram pessoas de destaque como Lavoisier, Dalton, Avogadro, Rutherford, Bohr, Planck, Einstein, Schrödinger, Grignard, Werner, Pauling, Watson-Crick, Curie, Hodgkin, Fischer, Haber&#8230;, e também brasileiros(as) como Yvonne Mascarenhas, Vital Brasil, Oswaldo Cruz, Johanna Döbereiner, César Lattes, Carlos Chagas, Blanka Wladislaw, Adolpho Lutz, Álvaro Alberto e tantos outros. Conhece a história da vida destas pessoas? É uma sucessão de surpresas em que genialidade e humanidade se misturam intimamente.</p>
<p>Tão interessante como esta viagem no tempo é a percepção de que a história da Ciência continua sendo construída, diariamente, nos nossos laboratórios no Brasil e no mundo. Em consequência disso, a Química é sempre viva, jovem e desafiadora. É muito legal ser parte desse processo!</p>
<p>É esta aventura da construção do conhecimento que queremos que você, leitor(a), compartilhe conosco. Seja muito bem-vindo(a) a este blog; venha conversar.</p>
<p><strong>Ligue-se à Química também!</strong></p>
<p><img loading="lazy" decoding="async" class="size-medium wp-image-270 aligncenter" src="http://www.quimica.ufpr.br/paginas/lpq/wp-content/uploads/sites/47/2020/06/JaisaRosa-300x263.jpg" alt="" width="300" height="263" srcset="https://www.quimica.ufpr.br/paginas/lpq/wp-content/uploads/sites/47/2020/06/JaisaRosa-300x263.jpg 300w, https://www.quimica.ufpr.br/paginas/lpq/wp-content/uploads/sites/47/2020/06/JaisaRosa.jpg 709w" sizes="auto, (max-width: 300px) 100vw, 300px" /></p>

<p>&nbsp; Foto: https://www.rawpixel.com/ (adaptada) Este blog, “Ligados pela Química” (LPQ), surgiu para promover a comunicação, de forma tão clara e próxima quanto possível, com pessoas que têm interesse na Química do nosso dia a dia. Somos professores da Universidade Federal do Paraná e pretendemos publicar aqui artigos sobre atualidades, dúvidas e temas que precisem da [&hellip;]</p>
