{"id":345,"date":"2020-04-09T13:14:23","date_gmt":"2020-04-09T16:14:23","guid":{"rendered":"http:\/\/www.quimica.ufpr.br\/paginas\/isomeria\/?page_id=345"},"modified":"2022-06-05T21:50:26","modified_gmt":"2022-06-06T00:50:26","slug":"processos-seletivos","status":"publish","type":"page","link":"http:\/\/www.quimica.ufpr.br\/paginas\/isomeria\/processos-seletivos\/","title":{"rendered":"Processo Seletivo"},"content":{"rendered":"<div id=\"pl-345\"  class=\"panel-layout\" ><div id=\"pg-345-0\"  class=\"panel-grid panel-has-style\" ><div class=\"siteorigin-panels-stretch panel-row-style panel-row-style-for-345-0\" data-stretch-type=\"full-stretched\" ><div id=\"pgc-345-0-0\"  class=\"panel-grid-cell\" ><div id=\"panel-345-0-0-0\" class=\"so-panel widget widget_sow-image panel-first-child panel-last-child\" data-index=\"0\" ><div\n\t\t\t\n\t\t\tclass=\"so-widget-sow-image so-widget-sow-image-default-dbf295114b96-345\"\n\t\t\t\n\t\t>\n<div class=\"sow-image-container\">\n\t\t<img \n\tsrc=\"http:\/\/www.quimica.ufpr.br\/paginas\/isomeria\/wp-content\/uploads\/sites\/40\/2022\/06\/Imagens-carrossel-site.png\" width=\"900\" height=\"300\" srcset=\"http:\/\/www.quimica.ufpr.br\/paginas\/isomeria\/wp-content\/uploads\/sites\/40\/2022\/06\/Imagens-carrossel-site.png 900w, http:\/\/www.quimica.ufpr.br\/paginas\/isomeria\/wp-content\/uploads\/sites\/40\/2022\/06\/Imagens-carrossel-site-300x100.png 300w, http:\/\/www.quimica.ufpr.br\/paginas\/isomeria\/wp-content\/uploads\/sites\/40\/2022\/06\/Imagens-carrossel-site-700x233.png 700w, http:\/\/www.quimica.ufpr.br\/paginas\/isomeria\/wp-content\/uploads\/sites\/40\/2022\/06\/Imagens-carrossel-site-768x256.png 768w\" sizes=\"(max-width: 900px) 100vw, 900px\" title=\"Imagens carrossel site\" alt=\"\" \t\tclass=\"so-widget-image\"\/>\n\t<\/div>\n\n<\/div><\/div><\/div><\/div><\/div><div id=\"pg-345-1\"  class=\"panel-grid panel-has-style\" ><div class=\"siteorigin-panels-stretch panel-row-style panel-row-style-for-345-1\" data-stretch-type=\"full-stretched\" ><div id=\"pgc-345-1-0\"  class=\"panel-grid-cell\" ><div id=\"panel-345-1-0-0\" class=\"so-panel widget widget_sow-headline panel-first-child panel-last-child\" data-index=\"1\" ><div class=\"panel-widget-style panel-widget-style-for-345-1-0-0\" ><div\n\t\t\t\n\t\t\tclass=\"so-widget-sow-headline so-widget-sow-headline-default-71e1e2cd5fdf-345\"\n\t\t\t\n\t\t><div class=\"sow-headline-container \">\n\t\t\t\t\t\t\t<h1 class=\"sow-headline\">\n\t\t\t\t\t\tEtapas do Processo Seletivo\t\t\t\t\t\t<\/h1>\n\t\t\t\t\t\t\t\t\t\t\t<div class=\"decoration\">\n\t\t\t\t\t\t<div class=\"decoration-inside\"><\/div>\n\t\t\t\t\t<\/div>\n\t\t\t\t\t<\/div>\n<\/div><\/div><\/div><\/div><\/div><\/div><div id=\"pg-345-2\"  class=\"panel-grid panel-has-style\" ><div class=\"siteorigin-panels-stretch panel-row-style panel-row-style-for-345-2\" data-stretch-type=\"full-stretched\" ><div id=\"pgc-345-2-0\"  class=\"panel-grid-cell\" ><div id=\"panel-345-2-0-0\" class=\"so-panel widget widget_sow-features panel-first-child panel-last-child\" data-index=\"2\" ><div\n\t\t\t\n\t\t\tclass=\"so-widget-sow-features so-widget-sow-features-default-db745ea9860e-345\"\n\t\t\t\n\t\t><ul\n\tclass=\"sow-features-list\n\tsow-features-responsive\">\n\n\t\t\t<li\n\t\t\tclass=\"sow-features-feature sow-icon-container-position-top\"\n\t\t\tstyle=\"display: flex; flex-direction: column; width: calc(25% - 25px);\"\n\t\t>\n\t\t\t\n\t\t\t\t\t\t<div\t\t\t\tclass=\"sow-icon-container sow-container-round\"\n\t\t\t\tstyle=\"color: #ffffff; \"\n\t\t\t\t\n\t\t\t\t\t\t\t>\n\t\t\t\t<span class=\"sow-icon-icomoon\" data-sow-icon=\"&#xe923;\"\n\t\tstyle=\"font-size: 60px; color: #000000\" \n\t\taria-hidden=\"true\"><\/span>\t\t\t<\/div>\n\n\t\t\t<div class=\"textwidget\">\n\t\t\t\t\n\t\t\t\t\t\t\t\t\t<h5 class=\"sow-features-feature-title\">\n\t\t\t\t\t\t1\u00aa Etapa: Inscri\u00e7\u00e3o\t\t\t\t\t<\/h5>\n\t\t\t\t\n\t\t\t\t\t\t\t\t\t<div class=\"sow-features-feature-text\">\n\t\t\t\t\t<p style=\"text-align: center\"><span style=\"font-weight: 400\">Esse \u00e9 o momento para mostrar quem voc\u00ea \u00e9! Consiste na etapa de envio das suas informa\u00e7\u00f5es b\u00e1sicas, hist\u00f3rico com IRA, grade hor\u00e1ria, bem como carta de apresenta\u00e7\u00e3o e um v\u00eddeo.<\/span><\/p>\n\t\t\t\t\t<\/div>\n\t\t\t\t\t\t\t\t<\/div>\n\t\t\t\t\t\t\t\t<\/li>\n\n\t\t\t<li\n\t\t\tclass=\"sow-features-feature sow-icon-container-position-top\"\n\t\t\tstyle=\"display: flex; flex-direction: column; width: calc(25% - 25px);\"\n\t\t>\n\t\t\t\n\t\t\t\t\t\t<div\t\t\t\tclass=\"sow-icon-container sow-container-round\"\n\t\t\t\tstyle=\"color: #ffffff; \"\n\t\t\t\t\n\t\t\t\t\t\t\t>\n\t\t\t\t<span class=\"sow-icon-icomoon\" data-sow-icon=\"&#xe970;\"\n\t\tstyle=\"font-size: 60px; color: #000000\" \n\t\taria-hidden=\"true\"><\/span>\t\t\t<\/div>\n\n\t\t\t<div class=\"textwidget\">\n\t\t\t\t\n\t\t\t\t\t\t\t\t\t<h5 class=\"sow-features-feature-title\">\n\t\t\t\t\t\t2\u00aa Etapa: Din\u00e2mica individual e em grupo\t\t\t\t\t<\/h5>\n\t\t\t\t\n\t\t\t\t\t\t\t\t\t<div class=\"sow-features-feature-text\">\n\t\t\t\t\t<p style=\"text-align: center\"><span style=\"font-weight: 400\">A ideia dessa etapa \u00e9 que a empresa compreenda como voc\u00ea reage \u00e0 din\u00e2micas individuais e em grupo, e diferentes situa\u00e7\u00f5es, e como age em situa\u00e7\u00f5es inesperadas! Hora de se expressar.<\/span><\/p>\n\t\t\t\t\t<\/div>\n\t\t\t\t\t\t\t\t<\/div>\n\t\t\t\t\t\t\t\t<\/li>\n\n\t\t\t<li\n\t\t\tclass=\"sow-features-feature sow-icon-container-position-top\"\n\t\t\tstyle=\"display: flex; flex-direction: column; width: calc(25% - 25px);\"\n\t\t>\n\t\t\t\n\t\t\t\t\t\t<div\t\t\t\tclass=\"sow-icon-container sow-container-round\"\n\t\t\t\tstyle=\"color: #ffffff; \"\n\t\t\t\t\n\t\t\t\t\t\t\t>\n\t\t\t\t<span class=\"sow-icon-icomoon\" data-sow-icon=\"&#xe972;\"\n\t\tstyle=\"font-size: 60px; color: #000000\" \n\t\taria-hidden=\"true\"><\/span>\t\t\t<\/div>\n\n\t\t\t<div class=\"textwidget\">\n\t\t\t\t\n\t\t\t\t\t\t\t\t\t<h5 class=\"sow-features-feature-title\">\n\t\t\t\t\t\t3\u00aa Etapa: Per\u00edodo Trainee \t\t\t\t\t<\/h5>\n\t\t\t\t\n\t\t\t\t\t\t\t\t\t<div class=\"sow-features-feature-text\">\n\t\t\t\t\t<p style=\"text-align: center\"><span style=\"font-weight: 400\">O per\u00edodo de viv\u00eancia na empresa come\u00e7a aqui! Nessa etapa voc\u00ea ir\u00e1 conhecer as diretorias da Isomeria e poder\u00e1 atuar no desenvolvimento dos projetos da empresa.<br \/>\n<\/span><\/p>\n\t\t\t\t\t<\/div>\n\t\t\t\t\t\t\t\t<\/div>\n\t\t\t\t\t\t\t\t<\/li>\n\n\t\t\t<li\n\t\t\tclass=\"sow-features-feature sow-icon-container-position-top\"\n\t\t\tstyle=\"display: flex; flex-direction: column; width: calc(25% - 25px);\"\n\t\t>\n\t\t\t\n\t\t\t\t\t\t<div\t\t\t\tclass=\"sow-icon-container sow-container-round\"\n\t\t\t\tstyle=\"color: #ffffff; \"\n\t\t\t\t\n\t\t\t\t\t\t\t>\n\t\t\t\t<span class=\"sow-icon-icomoon\" data-sow-icon=\"&#xe994;\"\n\t\tstyle=\"font-size: 60px; color: #000000\" \n\t\taria-hidden=\"true\"><\/span>\t\t\t<\/div>\n\n\t\t\t<div class=\"textwidget\">\n\t\t\t\t\n\t\t\t\t\t\t\t\t\t<h5 class=\"sow-features-feature-title\">\n\t\t\t\t\t\t4\u00aa Etapa: Entrevista individual\t\t\t\t\t<\/h5>\n\t\t\t\t\n\t\t\t\t\t\t\t\t\t<div class=\"sow-features-feature-text\">\n\t\t\t\t\t<p style=\"text-align: center\"><span style=\"font-weight: 400\">Em um curto per\u00edodo de tempo, a empresa e o candidato se conhecem! \u00c9 aqui que nos aprofundamos em cada pessoa, conhecemos seus pontos fortes e os que podem ser melhorados.<\/span><\/p>\n\t\t\t\t\t<\/div>\n\t\t\t\t\t\t\t\t<\/div>\n\t\t\t\t\t\t\t\t<\/li>\n\n\t<\/ul>\n<\/div><\/div><\/div><\/div><\/div><div id=\"pg-345-3\"  class=\"panel-grid panel-has-style\" ><div class=\"siteorigin-panels-stretch panel-row-style panel-row-style-for-345-3\" data-stretch-type=\"full-stretched\" ><div id=\"pgc-345-3-0\"  class=\"panel-grid-cell\" ><div id=\"panel-345-3-0-0\" class=\"so-panel widget widget_sow-headline panel-first-child\" data-index=\"3\" ><div class=\"panel-widget-style panel-widget-style-for-345-3-0-0\" ><div\n\t\t\t\n\t\t\tclass=\"so-widget-sow-headline so-widget-sow-headline-default-a852e61d568e-345\"\n\t\t\t\n\t\t><div class=\"sow-headline-container \">\n\t\t\t\t\t\t\t<h1 class=\"sow-headline\">\n\t\t\t\t\t\tDocumentos e datas importantes\t\t\t\t\t\t<\/h1>\n\t\t\t\t\t\t\t\t\t\t\t<div class=\"decoration\">\n\t\t\t\t\t\t<div class=\"decoration-inside\"><\/div>\n\t\t\t\t\t<\/div>\n\t\t\t\t\t<\/div>\n<\/div><\/div><\/div><div id=\"panel-345-3-0-1\" class=\"so-panel widget widget_sow-editor panel-last-child\" data-index=\"4\" ><div class=\"panel-widget-style panel-widget-style-for-345-3-0-1\" ><div\n\t\t\t\n\t\t\tclass=\"so-widget-sow-editor so-widget-sow-editor-base\"\n\t\t\t\n\t\t>\n<div class=\"siteorigin-widget-tinymce textwidget\">\n\t<p style=\"text-align: center\">\"<span style=\"font-weight: 400\">Confira as novidades e informa\u00e7\u00f5es importantes do Processo Seletivo por aqui. S\u00f3 clicar ao lado e ficar atualizado com o que est\u00e1 rolando no PS 2022.2!<\/span><\/p>\n<\/div>\n<\/div><\/div><\/div><\/div><div id=\"pgc-345-3-1\"  class=\"panel-grid-cell\" ><div id=\"panel-345-3-1-0\" class=\"so-panel widget widget_sow-button panel-first-child\" data-index=\"5\" ><div\n\t\t\t\n\t\t\tclass=\"so-widget-sow-button so-widget-sow-button-flat-be3717e1eef7-345\"\n\t\t\t\n\t\t><div class=\"ow-button-base ow-button-align-center\"\n>\n\t\t\t<a\n\t\t\t\t\thref=\"https:\/\/drive.google.com\/file\/d\/1j4SojywPSJ2oScNpZ7_Eev1DSPVoT--D\/view\"\n\t\t\t\t\tclass=\"sowb-button ow-icon-placement-left\" target=\"_blank\" rel=\"noopener noreferrer\" \t>\n\t\t<span>\n\t\t\t<span class=\"sow-icon-icomoon\" data-sow-icon=\"&#xe922;\"\n\t\tstyle=\"color: #000000\" \n\t\taria-hidden=\"true\"><\/span>\n\t\t\tEdital 2022.2\t\t<\/span>\n\t\t\t<\/a>\n\t<\/div>\n<\/div><\/div><div id=\"panel-345-3-1-1\" class=\"so-panel widget widget_sow-button panel-last-child\" data-index=\"6\" ><div\n\t\t\t\n\t\t\tclass=\"so-widget-sow-button so-widget-sow-button-flat-be3717e1eef7-345\"\n\t\t\t\n\t\t><div class=\"ow-button-base ow-button-align-center\"\n>\n\t\t\t<a\n\t\t\t\t\thref=\"https:\/\/app.pipefy.com\/public\/form\/8-OxPrrC\"\n\t\t\t\t\tclass=\"sowb-button ow-icon-placement-left ow-button-hover\" target=\"_blank\" rel=\"noopener noreferrer\" \t>\n\t\t<span>\n\t\t\t<span class=\"sow-icon-icomoon\" data-sow-icon=\"&#xe923;\"\n\t\tstyle=\"color: #000000\" \n\t\taria-hidden=\"true\"><\/span>\n\t\t\tFormul\u00e1rio de Inscri\u00e7\u00e3o\t\t<\/span>\n\t\t\t<\/a>\n\t<\/div>\n<\/div><\/div><\/div><\/div><\/div><\/div>","protected":false},"excerpt":{"rendered":"<p>Etapas do Processo Seletivo 1\u00aa Etapa: Inscri\u00e7\u00e3o Esse \u00e9 o momento para mostrar quem voc\u00ea \u00e9! Consiste na etapa de envio das suas informa\u00e7\u00f5es b\u00e1sicas, hist\u00f3rico com IRA, grade hor\u00e1ria, bem como carta de apresenta\u00e7\u00e3o e um v\u00eddeo. 2\u00aa Etapa: Din\u00e2mica individual e em grupo A ideia dessa etapa \u00e9 que a empresa [&hellip;]<\/p>\n","protected":false},"author":38,"featured_media":0,"parent":0,"menu_order":0,"comment_status":"closed","ping_status":"closed","template":"","meta":{"footnotes":""},"class_list":["post-345","page","type-page","status-publish","hentry","post"],"_links":{"self":[{"href":"http:\/\/www.quimica.ufpr.br\/paginas\/isomeria\/wp-json\/wp\/v2\/pages\/345","targetHints":{"allow":["GET"]}}],"collection":[{"href":"http:\/\/www.quimica.ufpr.br\/paginas\/isomeria\/wp-json\/wp\/v2\/pages"}],"about":[{"href":"http:\/\/www.quimica.ufpr.br\/paginas\/isomeria\/wp-json\/wp\/v2\/types\/page"}],"author":[{"embeddable":true,"href":"http:\/\/www.quimica.ufpr.br\/paginas\/isomeria\/wp-json\/wp\/v2\/users\/38"}],"replies":[{"embeddable":true,"href":"http:\/\/www.quimica.ufpr.br\/paginas\/isomeria\/wp-json\/wp\/v2\/comments?post=345"}],"version-history":[{"count":51,"href":"http:\/\/www.quimica.ufpr.br\/paginas\/isomeria\/wp-json\/wp\/v2\/pages\/345\/revisions"}],"predecessor-version":[{"id":1977,"href":"http:\/\/www.quimica.ufpr.br\/paginas\/isomeria\/wp-json\/wp\/v2\/pages\/345\/revisions\/1977"}],"wp:attachment":[{"href":"http:\/\/www.quimica.ufpr.br\/paginas\/isomeria\/wp-json\/wp\/v2\/media?parent=345"}],"curies":[{"name":"wp","href":"https:\/\/api.w.org\/{rel}","templated":true}]}}