{"id":8883,"date":"2025-08-05T12:23:50","date_gmt":"2025-08-05T15:23:50","guid":{"rendered":"https:\/\/www.quimica.ufpr.br\/paginas\/graduacao\/?page_id=8883"},"modified":"2025-08-05T12:45:56","modified_gmt":"2025-08-05T15:45:56","slug":"diferencas-entre-licenciatura-e-bacharelado","status":"publish","type":"page","link":"http:\/\/www.quimica.ufpr.br\/paginas\/graduacao\/diferencas-entre-licenciatura-e-bacharelado\/","title":{"rendered":"Diferen\u00e7as entre Licenciatura e Bacharelado"},"content":{"rendered":"<p>A UFPR oferece duas formas de gradua\u00e7\u00e3o em Qu\u00edmica: a Licenciatura e o Bacharelado. Embora compartilhem uma base comum nos primeiros per\u00edodos, os dois cursos seguem trajet\u00f3rias distintas a partir da metade do percurso, com objetivos formativos e possibilidades profissionais diferentes.<\/p>\n<p>Esta p\u00e1gina tem como objetivo apresentar as principais diferen\u00e7as entre a Licenciatura e o Bacharelado em Qu\u00edmica, bem como destacar as especificidades da Licenciatura Noturna e Diurna. Se voc\u00ea est\u00e1 em d\u00favida sobre qual caminho seguir ou deseja compreender melhor como funciona cada uma das forma\u00e7\u00f5es, este conte\u00fado \u00e9 para voc\u00ea.<\/p>\n<p><strong>Qual o objetivo do curso?<\/strong><\/p>\n<p>&#8211; Licenciatura: Formar professores de Qu\u00edmica para atuar na Educa\u00e7\u00e3o B\u00e1sica, com s\u00f3lida base cient\u00edfica e preparo pedag\u00f3gico.<br \/>\n&#8211; Bacharelado: Formar profissionais com dom\u00ednio t\u00e9cnico e cient\u00edfico para atuar em pesquisa, desenvolvimento, ind\u00fastria, laborat\u00f3rios e an\u00e1lise qu\u00edmica.<\/p>\n<p><strong>Perfil do Egresso:<\/strong><br \/>\n&#8211; Licenciatura: Profissional capaz de ensinar com conhecimento t\u00e9cnico, senso cr\u00edtico, responsabilidade social e dom\u00ednio de pr\u00e1ticas pedag\u00f3gicas.<br \/>\n&#8211; Bacharelado: Profissional voltado para atua\u00e7\u00e3o t\u00e9cnica e cient\u00edfica, com dom\u00ednio de m\u00e9todos laboratoriais, pesquisa e inova\u00e7\u00e3o.<\/p>\n<p><strong>Estrutura Curricular<\/strong><br \/>\nOs dois cursos compartilham os primeiros per\u00edodos com uma base comum de disciplinas fundamentais. Acesse na p\u00e1gina da \u201c<a href=\"https:\/\/www.quimica.ufpr.br\/paginas\/graduacao\/quimica-abi-integral\/\" target=\"_blank\" rel=\"noopener\">\u00c1rea B\u00e1sica de Ingresso<\/a>\u201d.<\/p>\n<p>A partir do 5\u00ba per\u00edodo, os caminhos se diferenciam:<br \/>\n&#8211; Licenciatura: Inclui Did\u00e1tica, Est\u00e1gio Supervisionado, Psicologia da Educa\u00e7\u00e3o, Pol\u00edticas Educacionais e outras disciplinas voltadas ao ensino.<br \/>\n&#8211; Bacharelado: Aprofunda a forma\u00e7\u00e3o t\u00e9cnica com disciplinas como Qu\u00edmica Org\u00e2nica Experimental, F\u00edsico-Qu\u00edmica Avan\u00e7ada, Instrumenta\u00e7\u00e3o, entre outras.<\/p>\n<p><a href=\"https:\/\/www.quimica.ufpr.br\/paginas\/graduacao\/licenciatura-integral-12a-2023\/\" target=\"_blank\" rel=\"noopener\">\u25ba Matriz Curricular da Licenciatura<\/a><\/p>\n<p><a href=\"https:\/\/www.quimica.ufpr.br\/paginas\/graduacao\/bacharelado-integral-12b-2023\/\" target=\"_blank\" rel=\"noopener\">\u25ba Matriz Curricular do Bacharelado<\/a><\/p>\n<p><strong>Diferen\u00e7a entre Licenciatura Noturna e Integral<\/strong><br \/>\n&#8211; Licenciatura Integral: Voltada majoritariamente para estudantes em dedica\u00e7\u00e3o integral, com aulas no turno da manh\u00e3 e tarde. Oferece uma trajet\u00f3ria mais tradicional e concentrada no tempo.<br \/>\n&#8211; Licenciatura Noturna: Pensada para estudantes que trabalham ou possuem outras atividades no per\u00edodo diurno. O perfil tende a ser mais maduro, com forte engajamento social e em projetos de extens\u00e3o. As disciplinas s\u00e3o distribu\u00eddas \u00e0 noite, respeitando as rotinas dos estudantes.<\/p>\n<p>&nbsp;<\/p>\n<p><strong>Carga Hor\u00e1ria<\/strong><\/p>\n<ul>\n<li><strong>Licenciatura:<\/strong><br \/>\nCarga hor\u00e1ria total: 3.230 horas<br \/>\nEst\u00e1gio Supervisionado Obrigat\u00f3rio: 400 horas (em escolas de Educa\u00e7\u00e3o B\u00e1sica)<br \/>\nAtividades de extens\u00e3o: 344 horas<br \/>\nDisciplinas pedag\u00f3gicas obrigat\u00f3rias a partir do 5\u00ba per\u00edodo<\/li>\n<li><strong>Bacharelado:<\/strong><br \/>\nCarga hor\u00e1ria total: 3.230 horas<br \/>\nEst\u00e1gio obrigat\u00f3rio e n\u00e3o obrigat\u00f3rio, altamente incentivado em laborat\u00f3rios e empresas.<br \/>\nAtividades de extens\u00e3o: no m\u00ednimo 324 horas<br \/>\n\u00canfase em disciplinas experimentais e t\u00e9cnico-cient\u00edficas nos per\u00edodos finais.<\/li>\n<\/ul>\n<p>&nbsp;<\/p>\n<p><strong>Inser\u00e7\u00e3o Profissional<\/strong><br \/>\n&#8211; Licenciatura: Atua principalmente em escolas p\u00fablicas e privadas de Ensino M\u00e9dio e Fundamental, al\u00e9m de projetos de educa\u00e7\u00e3o e divulga\u00e7\u00e3o cient\u00edfica.<br \/>\n&#8211; Bacharelado: Atua em ind\u00fastrias qu\u00edmicas, farmac\u00eauticas, aliment\u00edcias, ambientais, institutos de pesquisa e desenvolvimento, laborat\u00f3rios e \u00f3rg\u00e3os p\u00fablicos.<\/p>\n<p><strong>Continuidade Acad\u00eamica<\/strong><br \/>\nAmbos os cursos permitem continuidade em p\u00f3s-gradua\u00e7\u00e3o (lato sensu e stricto sensu). A forma\u00e7\u00e3o na UFPR permite que o egresso siga para \u00e1reas como ensino, pesquisa, gest\u00e3o acad\u00eamica, inova\u00e7\u00e3o ou consultoria t\u00e9cnica.<\/p>\n<p><strong>Envolvimento com Extens\u00e3o e Pesquisa<\/strong><br \/>\nAmbos os cursos incentivam a participa\u00e7\u00e3o em projetos de extens\u00e3o, inicia\u00e7\u00e3o cient\u00edfica e atividades complementares.<br \/>\nA Licenciatura Noturna, especialmente, destaca-se pela forte articula\u00e7\u00e3o com projetos de impacto social, devido ao perfil dos estudantes.<\/p>\n<p>&nbsp;<\/p>\n","protected":false},"excerpt":{"rendered":"<p>A UFPR oferece duas formas de gradua\u00e7\u00e3o em Qu\u00edmica: a Licenciatura e o Bacharelado. Embora compartilhem uma base comum nos primeiros per\u00edodos, os dois cursos seguem trajet\u00f3rias distintas a partir da metade do percurso, com objetivos formativos e possibilidades profissionais diferentes. Esta p\u00e1gina tem como objetivo apresentar as principais diferen\u00e7as entre a Licenciatura e o [&hellip;]<\/p>\n","protected":false},"author":34,"featured_media":0,"parent":0,"menu_order":0,"comment_status":"closed","ping_status":"closed","template":"","meta":{"footnotes":""},"class_list":["post-8883","page","type-page","status-publish","hentry"],"_links":{"self":[{"href":"http:\/\/www.quimica.ufpr.br\/paginas\/graduacao\/wp-json\/wp\/v2\/pages\/8883","targetHints":{"allow":["GET"]}}],"collection":[{"href":"http:\/\/www.quimica.ufpr.br\/paginas\/graduacao\/wp-json\/wp\/v2\/pages"}],"about":[{"href":"http:\/\/www.quimica.ufpr.br\/paginas\/graduacao\/wp-json\/wp\/v2\/types\/page"}],"author":[{"embeddable":true,"href":"http:\/\/www.quimica.ufpr.br\/paginas\/graduacao\/wp-json\/wp\/v2\/users\/34"}],"replies":[{"embeddable":true,"href":"http:\/\/www.quimica.ufpr.br\/paginas\/graduacao\/wp-json\/wp\/v2\/comments?post=8883"}],"version-history":[{"count":4,"href":"http:\/\/www.quimica.ufpr.br\/paginas\/graduacao\/wp-json\/wp\/v2\/pages\/8883\/revisions"}],"predecessor-version":[{"id":8888,"href":"http:\/\/www.quimica.ufpr.br\/paginas\/graduacao\/wp-json\/wp\/v2\/pages\/8883\/revisions\/8888"}],"wp:attachment":[{"href":"http:\/\/www.quimica.ufpr.br\/paginas\/graduacao\/wp-json\/wp\/v2\/media?parent=8883"}],"curies":[{"name":"wp","href":"https:\/\/api.w.org\/{rel}","templated":true}]}}