{"id":807,"date":"2018-10-03T14:28:44","date_gmt":"2018-10-03T17:28:44","guid":{"rendered":"http:\/\/www.quimica.ufpr.br\/paginas\/graduacao\/?page_id=807"},"modified":"2025-12-18T12:11:10","modified_gmt":"2025-12-18T15:11:10","slug":"nde-nucleo-docente-estruturante","status":"publish","type":"page","link":"http:\/\/www.quimica.ufpr.br\/paginas\/graduacao\/nde-nucleo-docente-estruturante\/","title":{"rendered":"NDE &#8211; N\u00facleo Docente Estruturante"},"content":{"rendered":"<p class=\"western\" lang=\"pt-BR\" align=\"justify\">O N\u00facleo Docente Estruturante constitui segmento da estrutura de gest\u00e3o acad\u00eamica em cada curso de Gradua\u00e7\u00e3o com atribui\u00e7\u00f5es consultivas, propositivas e de assessoria sobre mat\u00e9ria de natureza acad\u00eamica, co-respons\u00e1vel pela elabora\u00e7\u00e3o, implementa\u00e7\u00e3o e consolida\u00e7\u00e3o do Projeto Pedag\u00f3gico de Curso (Art.2\u00ba &#8211; Resolu\u00e7\u00e3o 75\/09-CEPE).<\/p>\n<ul>\n<li>\n<p lang=\"pt-BR\" align=\"justify\">O NDE \u00e9 constitu\u00eddo pelo coordenador do curso, como seu presidente nato, e por pelo menos mais 04 (quatro) docentes atuantes no curso de gradua\u00e7\u00e3o ( Art.3\u00ba &#8211; Resolu\u00e7\u00e3o 75\/09-CEPE).<\/p>\n<\/li>\n<\/ul>\n<p>&nbsp;<\/p>\n<table style=\"width: 625px;height: 242px\" width=\"319\">\n<tbody>\n<tr>\n<td style=\"text-align: center;width: 166.067%\" colspan=\"2\" width=\"319\"><strong>Titulares<\/strong><\/td>\n<\/tr>\n<tr>\n<td style=\"width: 33.4385%;text-align: center\">Coordenador do Curso<\/td>\n<td style=\"width: 132.628%;text-align: center\">Frederico Luis Soares<\/td>\n<\/tr>\n<tr>\n<td style=\"width: 33.4385%;text-align: center\">Anal\u00edtica<\/td>\n<td style=\"width: 132.628%;text-align: center\">Ricardo Alves Bernardo (Colegiado 202)<\/td>\n<\/tr>\n<tr>\n<td style=\"width: 33.4385%;text-align: center\">Ensino<\/td>\n<td style=\"width: 132.628%;text-align: center\">Roberto Dalmo Lima de Oliveira<\/td>\n<\/tr>\n<tr>\n<td style=\"width: 33.4385%;text-align: center\">F\u00edsico-Qu\u00edmica<\/td>\n<td style=\"width: 132.628%;text-align: center\">Marcio Eduardo Vidotti Miyata<\/td>\n<\/tr>\n<tr>\n<td style=\"width: 33.4385%;text-align: center\">Inorg\u00e2nica<\/td>\n<td style=\"width: 132.628%;text-align: center\">Herbert Winnischofer (Colegiado 202)<\/td>\n<\/tr>\n<tr>\n<td style=\"width: 33.4385%;text-align: center\">Org\u00e2nica<\/td>\n<td style=\"width: 132.628%;text-align: center\">Ana Luisa Lordello (Colegiado 203)<\/td>\n<\/tr>\n<tr>\n<td style=\"width: 33.4385%;text-align: center\"><\/td>\n<td style=\"width: 132.628%;text-align: center\"><\/td>\n<\/tr>\n<\/tbody>\n<\/table>\n<p>&nbsp;<\/p>\n<table style=\"width: 621px;height: 208px\" width=\"319\">\n<tbody>\n<tr>\n<td style=\"text-align: center;width: 178.737%\" colspan=\"2\" width=\"319\"><strong>Suplentes<\/strong><\/td>\n<\/tr>\n<tr>\n<td style=\"text-align: center;width: 39.1167%\">Anal\u00edtica<\/td>\n<td style=\"text-align: center;width: 139.62%\">Patricio Guillermo Peralta Zamora (colegiado 204)<\/td>\n<\/tr>\n<tr>\n<td style=\"text-align: center;width: 39.1167%\">Ensino<\/td>\n<td style=\"text-align: center;width: 139.62%\">Everton Bedin<\/td>\n<\/tr>\n<tr>\n<td style=\"text-align: center;width: 39.1167%\">F\u00edsico-Qu\u00edmica<\/td>\n<td style=\"text-align: center;width: 139.62%\">Diego Guedes Sobrinho<\/td>\n<\/tr>\n<tr>\n<td style=\"text-align: center;width: 39.1167%\">Inorg\u00e2nica<\/td>\n<td style=\"text-align: center;width: 139.62%\">Fl\u00e1vio Massao Matsumoto (Colegiado 204)<\/td>\n<\/tr>\n<tr>\n<td style=\"text-align: center;width: 39.1167%\">Org\u00e2nica<\/td>\n<td style=\"text-align: center;width: 139.62%\">Leandro Piovan (Colegiado 203)<\/td>\n<\/tr>\n<\/tbody>\n<\/table>\n<p class=\"western\" lang=\"pt-BR\" style=\"text-align: right\" align=\"justify\"><em>(Hist\u00f3rico das altera\u00e7\u00f5es da composi\u00e7\u00e3o do NDE: 204\u00aa Reuni\u00e3o do Colegiado de Qu\u00edmica (05\/12\/2025), 203\u00aa Reuni\u00e3o do Colegiado de Qu\u00edmica, 202\u00aa Reuni\u00e3o do \u00d3rg\u00e3o Colegiado dos Cursos de Qu\u00edmica em 10\/04\/2025, 191\u00aa Reuni\u00e3o do Colegiado em 03\/11\/2022, 183\u00aa Reuni\u00e3o do Colegiado em 25\/02\/2021, 174\u00aa Reuni\u00e3o do Colegiado em 12\/03\/2020).<\/em><\/p>\n<hr \/>\n<p class=\"western\" lang=\"pt-BR\" style=\"text-align: center\" align=\"justify\"><b>ATRIBUI\u00c7\u00d5ES<\/b><\/p>\n<p class=\"western\" lang=\"pt-BR\" align=\"justify\">S\u00e3o atribui\u00e7\u00f5es do N\u00facleo Docente Estruturante, entre outras: (Art.2\u00ba Par\u00e1grafo \u00danico &#8211; Res. 75\/09-CEPE)<\/p>\n<ul>\n<li>\n<p lang=\"pt-BR\" align=\"justify\">I- contribuir para a consolida\u00e7\u00e3o do perfil profissional do egresso do\u00a0curso;<\/p>\n<\/li>\n<li>\n<p lang=\"pt-BR\" align=\"justify\">II- zelar pela integra\u00e7\u00e3o curricular interdisciplinar entre as diferentes atividades de ensino constantes no\u00a0curr\u00edculo;<\/p>\n<\/li>\n<li>\n<p lang=\"pt-BR\" align=\"justify\">III- indicar formas de incentivo ao desenvolvimento de linhas de pesquisa e extens\u00e3o, oriundas de necessidades da gradua\u00e7\u00e3o, de exig\u00eancias do mercado de trabalho e afinadas com as pol\u00edticas p\u00fablicas relativas \u00e0 \u00e1rea de conhecimento do\u00a0curso;<\/p>\n<\/li>\n<li>\n<p lang=\"pt-BR\" align=\"justify\">IV-\u00a0zelar\u00a0pelo\u00a0cumprimento\u00a0das\u00a0Diretrizes\u00a0Curriculares\u00a0Nacionais\u00a0para\u00a0os\u00a0Cursos de\u00a0Gradua\u00e7\u00e3o.<\/p>\n<\/li>\n<\/ul>\n<p>&nbsp;<\/p>\n<hr \/>\n<p>&nbsp;<\/p>\n<p class=\"western\" lang=\"pt-BR\" style=\"text-align: center\" align=\"justify\"><b>ATAS<\/b><\/p>\n<p><a href=\"http:\/\/www.quimica.ufpr.br\/paginas\/graduacao\/wp-content\/uploads\/sites\/16\/2024\/09\/ata-nde-2021-3.pdf\">Ata NDE &#8211; 3\u00aa Reuni\u00e3o de 2021 &#8211; Data: 29 de junho de 2021<\/a><\/p>\n<p><a href=\"http:\/\/www.quimica.ufpr.br\/paginas\/graduacao\/wp-content\/uploads\/sites\/16\/2024\/09\/ata-nde-2021-2.pdf\">Ata NDE &#8211; 2\u00aa Reuni\u00e3o de 2021 &#8211; Data: 25 de maio de 2021<\/a><\/p>\n<p><a href=\"http:\/\/www.quimica.ufpr.br\/paginas\/graduacao\/wp-content\/uploads\/sites\/16\/2024\/09\/ata-nde-2021-1.pdf\">Ata NDE &#8211; 1\u00aa Reuni\u00e3o de 2021 &#8211; Data: 04 de mar\u00e7o de 2021<\/a><\/p>\n<p><a href=\"http:\/\/www.quimica.ufpr.br\/paginas\/graduacao\/wp-content\/uploads\/sites\/16\/2024\/09\/ata-nde-2020-1.pdf\">Ata NDE &#8211; 1\u00aa Reuni\u00e3o de 2020 &#8211; Data: 04 de setembro de 2020<\/a><\/p>\n<p><a href=\"http:\/\/www.quimica.ufpr.br\/paginas\/graduacao\/wp-content\/uploads\/sites\/16\/2019\/09\/ata-nde-1-2019-10set2019.pdf\">Ata NDE &#8211; 1\u00aa Reuni\u00e3o de 2019 &#8211; Data: 10 de setembro de 2019<\/a><\/p>\n<p><a href=\"http:\/\/www.quimica.ufpr.br\/paginas\/graduacao\/wp-content\/uploads\/sites\/16\/2019\/10\/ata-nde-2-2019-de-20set2019.pdf\">Ata NDE &#8211;\u00a0 2\u00aa Reuni\u00e3o de 2019 &#8211; Data: 20 de setembro de 2019<\/a><\/p>\n<p><a href=\"http:\/\/www.quimica.ufpr.br\/paginas\/graduacao\/wp-content\/uploads\/sites\/16\/2019\/12\/ata-nde-3-reuniao-de-2019.pdf\">Ata NDE &#8211; 3\u00aa Reuni\u00e3o de 2019 &#8211; Data: 11 de outubro de 2019\u00a0<\/a><\/p>\n<p style=\"text-align: right\">\n","protected":false},"excerpt":{"rendered":"<p>O N\u00facleo Docente Estruturante constitui segmento da estrutura de gest\u00e3o acad\u00eamica em cada curso de Gradua\u00e7\u00e3o com atribui\u00e7\u00f5es consultivas, propositivas e de assessoria sobre mat\u00e9ria de natureza acad\u00eamica, co-respons\u00e1vel pela elabora\u00e7\u00e3o, implementa\u00e7\u00e3o e consolida\u00e7\u00e3o do Projeto Pedag\u00f3gico de Curso (Art.2\u00ba &#8211; Resolu\u00e7\u00e3o 75\/09-CEPE). O NDE \u00e9 constitu\u00eddo pelo coordenador do curso, como seu presidente nato, [&hellip;]<\/p>\n","protected":false},"author":34,"featured_media":0,"parent":0,"menu_order":0,"comment_status":"closed","ping_status":"closed","template":"","meta":{"footnotes":""},"class_list":["post-807","page","type-page","status-publish","hentry"],"_links":{"self":[{"href":"http:\/\/www.quimica.ufpr.br\/paginas\/graduacao\/wp-json\/wp\/v2\/pages\/807","targetHints":{"allow":["GET"]}}],"collection":[{"href":"http:\/\/www.quimica.ufpr.br\/paginas\/graduacao\/wp-json\/wp\/v2\/pages"}],"about":[{"href":"http:\/\/www.quimica.ufpr.br\/paginas\/graduacao\/wp-json\/wp\/v2\/types\/page"}],"author":[{"embeddable":true,"href":"http:\/\/www.quimica.ufpr.br\/paginas\/graduacao\/wp-json\/wp\/v2\/users\/34"}],"replies":[{"embeddable":true,"href":"http:\/\/www.quimica.ufpr.br\/paginas\/graduacao\/wp-json\/wp\/v2\/comments?post=807"}],"version-history":[{"count":50,"href":"http:\/\/www.quimica.ufpr.br\/paginas\/graduacao\/wp-json\/wp\/v2\/pages\/807\/revisions"}],"predecessor-version":[{"id":3241,"href":"http:\/\/www.quimica.ufpr.br\/paginas\/graduacao\/wp-json\/wp\/v2\/pages\/807\/revisions\/3241"}],"wp:attachment":[{"href":"http:\/\/www.quimica.ufpr.br\/paginas\/graduacao\/wp-json\/wp\/v2\/media?parent=807"}],"curies":[{"name":"wp","href":"https:\/\/api.w.org\/{rel}","templated":true}]}}

NDE &#8211; Núcleo Docente Estruturante

<p class="western" lang="pt-BR" align="justify">O Núcleo Docente Estruturante constitui segmento da estrutura de gestão acadêmica em cada curso de Graduação com atribuições consultivas, propositivas e de assessoria sobre matéria de natureza acadêmica, co-responsável pela elaboração, implementação e consolidação do Projeto Pedagógico de Curso (Art.2º &#8211; Resolução 75/09-CEPE).</p>
<ul>
<li>
<p lang="pt-BR" align="justify">O NDE é constituído pelo coordenador do curso, como seu presidente nato, e por pelo menos mais 04 (quatro) docentes atuantes no curso de graduação ( Art.3º &#8211; Resolução 75/09-CEPE).</p>
</li>
</ul>
<p>&nbsp;</p>
<table style="width: 625px;height: 242px" width="319">
<tbody>
<tr>
<td style="text-align: center;width: 166.067%" colspan="2" width="319"><strong>Titulares</strong></td>
</tr>
<tr>
<td style="width: 33.4385%;text-align: center">Coordenador do Curso</td>
<td style="width: 132.628%;text-align: center">Frederico Luis Soares</td>
</tr>
<tr>
<td style="width: 33.4385%;text-align: center">Analítica</td>
<td style="width: 132.628%;text-align: center">Ricardo Alves Bernardo (Colegiado 202)</td>
</tr>
<tr>
<td style="width: 33.4385%;text-align: center">Ensino</td>
<td style="width: 132.628%;text-align: center">Roberto Dalmo Lima de Oliveira</td>
</tr>
<tr>
<td style="width: 33.4385%;text-align: center">Físico-Química</td>
<td style="width: 132.628%;text-align: center">Marcio Eduardo Vidotti Miyata</td>
</tr>
<tr>
<td style="width: 33.4385%;text-align: center">Inorgânica</td>
<td style="width: 132.628%;text-align: center">Herbert Winnischofer (Colegiado 202)</td>
</tr>
<tr>
<td style="width: 33.4385%;text-align: center">Orgânica</td>
<td style="width: 132.628%;text-align: center">Ana Luisa Lordello (Colegiado 203)</td>
</tr>
<tr>
<td style="width: 33.4385%;text-align: center"></td>
<td style="width: 132.628%;text-align: center"></td>
</tr>
</tbody>
</table>
<p>&nbsp;</p>
<table style="width: 621px;height: 208px" width="319">
<tbody>
<tr>
<td style="text-align: center;width: 178.737%" colspan="2" width="319"><strong>Suplentes</strong></td>
</tr>
<tr>
<td style="text-align: center;width: 39.1167%">Analítica</td>
<td style="text-align: center;width: 139.62%">Patricio Guillermo Peralta Zamora (colegiado 204)</td>
</tr>
<tr>
<td style="text-align: center;width: 39.1167%">Ensino</td>
<td style="text-align: center;width: 139.62%">Everton Bedin</td>
</tr>
<tr>
<td style="text-align: center;width: 39.1167%">Físico-Química</td>
<td style="text-align: center;width: 139.62%">Diego Guedes Sobrinho</td>
</tr>
<tr>
<td style="text-align: center;width: 39.1167%">Inorgânica</td>
<td style="text-align: center;width: 139.62%">Flávio Massao Matsumoto (Colegiado 204)</td>
</tr>
<tr>
<td style="text-align: center;width: 39.1167%">Orgânica</td>
<td style="text-align: center;width: 139.62%">Leandro Piovan (Colegiado 203)</td>
</tr>
</tbody>
</table>
<p class="western" lang="pt-BR" style="text-align: right" align="justify"><em>(Histórico das alterações da composição do NDE: 204ª Reunião do Colegiado de Química (05/12/2025), 203ª Reunião do Colegiado de Química, 202ª Reunião do Órgão Colegiado dos Cursos de Química em 10/04/2025, 191ª Reunião do Colegiado em 03/11/2022, 183ª Reunião do Colegiado em 25/02/2021, 174ª Reunião do Colegiado em 12/03/2020).</em></p>
<hr />
<p class="western" lang="pt-BR" style="text-align: center" align="justify"><b>ATRIBUIÇÕES</b></p>
<p class="western" lang="pt-BR" align="justify">São atribuições do Núcleo Docente Estruturante, entre outras: (Art.2º Parágrafo Único &#8211; Res. 75/09-CEPE)</p>
<ul>
<li>
<p lang="pt-BR" align="justify">I- contribuir para a consolidação do perfil profissional do egresso do curso;</p>
</li>
<li>
<p lang="pt-BR" align="justify">II- zelar pela integração curricular interdisciplinar entre as diferentes atividades de ensino constantes no currículo;</p>
</li>
<li>
<p lang="pt-BR" align="justify">III- indicar formas de incentivo ao desenvolvimento de linhas de pesquisa e extensão, oriundas de necessidades da graduação, de exigências do mercado de trabalho e afinadas com as políticas públicas relativas à área de conhecimento do curso;</p>
</li>
<li>
<p lang="pt-BR" align="justify">IV- zelar pelo cumprimento das Diretrizes Curriculares Nacionais para os Cursos de Graduação.</p>
</li>
</ul>
<p>&nbsp;</p>
<hr />
<p>&nbsp;</p>
<p class="western" lang="pt-BR" style="text-align: center" align="justify"><b>ATAS</b></p>
<p><a href="http://www.quimica.ufpr.br/paginas/graduacao/wp-content/uploads/sites/16/2024/09/ata-nde-2021-3.pdf">Ata NDE &#8211; 3ª Reunião de 2021 &#8211; Data: 29 de junho de 2021</a></p>
<p><a href="http://www.quimica.ufpr.br/paginas/graduacao/wp-content/uploads/sites/16/2024/09/ata-nde-2021-2.pdf">Ata NDE &#8211; 2ª Reunião de 2021 &#8211; Data: 25 de maio de 2021</a></p>
<p><a href="http://www.quimica.ufpr.br/paginas/graduacao/wp-content/uploads/sites/16/2024/09/ata-nde-2021-1.pdf">Ata NDE &#8211; 1ª Reunião de 2021 &#8211; Data: 04 de março de 2021</a></p>
<p><a href="http://www.quimica.ufpr.br/paginas/graduacao/wp-content/uploads/sites/16/2024/09/ata-nde-2020-1.pdf">Ata NDE &#8211; 1ª Reunião de 2020 &#8211; Data: 04 de setembro de 2020</a></p>
<p><a href="http://www.quimica.ufpr.br/paginas/graduacao/wp-content/uploads/sites/16/2019/09/ata-nde-1-2019-10set2019.pdf">Ata NDE &#8211; 1ª Reunião de 2019 &#8211; Data: 10 de setembro de 2019</a></p>
<p><a href="http://www.quimica.ufpr.br/paginas/graduacao/wp-content/uploads/sites/16/2019/10/ata-nde-2-2019-de-20set2019.pdf">Ata NDE &#8211;  2ª Reunião de 2019 &#8211; Data: 20 de setembro de 2019</a></p>
<p><a href="http://www.quimica.ufpr.br/paginas/graduacao/wp-content/uploads/sites/16/2019/12/ata-nde-3-reuniao-de-2019.pdf">Ata NDE &#8211; 3ª Reunião de 2019 &#8211; Data: 11 de outubro de 2019 </a></p>
<p style="text-align: right">

<p>O Núcleo Docente Estruturante constitui segmento da estrutura de gestão acadêmica em cada curso de Graduação com atribuições consultivas, propositivas e de assessoria sobre matéria de natureza acadêmica, co-responsável pela elaboração, implementação e consolidação do Projeto Pedagógico de Curso (Art.2º &#8211; Resolução 75/09-CEPE). O NDE é constituído pelo coordenador do curso, como seu presidente nato, [&hellip;]</p>
