{"id":803,"date":"2018-10-03T14:16:17","date_gmt":"2018-10-03T17:16:17","guid":{"rendered":"http:\/\/www.quimica.ufpr.br\/paginas\/graduacao\/?page_id=803"},"modified":"2024-10-03T12:01:07","modified_gmt":"2024-10-03T15:01:07","slug":"formas-de-ingresso","status":"publish","type":"page","link":"http:\/\/www.quimica.ufpr.br\/paginas\/graduacao\/formas-de-ingresso\/","title":{"rendered":"Formas de Ingresso"},"content":{"rendered":"<ul>\n<li><a href=\"http:\/\/portal.nc.ufpr.br\">Vestibular\/SISU<\/a>\n<ul>\n<li>Qu\u00edmica Integral Diurno (Manh\u00e3\/Tarde) &#8211; Bacharelado ou Licenciatura (66 vagas)<\/li>\n<li>Qu\u00edmica Noturno &#8211; Licenciatura (40 vagas)<\/li>\n<\/ul>\n<\/li>\n<li><a href=\"http:\/\/www.prograd.ufpr.br\/portal\/provar\/\">PROVAR &#8211; Processo de Ocupa\u00e7\u00e3o de Vagas Remanescentes<\/a><\/li>\n<li>Trasnfer\u00eancia Ex-Of\u00edcio<\/li>\n<\/ul>\n<p>&nbsp;<\/p>\n","protected":false},"excerpt":{"rendered":"<p>Vestibular\/SISU Qu\u00edmica Integral Diurno (Manh\u00e3\/Tarde) &#8211; Bacharelado ou Licenciatura (66 vagas) Qu\u00edmica Noturno &#8211; Licenciatura (40 vagas) PROVAR &#8211; Processo de Ocupa\u00e7\u00e3o de Vagas Remanescentes Trasnfer\u00eancia Ex-Of\u00edcio &nbsp;<\/p>\n","protected":false},"author":34,"featured_media":0,"parent":0,"menu_order":0,"comment_status":"closed","ping_status":"closed","template":"","meta":{"footnotes":""},"class_list":["post-803","page","type-page","status-publish","hentry"],"_links":{"self":[{"href":"http:\/\/www.quimica.ufpr.br\/paginas\/graduacao\/wp-json\/wp\/v2\/pages\/803","targetHints":{"allow":["GET"]}}],"collection":[{"href":"http:\/\/www.quimica.ufpr.br\/paginas\/graduacao\/wp-json\/wp\/v2\/pages"}],"about":[{"href":"http:\/\/www.quimica.ufpr.br\/paginas\/graduacao\/wp-json\/wp\/v2\/types\/page"}],"author":[{"embeddable":true,"href":"http:\/\/www.quimica.ufpr.br\/paginas\/graduacao\/wp-json\/wp\/v2\/users\/34"}],"replies":[{"embeddable":true,"href":"http:\/\/www.quimica.ufpr.br\/paginas\/graduacao\/wp-json\/wp\/v2\/comments?post=803"}],"version-history":[{"count":6,"href":"http:\/\/www.quimica.ufpr.br\/paginas\/graduacao\/wp-json\/wp\/v2\/pages\/803\/revisions"}],"predecessor-version":[{"id":8107,"href":"http:\/\/www.quimica.ufpr.br\/paginas\/graduacao\/wp-json\/wp\/v2\/pages\/803\/revisions\/8107"}],"wp:attachment":[{"href":"http:\/\/www.quimica.ufpr.br\/paginas\/graduacao\/wp-json\/wp\/v2\/media?parent=803"}],"curies":[{"name":"wp","href":"https:\/\/api.w.org\/{rel}","templated":true}]}}