{"id":7425,"date":"2023-11-14T10:46:19","date_gmt":"2023-11-14T13:46:19","guid":{"rendered":"http:\/\/www.quimica.ufpr.br\/paginas\/graduacao\/?page_id=7425"},"modified":"2024-09-26T12:38:54","modified_gmt":"2024-09-26T15:38:54","slug":"programa-de-orientacao-academica","status":"publish","type":"page","link":"http:\/\/www.quimica.ufpr.br\/paginas\/graduacao\/programa-de-orientacao-academica\/","title":{"rendered":"Programa de Orienta\u00e7\u00e3o Acad\u00eamica"},"content":{"rendered":"<p style=\"text-align: center\">Anexo I do PPC ap\u00f3s atualiza\u00e7\u00e3o aprovada pelo colegiado do curso na reuni\u00e3o 197, ocorrida em 14\/11\/2023<\/p>\n<p>&nbsp;<\/p>\n<p><a href=\"http:\/\/www.quimica.ufpr.br\/paginas\/graduacao\/wp-content\/uploads\/sites\/16\/2023\/11\/anexo-i-poa_bacharelado-1.pdf\">Anexo I do PPC &#8211; POA Bacharelado<\/a><\/p>\n<p><a href=\"http:\/\/www.quimica.ufpr.br\/paginas\/graduacao\/wp-content\/uploads\/sites\/16\/2023\/11\/anexo-i-poa_licenciatura-1.pdf\">Anexo I do PPC &#8211; POA Licenciatura<\/a><\/p>\n<p>&nbsp;<\/p>\n<p>&nbsp;<\/p>\n<p>&nbsp;<\/p>\n<p style=\"text-align: right\"><em>Publicado em 14\/11\/2023<\/em><\/p>\n<p>&nbsp;<\/p>\n","protected":false},"excerpt":{"rendered":"<p>Anexo I do PPC ap\u00f3s atualiza\u00e7\u00e3o aprovada pelo colegiado do curso na reuni\u00e3o 197, ocorrida em 14\/11\/2023 &nbsp; Anexo I do PPC &#8211; POA Bacharelado Anexo I do PPC &#8211; POA Licenciatura &nbsp; &nbsp; &nbsp; Publicado em 14\/11\/2023 &nbsp;<\/p>\n","protected":false},"author":34,"featured_media":0,"parent":0,"menu_order":0,"comment_status":"closed","ping_status":"closed","template":"","meta":{"footnotes":""},"class_list":["post-7425","page","type-page","status-publish","hentry"],"_links":{"self":[{"href":"http:\/\/www.quimica.ufpr.br\/paginas\/graduacao\/wp-json\/wp\/v2\/pages\/7425","targetHints":{"allow":["GET"]}}],"collection":[{"href":"http:\/\/www.quimica.ufpr.br\/paginas\/graduacao\/wp-json\/wp\/v2\/pages"}],"about":[{"href":"http:\/\/www.quimica.ufpr.br\/paginas\/graduacao\/wp-json\/wp\/v2\/types\/page"}],"author":[{"embeddable":true,"href":"http:\/\/www.quimica.ufpr.br\/paginas\/graduacao\/wp-json\/wp\/v2\/users\/34"}],"replies":[{"embeddable":true,"href":"http:\/\/www.quimica.ufpr.br\/paginas\/graduacao\/wp-json\/wp\/v2\/comments?post=7425"}],"version-history":[{"count":4,"href":"http:\/\/www.quimica.ufpr.br\/paginas\/graduacao\/wp-json\/wp\/v2\/pages\/7425\/revisions"}],"predecessor-version":[{"id":8041,"href":"http:\/\/www.quimica.ufpr.br\/paginas\/graduacao\/wp-json\/wp\/v2\/pages\/7425\/revisions\/8041"}],"wp:attachment":[{"href":"http:\/\/www.quimica.ufpr.br\/paginas\/graduacao\/wp-json\/wp\/v2\/media?parent=7425"}],"curies":[{"name":"wp","href":"https:\/\/api.w.org\/{rel}","templated":true}]}}