{"id":717,"date":"2018-06-27T19:49:06","date_gmt":"2018-06-27T22:49:06","guid":{"rendered":"http:\/\/www.quimica.ufpr.br\/paginas\/graduacao\/?page_id=717"},"modified":"2025-08-08T12:04:27","modified_gmt":"2025-08-08T15:04:27","slug":"ajuste-curricular","status":"publish","type":"page","link":"http:\/\/www.quimica.ufpr.br\/paginas\/graduacao\/ajuste-curricular\/","title":{"rendered":"Ajuste Curricular"},"content":{"rendered":"<p>&nbsp;<\/p>\n<ul>\n<li><strong>Curso Bacharelado em Qu\u00edmica &#8211; 12B\/2023<\/strong><\/li>\n<\/ul>\n<p><a href=\"http:\/\/www.quimica.ufpr.br\/paginas\/graduacao\/wp-content\/uploads\/sites\/16\/2023\/08\/portaria-477-matriz-curricular.pdf\">\u25ba Portaria 477-2023\/PROGRAD\/COPAC \u2013 Matriz Curricular Bacharelado (Vers\u00e3o 2023)<\/a><\/p>\n<p><a href=\"http:\/\/www.quimica.ufpr.br\/paginas\/graduacao\/wp-content\/uploads\/sites\/16\/2024\/10\/portaria-826-2024-ajuste-cqe.pdf\">\u25ba Portaria 826-2024\/PROGRAD\/COPAC \u2013 Mariz Curricular Bacharelado (Vers\u00e3o 2023)<\/a><\/p>\n<p><a href=\"http:\/\/www.quimica.ufpr.br\/paginas\/graduacao\/wp-content\/uploads\/sites\/16\/2025\/08\/portaria-fq.pdf\">\u25ba Portaria 112-2025\/PROGRAP\/COPPAC &#8211; Disciplinas de F\u00edsico-Qu\u00edmica (28\/07\/2025)<\/a><\/p>\n<p>&nbsp;<\/p>\n<ul>\n<li><strong>Curso Licenciatura em Qu\u00edmica &#8211; 12A\/2023(Integral) e 104A\/2023(Noturno)<\/strong><\/li>\n<\/ul>\n<p><a href=\"http:\/\/www.quimica.ufpr.br\/paginas\/graduacao\/wp-content\/uploads\/sites\/16\/2023\/08\/portaria-12a-2023.pdf\">\u25ba Portaria 478\/2023\/PROGRAD\/COPAP \u2013 Matriz Curricular 12A\/2023 (MAR\u00c7O\/2023)<\/a><\/p>\n<p><a href=\"http:\/\/www.quimica.ufpr.br\/paginas\/graduacao\/wp-content\/uploads\/sites\/16\/2025\/02\/portaria-927-coppac-12a.pdf\">\u25ba Portaria 927\/2025\/PROGRAP\/COPPAC &#8211; Matriz Curricular Curso 12A\/2023 (retifica Portaria 478)<\/a><\/p>\n<p><a href=\"http:\/\/www.quimica.ufpr.br\/paginas\/graduacao\/wp-content\/uploads\/sites\/16\/2023\/08\/portaria-104a-2023.pdf\">\u25ba Portaria 479\/2023\/PROGRAD\/COPAC \u2013 Matriz Curricular 104A\/2023 (MAR\u00c7O\/2023)<\/a><\/p>\n<p><a href=\"http:\/\/www.quimica.ufpr.br\/paginas\/graduacao\/wp-content\/uploads\/sites\/16\/2025\/02\/portaria-926-coppac-104a.pdf\">\u25ba Portaria 926\/2025\/PROGRAP\/COPPAC &#8211; Matriz Curricular 104A\/2023 (retifica Portaria 479)<\/a><\/p>\n<p><a href=\"http:\/\/www.quimica.ufpr.br\/paginas\/graduacao\/wp-content\/uploads\/sites\/16\/2025\/04\/portaria-10-03-2025.pdf\">\u25ba Portaria 07\/2025\/PROGRAP\/COPPAC &#8211; Curso 12A &#8211; Periodiza\u00e7\u00e3o CQ\/CQE229<\/a><\/p>\n<hr \/>\n<hr \/>\n<p>&nbsp;<\/p>\n<p>&nbsp;<\/p>\n<ul>\n<li><span style=\"text-decoration: underline\"><strong>Cursos 12E\/2012, 12B\/1993, 12D\/2012 e 104A\/2009<\/strong><\/span><\/li>\n<\/ul>\n<p><a href=\"http:\/\/www.quimica.ufpr.br\/paginas\/graduacao\/wp-content\/uploads\/sites\/16\/2022\/09\/portaria-313-copac-cq129a.pdf\">\u25ba Portaria 313\/2022 &#8211; COPAC: CQ129A &#8211; Substitui\u00e7\u00e3o de C\u00f3digo e inclus\u00e3o de Pr\u00e9-Requisitos<\/a><\/p>\n<p><a href=\"http:\/\/www.quimica.ufpr.br\/paginas\/graduacao\/wp-content\/uploads\/sites\/16\/2021\/04\/portaria-18-2021-cq134-cq135.pdf\">\u25ba Portaria 18\/2021: Pr\u00e9-Requisitos CQ134 e CQ135<\/a><\/p>\n<p><a href=\"http:\/\/www.quimica.ufpr.br\/paginas\/graduacao\/wp-content\/uploads\/sites\/16\/2018\/06\/Portaria-178-2014-ET401-e-EP401.pdf\" target=\"_blank\" rel=\"noopener\">\u25ba Portaria 178\/2014 &#8211; Substitui\u00e7\u00e3o ET401 e EP401<\/a><\/p>\n<p>&nbsp;<\/p>\n<ul>\n<li><span style=\"text-decoration: underline\"><strong>Curso Bacharelado Integral &#8211; C\u00f3digo 12B\/2019<\/strong><\/span><\/li>\n<\/ul>\n<p><a href=\"http:\/\/www.quimica.ufpr.br\/paginas\/graduacao\/wp-content\/uploads\/sites\/16\/2022\/08\/portaria-operacoes-unitarias.pdf\">\u25ba Portaria 312\/2022: Opera\u00e7\u00f5es Unit\u00e1rias(CQ322 e CQ323) &#8211; Substitui\u00e7\u00e3o de C\u00f3digos e inclus\u00e3o de Pr\u00e9-Requisitos<\/a><\/p>\n","protected":false},"excerpt":{"rendered":"<p>&nbsp; Curso Bacharelado em Qu\u00edmica &#8211; 12B\/2023 \u25ba Portaria 477-2023\/PROGRAD\/COPAC \u2013 Matriz Curricular Bacharelado (Vers\u00e3o 2023) \u25ba Portaria 826-2024\/PROGRAD\/COPAC \u2013 Mariz Curricular Bacharelado (Vers\u00e3o 2023) \u25ba Portaria 112-2025\/PROGRAP\/COPPAC &#8211; Disciplinas de F\u00edsico-Qu\u00edmica (28\/07\/2025) &nbsp; Curso Licenciatura em Qu\u00edmica &#8211; 12A\/2023(Integral) e 104A\/2023(Noturno) \u25ba Portaria 478\/2023\/PROGRAD\/COPAP \u2013 Matriz Curricular 12A\/2023 (MAR\u00c7O\/2023) \u25ba Portaria 927\/2025\/PROGRAP\/COPPAC &#8211; Matriz [&hellip;]<\/p>\n","protected":false},"author":34,"featured_media":0,"parent":0,"menu_order":0,"comment_status":"closed","ping_status":"closed","template":"","meta":{"footnotes":""},"class_list":["post-717","page","type-page","status-publish","hentry"],"_links":{"self":[{"href":"http:\/\/www.quimica.ufpr.br\/paginas\/graduacao\/wp-json\/wp\/v2\/pages\/717","targetHints":{"allow":["GET"]}}],"collection":[{"href":"http:\/\/www.quimica.ufpr.br\/paginas\/graduacao\/wp-json\/wp\/v2\/pages"}],"about":[{"href":"http:\/\/www.quimica.ufpr.br\/paginas\/graduacao\/wp-json\/wp\/v2\/types\/page"}],"author":[{"embeddable":true,"href":"http:\/\/www.quimica.ufpr.br\/paginas\/graduacao\/wp-json\/wp\/v2\/users\/34"}],"replies":[{"embeddable":true,"href":"http:\/\/www.quimica.ufpr.br\/paginas\/graduacao\/wp-json\/wp\/v2\/comments?post=717"}],"version-history":[{"count":18,"href":"http:\/\/www.quimica.ufpr.br\/paginas\/graduacao\/wp-json\/wp\/v2\/pages\/717\/revisions"}],"predecessor-version":[{"id":8912,"href":"http:\/\/www.quimica.ufpr.br\/paginas\/graduacao\/wp-json\/wp\/v2\/pages\/717\/revisions\/8912"}],"wp:attachment":[{"href":"http:\/\/www.quimica.ufpr.br\/paginas\/graduacao\/wp-json\/wp\/v2\/media?parent=717"}],"curies":[{"name":"wp","href":"https:\/\/api.w.org\/{rel}","templated":true}]}}