{"id":6981,"date":"2023-04-18T10:57:29","date_gmt":"2023-04-18T13:57:29","guid":{"rendered":"https:\/\/www.quimica.ufpr.br\/paginas\/graduacao\/?page_id=6981"},"modified":"2025-07-24T12:29:07","modified_gmt":"2025-07-24T15:29:07","slug":"licenciatura-integral-12a-2023","status":"publish","type":"page","link":"http:\/\/www.quimica.ufpr.br\/paginas\/graduacao\/licenciatura-integral-12a-2023\/","title":{"rendered":"Licenciatura Integral 12A\/2023"},"content":{"rendered":"<p><strong>C\u00f3digo do Curso:<\/strong>\u00a012A (Vers\u00e3o 2023)<br \/>\n<strong>Carga Hor\u00e1ria Obrigat\u00f3ria:<\/strong>\u00a03.030 horas<br \/>\n<strong>Atividades Formativas:<\/strong> 200 horas<br \/>\n<strong>Carga Hor\u00e1ria Total do Curso:<\/strong>\u00a03.230 horas<br \/>\n<strong>Dura\u00e7\u00e3o regular do curso:<\/strong>\u00a09 semestres<br \/>\n<strong>Tempo m\u00e1ximo para integraliza\u00e7\u00e3o do curso:<\/strong>\u00a014 semestres<br \/>\n<strong>Carga hor\u00e1ria m\u00ednima por semestre:<\/strong>\u00a0210 horas<\/p>\n<p><a href=\"https:\/\/ufpr.br\/gradeecorpodocente\/cursos\/\" target=\"_blank\" rel=\"noopener\">\u25ba Corpo Docente<\/a><br \/>\n<a href=\"https:\/\/transparencia.ufpr.br\/public\/dadosAcademicos\/graduacao_cursos.jsf\" target=\"_blank\" rel=\"noopener\">\u25ba Ementas: Digitar o nome do curso &gt; Visualizar &gt; Matriz Curricular &gt; Clicar no c\u00f3digo da disciplina<\/a><br \/>\n<a href=\"http:\/\/www.quimica.ufpr.br\/paginas\/graduacao\/projeto-pedagogico\/\" target=\"_blank\" rel=\"noopener\">\u25ba Projeto Pedag\u00f3gico do Curso<\/a><\/p>\n<p>&nbsp;<\/p>\n<p><strong><a href=\"http:\/\/www.quimica.ufpr.br\/paginas\/graduacao\/wp-content\/uploads\/sites\/16\/2025\/07\/12a-2023-licenciatura-matriz-curricular-siga.pdf\">\u25ba LICENCIATURA INTEGRAL (12A-2023) &#8211; Matriz Curricular &#8211; SIGA<\/a><\/strong><\/p>\n<p>&nbsp;<\/p>\n<p><a href=\"http:\/\/www.quimica.ufpr.br\/paginas\/graduacao\/quimica-abi-integral\/\" target=\"_blank\" rel=\"noopener\"><strong>\u25ba Curso de Qu\u00edmica Integral \u2013 ABI \u2013 \u00c1rea B\u00e1sica de Ingresso &lt; 1\u00ba, 2\u00ba, 3\u00ba e 4\u00ba Per\u00edodos &gt;<\/strong><\/a><\/p>\n<p>&nbsp;<\/p>\n<p>&nbsp;<\/p>\n<p><img loading=\"lazy\" decoding=\"async\" class=\"aligncenter wp-image-7329 size-full\" src=\"http:\/\/www.quimica.ufpr.br\/paginas\/graduacao\/wp-content\/uploads\/sites\/16\/2023\/08\/12a-organograma.jpg\" alt=\"\" width=\"1150\" height=\"731\" srcset=\"http:\/\/www.quimica.ufpr.br\/paginas\/graduacao\/wp-content\/uploads\/sites\/16\/2023\/08\/12a-organograma.jpg 1150w, http:\/\/www.quimica.ufpr.br\/paginas\/graduacao\/wp-content\/uploads\/sites\/16\/2023\/08\/12a-organograma-300x191.jpg 300w, http:\/\/www.quimica.ufpr.br\/paginas\/graduacao\/wp-content\/uploads\/sites\/16\/2023\/08\/12a-organograma-1024x651.jpg 1024w, http:\/\/www.quimica.ufpr.br\/paginas\/graduacao\/wp-content\/uploads\/sites\/16\/2023\/08\/12a-organograma-768x488.jpg 768w\" sizes=\"auto, (max-width: 1150px) 100vw, 1150px\" \/><\/p>\n<p>&nbsp;<\/p>\n<p>&nbsp;<\/p>\n<p>&nbsp;<\/p>\n<p>&nbsp;<\/p>\n<p>&nbsp;<\/p>\n","protected":false},"excerpt":{"rendered":"<p>C\u00f3digo do Curso:\u00a012A (Vers\u00e3o 2023) Carga Hor\u00e1ria Obrigat\u00f3ria:\u00a03.030 horas Atividades Formativas: 200 horas Carga Hor\u00e1ria Total do Curso:\u00a03.230 horas Dura\u00e7\u00e3o regular do curso:\u00a09 semestres Tempo m\u00e1ximo para integraliza\u00e7\u00e3o do curso:\u00a014 semestres Carga hor\u00e1ria m\u00ednima por semestre:\u00a0210 horas \u25ba Corpo Docente \u25ba Ementas: Digitar o nome do curso &gt; Visualizar &gt; Matriz Curricular &gt; Clicar no [&hellip;]<\/p>\n","protected":false},"author":34,"featured_media":0,"parent":0,"menu_order":0,"comment_status":"closed","ping_status":"closed","template":"","meta":{"footnotes":""},"class_list":["post-6981","page","type-page","status-publish","hentry"],"_links":{"self":[{"href":"http:\/\/www.quimica.ufpr.br\/paginas\/graduacao\/wp-json\/wp\/v2\/pages\/6981","targetHints":{"allow":["GET"]}}],"collection":[{"href":"http:\/\/www.quimica.ufpr.br\/paginas\/graduacao\/wp-json\/wp\/v2\/pages"}],"about":[{"href":"http:\/\/www.quimica.ufpr.br\/paginas\/graduacao\/wp-json\/wp\/v2\/types\/page"}],"author":[{"embeddable":true,"href":"http:\/\/www.quimica.ufpr.br\/paginas\/graduacao\/wp-json\/wp\/v2\/users\/34"}],"replies":[{"embeddable":true,"href":"http:\/\/www.quimica.ufpr.br\/paginas\/graduacao\/wp-json\/wp\/v2\/comments?post=6981"}],"version-history":[{"count":12,"href":"http:\/\/www.quimica.ufpr.br\/paginas\/graduacao\/wp-json\/wp\/v2\/pages\/6981\/revisions"}],"predecessor-version":[{"id":8827,"href":"http:\/\/www.quimica.ufpr.br\/paginas\/graduacao\/wp-json\/wp\/v2\/pages\/6981\/revisions\/8827"}],"wp:attachment":[{"href":"http:\/\/www.quimica.ufpr.br\/paginas\/graduacao\/wp-json\/wp\/v2\/media?parent=6981"}],"curies":[{"name":"wp","href":"https:\/\/api.w.org\/{rel}","templated":true}]}}