{"id":3795,"date":"2020-01-30T17:57:14","date_gmt":"2020-01-30T20:57:14","guid":{"rendered":"http:\/\/www.quimica.ufpr.br\/paginas\/graduacao\/?page_id=3795"},"modified":"2023-02-15T13:55:24","modified_gmt":"2023-02-15T16:55:24","slug":"plano-de-adaptacao","status":"publish","type":"page","link":"http:\/\/www.quimica.ufpr.br\/paginas\/graduacao\/plano-de-adaptacao\/","title":{"rendered":"Plano de Adapta\u00e7\u00e3o."},"content":{"rendered":"<p>&nbsp;<\/p>\n<p><a href=\"http:\/\/www.quimica.ufpr.br\/paginas\/graduacao\/wp-content\/uploads\/sites\/16\/2020\/01\/resolucao_91_18_lic-plano-adaptacao.pdf\">Resolu\u00e7\u00e3o_91-18 (Anexo II) Licenciatura &#8211;\u00a0 Plano Adapta\u00e7\u00e3o<\/a><\/p>\n<p>Resolu\u00e7\u00e3o 93-18 (Anexo II) Bacharelado &#8211;\u00a0 Plano Adapta\u00e7\u00e3o<\/p>\n<p>&nbsp;<\/p>\n<p><strong>\u25ba Disciplinas do DQUI &#8211; Planilha de Correspond\u00eancia entre Grade Antiga e Nova<\/strong><\/p>\n<p><a href=\"http:\/\/www.quimica.ufpr.br\/paginas\/graduacao\/wp-content\/uploads\/sites\/16\/2022\/01\/correspond-licenciatura.pdf\">Correspond\u00eancias da Licenciatura<\/a><\/p>\n<p><a href=\"http:\/\/www.quimica.ufpr.br\/paginas\/graduacao\/wp-content\/uploads\/sites\/16\/2023\/02\/correspond-bacharelado.pdf\">Correspond\u00eancias do Bacharelado<\/a><\/p>\n","protected":false},"excerpt":{"rendered":"<p>&nbsp; Resolu\u00e7\u00e3o_91-18 (Anexo II) Licenciatura &#8211;\u00a0 Plano Adapta\u00e7\u00e3o Resolu\u00e7\u00e3o 93-18 (Anexo II) Bacharelado &#8211;\u00a0 Plano Adapta\u00e7\u00e3o &nbsp; \u25ba Disciplinas do DQUI &#8211; Planilha de Correspond\u00eancia entre Grade Antiga e Nova Correspond\u00eancias da Licenciatura Correspond\u00eancias do Bacharelado<\/p>\n","protected":false},"author":34,"featured_media":0,"parent":0,"menu_order":0,"comment_status":"closed","ping_status":"closed","template":"","meta":{"footnotes":""},"class_list":["post-3795","page","type-page","status-publish","hentry"],"_links":{"self":[{"href":"http:\/\/www.quimica.ufpr.br\/paginas\/graduacao\/wp-json\/wp\/v2\/pages\/3795","targetHints":{"allow":["GET"]}}],"collection":[{"href":"http:\/\/www.quimica.ufpr.br\/paginas\/graduacao\/wp-json\/wp\/v2\/pages"}],"about":[{"href":"http:\/\/www.quimica.ufpr.br\/paginas\/graduacao\/wp-json\/wp\/v2\/types\/page"}],"author":[{"embeddable":true,"href":"http:\/\/www.quimica.ufpr.br\/paginas\/graduacao\/wp-json\/wp\/v2\/users\/34"}],"replies":[{"embeddable":true,"href":"http:\/\/www.quimica.ufpr.br\/paginas\/graduacao\/wp-json\/wp\/v2\/comments?post=3795"}],"version-history":[{"count":6,"href":"http:\/\/www.quimica.ufpr.br\/paginas\/graduacao\/wp-json\/wp\/v2\/pages\/3795\/revisions"}],"predecessor-version":[{"id":6723,"href":"http:\/\/www.quimica.ufpr.br\/paginas\/graduacao\/wp-json\/wp\/v2\/pages\/3795\/revisions\/6723"}],"wp:attachment":[{"href":"http:\/\/www.quimica.ufpr.br\/paginas\/graduacao\/wp-json\/wp\/v2\/media?parent=3795"}],"curies":[{"name":"wp","href":"https:\/\/api.w.org\/{rel}","templated":true}]}}