{"id":162,"date":"2017-01-18T19:18:35","date_gmt":"2017-01-18T21:18:35","guid":{"rendered":"http:\/\/www.quimica.ufpr.br\/paginas\/graduacao\/?page_id=162"},"modified":"2026-04-23T12:03:24","modified_gmt":"2026-04-23T15:03:24","slug":"atividades-formativas","status":"publish","type":"page","link":"http:\/\/www.quimica.ufpr.br\/paginas\/graduacao\/atividades-formativas\/","title":{"rendered":"Atividades Formativas"},"content":{"rendered":"<p style=\"text-align: center\"><strong>ATIVIDADES FORMATIVAS<\/strong><\/p>\n<p><span style=\"color: #ff0000\"><strong>\u25ba Prazo Final para o envio das Atividades Formativas:<\/strong><\/span><\/p>\n<ul>\n<li>Para formandos do 1\u00baS\/2026: Enviar <strong style=\"color: #ff0000\">at\u00e9 22\/MAIO\/2026.<\/strong><\/li>\n<li>Para formandos do : \u00baS\/2025: Enviar entre os dias<strong style=\"color: #ff0000\"> 10\/OUTUBRO a 10\/DEZEMBRO\/2025.<\/strong><\/li>\n<\/ul>\n<p>&nbsp;<\/p>\n<p style=\"text-align: center\"><strong>As\u00a0<em><u>Atividades Formativas Complementares<\/u><\/em> n\u00e3o caracterizam matr\u00edcula em disciplina, portanto n\u00e3o h\u00e1 justificativa para a manuten\u00e7\u00e3o do v\u00ednculo acad\u00eamico, por mais um semestre, em raz\u00e3o \u00fanica de lan\u00e7amento de horas de Atividades Formativas.\u00a0<\/strong><\/p>\n<p>&nbsp;<\/p>\n<hr \/>\n<p>&nbsp;<\/p>\n<p style=\"text-align: center\"><strong>INFORMA\u00c7\u00d5ES E ORIENTA\u00c7\u00d5ES PARA O ENVIO DA DOCUMENTA\u00c7\u00c3O<\/strong><\/p>\n<p>&nbsp;<\/p>\n<p><strong><a href=\"https:\/\/www.quimica.ufpr.br\/paginas\/graduacao\/af-grade-2019-2023\/\" target=\"_blank\" rel=\"noopener\">\u25ba Cursos Grades 2019 e 2023: Licenciatura Integral(12A), Licenciatura Noturno(104A) e Bacharelado Integral(12B)<\/a><\/strong><\/p>\n<p>&nbsp;<\/p>\n<p style=\"text-align: left\"><a href=\"https:\/\/www.quimica.ufpr.br\/paginas\/graduacao\/af-104a-grade-antiga\/\" target=\"_blank\" rel=\"noopener\"><strong>\u25ba Curso grade antiga: Licenciatura Noturno ( 104A &#8211; vers\u00e3o 2009 )<\/strong><\/a><\/p>\n<p>&nbsp;<\/p>\n<hr \/>\n<p>&nbsp;<\/p>\n<p class=\"x_x_Texto_Justificado_12 x_x_ContentPasted0 x_ContentPasted0\">Conforme estabelece a\u00a0RESOLU\u00c7\u00c3O N\u00ba 70\/04-CEPE:<\/p>\n<p class=\"x_x_Texto_Justificado_12\"><em class=\"x_x_ContentPasted0 x_ContentPasted0\">Art. 6.\u00ba &#8211; As Atividades Formativas ser\u00e3o realizadas no decorrer dos cursos de gradua\u00e7\u00e3o ou dos cursos de ensino profissionalizante, mediante acompanhamento definido pelos Colegiados de Curso e far\u00e3o parte do hist\u00f3rico escolar do aluno.\u00a0<\/em><\/p>\n<p>&nbsp;<\/p>\n<p>Os discentes devem entregar as atividades formativas at\u00e9 no m\u00e1ximo o \u00faltimo semestre do curso, quando estiverem cursando as \u00faltimas disciplinas da matriz curricular do seu curso, <strong>sob o risco de irem para\u00a0abandono\u00a0caso\u00a0n\u00e3o apresentem\u00a0dentro dos semestres regulares.<\/strong><\/p>\n<hr \/>\n<hr \/>\n<p>&nbsp;<\/p>\n<p style=\"text-align: center\"><strong>Membros da COAF &#8211; Comiss\u00e3o de Atividades Formativas<br \/>\n<\/strong><\/p>\n<pre><strong>\r\nLicenciatura e Bacharelado - Professores:\r\n<\/strong>\r\n<\/pre>\n<ul>\n<li>Everton Bedin <em>(174\u00aa Reuni\u00e3o do Colegiado, realizada em 12\/03\/2020).<\/em><\/li>\n<li>Frederico Luis Soares (<em>202\u00aa Reuni\u00e3o do Colegiado, realizada em 10\/04\/2025<\/em>).<\/li>\n<li>Herbert Winnischofer (<em>195\u00aa Reuni\u00e3o do Colegiado, realizada em 14\/06\/2023<\/em>).<\/li>\n<\/ul>\n<p>&nbsp;<\/p>\n<hr \/>\n<p>&nbsp;<\/p>\n","protected":false},"excerpt":{"rendered":"<p>ATIVIDADES FORMATIVAS \u25ba Prazo Final para o envio das Atividades Formativas: Para formandos do 1\u00baS\/2026: Enviar at\u00e9 22\/MAIO\/2026. Para formandos do : \u00baS\/2025: Enviar entre os dias 10\/OUTUBRO a 10\/DEZEMBRO\/2025. &nbsp; As\u00a0Atividades Formativas Complementares n\u00e3o caracterizam matr\u00edcula em disciplina, portanto n\u00e3o h\u00e1 justificativa para a manuten\u00e7\u00e3o do v\u00ednculo acad\u00eamico, por mais um semestre, em raz\u00e3o [&hellip;]<\/p>\n","protected":false},"author":34,"featured_media":0,"parent":0,"menu_order":0,"comment_status":"closed","ping_status":"closed","template":"","meta":{"footnotes":""},"class_list":["post-162","page","type-page","status-publish","hentry"],"_links":{"self":[{"href":"http:\/\/www.quimica.ufpr.br\/paginas\/graduacao\/wp-json\/wp\/v2\/pages\/162","targetHints":{"allow":["GET"]}}],"collection":[{"href":"http:\/\/www.quimica.ufpr.br\/paginas\/graduacao\/wp-json\/wp\/v2\/pages"}],"about":[{"href":"http:\/\/www.quimica.ufpr.br\/paginas\/graduacao\/wp-json\/wp\/v2\/types\/page"}],"author":[{"embeddable":true,"href":"http:\/\/www.quimica.ufpr.br\/paginas\/graduacao\/wp-json\/wp\/v2\/users\/34"}],"replies":[{"embeddable":true,"href":"http:\/\/www.quimica.ufpr.br\/paginas\/graduacao\/wp-json\/wp\/v2\/comments?post=162"}],"version-history":[{"count":98,"href":"http:\/\/www.quimica.ufpr.br\/paginas\/graduacao\/wp-json\/wp\/v2\/pages\/162\/revisions"}],"predecessor-version":[{"id":9222,"href":"http:\/\/www.quimica.ufpr.br\/paginas\/graduacao\/wp-json\/wp\/v2\/pages\/162\/revisions\/9222"}],"wp:attachment":[{"href":"http:\/\/www.quimica.ufpr.br\/paginas\/graduacao\/wp-json\/wp\/v2\/media?parent=162"}],"curies":[{"name":"wp","href":"https:\/\/api.w.org\/{rel}","templated":true}]}}

<p style="text-align: center"><strong>ATIVIDADES FORMATIVAS</strong></p>
<p><span style="color: #ff0000"><strong>► Prazo Final para o envio das Atividades Formativas:</strong></span></p>
<ul>
<li>Para formandos do 1ºS/2026: Enviar <strong style="color: #ff0000">até 22/MAIO/2026.</strong></li>
<li>Para formandos do : ºS/2025: Enviar entre os dias<strong style="color: #ff0000"> 10/OUTUBRO a 10/DEZEMBRO/2025.</strong></li>
</ul>
<p>&nbsp;</p>
<p style="text-align: center"><strong>As <em><u>Atividades Formativas Complementares</u></em> não caracterizam matrícula em disciplina, portanto não há justificativa para a manutenção do vínculo acadêmico, por mais um semestre, em razão única de lançamento de horas de Atividades Formativas. </strong></p>
<p>&nbsp;</p>
<hr />
<p>&nbsp;</p>
<p style="text-align: center"><strong>INFORMAÇÕES E ORIENTAÇÕES PARA O ENVIO DA DOCUMENTAÇÃO</strong></p>
<p>&nbsp;</p>
<p><strong><a href="https://www.quimica.ufpr.br/paginas/graduacao/af-grade-2019-2023/" target="_blank" rel="noopener">► Cursos Grades 2019 e 2023: Licenciatura Integral(12A), Licenciatura Noturno(104A) e Bacharelado Integral(12B)</a></strong></p>
<p>&nbsp;</p>
<p style="text-align: left"><a href="https://www.quimica.ufpr.br/paginas/graduacao/af-104a-grade-antiga/" target="_blank" rel="noopener"><strong>► Curso grade antiga: Licenciatura Noturno ( 104A &#8211; versão 2009 )</strong></a></p>
<p>&nbsp;</p>
<hr />
<p>&nbsp;</p>
<p class="x_x_Texto_Justificado_12 x_x_ContentPasted0 x_ContentPasted0">Conforme estabelece a RESOLUÇÃO Nº 70/04-CEPE:</p>
<p class="x_x_Texto_Justificado_12"><em class="x_x_ContentPasted0 x_ContentPasted0">Art. 6.º &#8211; As Atividades Formativas serão realizadas no decorrer dos cursos de graduação ou dos cursos de ensino profissionalizante, mediante acompanhamento definido pelos Colegiados de Curso e farão parte do histórico escolar do aluno. </em></p>
<p>&nbsp;</p>
<p>Os discentes devem entregar as atividades formativas até no máximo o último semestre do curso, quando estiverem cursando as últimas disciplinas da matriz curricular do seu curso, <strong>sob o risco de irem para abandono caso não apresentem dentro dos semestres regulares.</strong></p>
<hr />
<hr />
<p>&nbsp;</p>
<p style="text-align: center"><strong>Membros da COAF &#8211; Comissão de Atividades Formativas<br />
</strong></p>
<pre><strong>
Licenciatura e Bacharelado - Professores:
</strong>
</pre>
<ul>
<li>Everton Bedin <em>(174ª Reunião do Colegiado, realizada em 12/03/2020).</em></li>
<li>Frederico Luis Soares (<em>202ª Reunião do Colegiado, realizada em 10/04/2025</em>).</li>
<li>Herbert Winnischofer (<em>195ª Reunião do Colegiado, realizada em 14/06/2023</em>).</li>
</ul>
<p>&nbsp;</p>
<hr />
<p>&nbsp;</p>

<p>ATIVIDADES FORMATIVAS ► Prazo Final para o envio das Atividades Formativas: Para formandos do 1ºS/2026: Enviar até 22/MAIO/2026. Para formandos do : ºS/2025: Enviar entre os dias 10/OUTUBRO a 10/DEZEMBRO/2025. &nbsp; As Atividades Formativas Complementares não caracterizam matrícula em disciplina, portanto não há justificativa para a manutenção do vínculo acadêmico, por mais um semestre, em razão [&hellip;]</p>
