{"id":16,"date":"2013-08-06T12:26:57","date_gmt":"2013-08-06T15:26:57","guid":{"rendered":"http:\/\/www.quimica.ufpr.br\/paginas\/graduacao\/?page_id=16"},"modified":"2025-06-11T09:42:17","modified_gmt":"2025-06-11T12:42:17","slug":"contato","status":"publish","type":"page","link":"http:\/\/www.quimica.ufpr.br\/paginas\/graduacao\/contato\/","title":{"rendered":"Contato"},"content":{"rendered":"<div id=\"pl-16\"  class=\"panel-layout\" ><div id=\"pg-16-0\"  class=\"panel-grid panel-no-style\" ><div id=\"pgc-16-0-0\"  class=\"panel-grid-cell\" ><div id=\"panel-16-0-0-0\" class=\"so-panel widget widget_sow-editor panel-first-child panel-last-child\" data-index=\"0\" ><div\n\t\t\t\n\t\t\tclass=\"so-widget-sow-editor so-widget-sow-editor-base\"\n\t\t\t\n\t\t>\n<div class=\"siteorigin-widget-tinymce textwidget\">\n\t<h2>Coordena\u00e7\u00e3o do curso de Qu\u00edmica<\/h2>\n<p>&nbsp;<\/p>\n<blockquote class=\"eventos\">\n<p style=\"text-align: center\"><strong>\u25ba E-mail da Coordena\u00e7\u00e3o: <\/strong><\/p>\n<p>&nbsp;<\/p>\n<p style=\"text-align: center\"><strong>coordenacao.quimica@ufpr.br<\/strong><\/p>\n<\/blockquote>\n<p>&nbsp;<\/p>\n<blockquote class=\"eventos\">\n<ul>\n<li>Coordenador: Prof. Dr. Frederico Luis Soares ( frederico.soares@ufpr.br )<\/li>\n<li>Vice-Coordenador: Prof. Dr. Marcio Vidotti ( mvidotti@ufpr.br )<\/li>\n<li>Assistente em Administra\u00e7\u00e3o: Isac Vasconcelos (isacluis@ufpr.br)<\/li>\n<li>Assistente em Administra\u00e7\u00e3o: Manoel Felipe Figueiredo (manoel.felipe<em>@<\/em>ufpr<em>.br<\/em>)<\/li>\n<\/ul>\n<p>&nbsp;<\/p>\n<ul>\n<li><strong>Telefone: Indispon\u00edvel - As demandas n\u00e3o presenciais est\u00e3o sendo atendidas atrav\u00e9s do email da coordena\u00e7\u00e3o.<\/strong><\/li>\n<\/ul>\n<p>&nbsp;<\/p>\n<p style=\"text-align: center\">Universidade Federal do Paran\u00e1<br \/>\nCoordena\u00e7\u00e3o do Curso de Qu\u00edmica<br \/>\nCentro Polit\u00e9cnico - Jardim das Am\u00e9ricas<br \/>\nCEP - 81.531-980 - Caixa Postal 19061* (* Identificar como Coord.Qu\u00edmica *)<br \/>\nCuritiba - Paran\u00e1 - Brasil<\/p>\n<\/blockquote>\n<\/div>\n<\/div><\/div><\/div><\/div><\/div>","protected":false},"excerpt":{"rendered":"<p>Coordena\u00e7\u00e3o do curso de Qu\u00edmica &nbsp; \u25ba E-mail da Coordena\u00e7\u00e3o: &nbsp; coordenacao.quimica@ufpr.br &nbsp; Coordenador: Prof. Dr. Frederico Luis Soares ( frederico.soares@ufpr.br ) Vice-Coordenador: Prof. Dr. Marcio Vidotti ( mvidotti@ufpr.br ) Assistente em Administra\u00e7\u00e3o: Isac Vasconcelos (isacluis@ufpr.br) Assistente em Administra\u00e7\u00e3o: Manoel Felipe Figueiredo (manoel.felipe@ufpr.br) &nbsp; Telefone: Indispon\u00edvel &#8211; As demandas n\u00e3o presenciais est\u00e3o sendo atendidas atrav\u00e9s [&hellip;]<\/p>\n","protected":false},"author":34,"featured_media":0,"parent":0,"menu_order":0,"comment_status":"closed","ping_status":"closed","template":"","meta":{"footnotes":""},"class_list":["post-16","page","type-page","status-publish","hentry"],"_links":{"self":[{"href":"http:\/\/www.quimica.ufpr.br\/paginas\/graduacao\/wp-json\/wp\/v2\/pages\/16","targetHints":{"allow":["GET"]}}],"collection":[{"href":"http:\/\/www.quimica.ufpr.br\/paginas\/graduacao\/wp-json\/wp\/v2\/pages"}],"about":[{"href":"http:\/\/www.quimica.ufpr.br\/paginas\/graduacao\/wp-json\/wp\/v2\/types\/page"}],"author":[{"embeddable":true,"href":"http:\/\/www.quimica.ufpr.br\/paginas\/graduacao\/wp-json\/wp\/v2\/users\/34"}],"replies":[{"embeddable":true,"href":"http:\/\/www.quimica.ufpr.br\/paginas\/graduacao\/wp-json\/wp\/v2\/comments?post=16"}],"version-history":[{"count":31,"href":"http:\/\/www.quimica.ufpr.br\/paginas\/graduacao\/wp-json\/wp\/v2\/pages\/16\/revisions"}],"predecessor-version":[{"id":8707,"href":"http:\/\/www.quimica.ufpr.br\/paginas\/graduacao\/wp-json\/wp\/v2\/pages\/16\/revisions\/8707"}],"wp:attachment":[{"href":"http:\/\/www.quimica.ufpr.br\/paginas\/graduacao\/wp-json\/wp\/v2\/media?parent=16"}],"curies":[{"name":"wp","href":"https:\/\/api.w.org\/{rel}","templated":true}]}}