{"id":129,"date":"2017-01-18T18:15:13","date_gmt":"2017-01-18T20:15:13","guid":{"rendered":"http:\/\/www.quimica.ufpr.br\/paginas\/graduacao\/?page_id=129"},"modified":"2025-09-02T11:05:04","modified_gmt":"2025-09-02T14:05:04","slug":"colegiado","status":"publish","type":"page","link":"http:\/\/www.quimica.ufpr.br\/paginas\/graduacao\/colegiado\/","title":{"rendered":"Colegiado"},"content":{"rendered":"<div id=\"pl-129\"  class=\"panel-layout\" ><div id=\"pg-129-0\"  class=\"panel-grid panel-no-style\" ><div id=\"pgc-129-0-0\"  class=\"panel-grid-cell\" ><div id=\"panel-129-0-0-0\" class=\"so-panel widget widget_sow-editor panel-first-child\" data-index=\"0\" ><div\n\t\t\t\n\t\t\tclass=\"so-widget-sow-editor so-widget-sow-editor-base\"\n\t\t\t\n\t\t>\n<div class=\"siteorigin-widget-tinymce textwidget\">\n\t<table style=\"width: 772px;height: 2524px\" width=\"434\">\n<tbody>\n<tr style=\"height: 24px\">\n<td style=\"width: 150.465%;height: 24px;text-align: center\" colspan=\"2\" width=\"434\"><strong>COORDENADOR E VICE-COORDENADOR<\/strong><\/td>\n<\/tr>\n<tr style=\"height: 24px\">\n<td style=\"width: 21.1628%;height: 24px;text-align: center\"><\/td>\n<td style=\"width: 129.302%;height: 24px;text-align: center\">FREDERIDO LUIS FELIPE SOARES<\/td>\n<\/tr>\n<tr style=\"height: 24px\">\n<td style=\"width: 21.1628%;height: 24px;text-align: center\"><\/td>\n<td style=\"width: 129.302%;height: 24px;text-align: center\">MARCIO EDUARDO VIDOTTI MIYATA<\/td>\n<\/tr>\n<tr style=\"height: 24px\">\n<td style=\"width: 21.1628%;height: 24px;text-align: center\"><\/td>\n<td style=\"width: 129.302%;height: 24px;text-align: center\"><\/td>\n<\/tr>\n<tr style=\"height: 24px\">\n<td style=\"width: 150.465%;height: 24px;text-align: center\" colspan=\"2\"><strong>DEPARTAMENTO DE BIOQU\u00cdMICA\u00a0<\/strong><\/td>\n<\/tr>\n<tr style=\"height: 24px\">\n<td style=\"width: 21.1628%;height: 24px;text-align: center\">TITULAR<\/td>\n<td style=\"width: 129.302%;height: 24px;text-align: center\">LEDA SATIE CHUBATSU<\/td>\n<\/tr>\n<tr style=\"height: 24px\">\n<td style=\"width: 21.1628%;height: 24px;text-align: center\">SUPLENTE<\/td>\n<td style=\"width: 129.302%;height: 24px;text-align: center\">CARMEN L\u00daCIA DE OLIVEIRA PETKOWICZ<\/td>\n<\/tr>\n<tr style=\"height: 24px\">\n<td style=\"width: 21.1628%;height: 24px;text-align: center\"><\/td>\n<td style=\"width: 129.302%;height: 24px;text-align: center\"><\/td>\n<\/tr>\n<tr style=\"height: 24px\">\n<td style=\"width: 150.465%;height: 24px;text-align: center\" colspan=\"2\"><strong>DEPARTAMENTO DE ENGENHARIA QU\u00cdMICA\u00a0<\/strong><\/td>\n<\/tr>\n<tr style=\"height: 24px\">\n<td style=\"width: 21.1628%;height: 24px;text-align: center\">TITULAR<\/td>\n<td style=\"width: 129.302%;height: 24px;text-align: center\">VITOR RENAN DA SILVA<\/td>\n<\/tr>\n<tr style=\"height: 24px\">\n<td style=\"width: 21.1628%;height: 24px;text-align: center\">SUPLENTE<\/td>\n<td style=\"width: 129.302%;height: 24px;text-align: center\">ARION ZANDON\u00c1 FILHO<\/td>\n<\/tr>\n<tr style=\"height: 24px\">\n<td style=\"width: 21.1628%;height: 24px;text-align: center\"><\/td>\n<td style=\"width: 129.302%;height: 24px;text-align: center\"><\/td>\n<\/tr>\n<tr style=\"height: 24px\">\n<td style=\"width: 150.465%;height: 24px;text-align: center\" colspan=\"2\"><strong>DEPARTAMENTO DE ESTAT\u00cdSTICA<\/strong><\/td>\n<\/tr>\n<tr style=\"height: 24px\">\n<td style=\"width: 21.1628%;height: 24px;text-align: center\">TITULAR<\/td>\n<td style=\"width: 129.302%;height: 24px;text-align: center\">BENITO ORLANDO OLIVARES AGUILERA<\/td>\n<\/tr>\n<tr style=\"height: 24px\">\n<td style=\"width: 21.1628%;height: 24px;text-align: center\">SUPLENTE<\/td>\n<td style=\"width: 129.302%;height: 24px;text-align: center\">FERNANDA BUHRER RIZZATO<\/td>\n<\/tr>\n<tr style=\"height: 24px\">\n<td style=\"width: 21.1628%;height: 24px;text-align: center\"><\/td>\n<td style=\"width: 129.302%;height: 24px;text-align: center\"><\/td>\n<\/tr>\n<tr style=\"height: 24px\">\n<td style=\"width: 150.465%;height: 24px;text-align: center\" colspan=\"2\"><strong>DEPARTAMENTO DE EXPRESS\u00c3O GR\u00c1FICA\u00a0<\/strong><\/td>\n<\/tr>\n<tr style=\"height: 24px\">\n<td style=\"width: 21.1628%;height: 24px;text-align: center\">TITULAR<\/td>\n<td style=\"width: 129.302%;height: 24px;text-align: center\">ZULEICA FARIA DE MEDEIROS<\/td>\n<\/tr>\n<tr style=\"height: 24px\">\n<td style=\"width: 21.1628%;height: 24px;text-align: center\">SUPLENTE<\/td>\n<td style=\"width: 129.302%;height: 24px;text-align: center\">B\u00c1RBARA DE CASSIA XAVIER CASSINS AGUIAR<\/td>\n<\/tr>\n<tr style=\"height: 24px\">\n<td style=\"width: 21.1628%;height: 24px;text-align: center\"><\/td>\n<td style=\"width: 129.302%;height: 24px;text-align: center\"><\/td>\n<\/tr>\n<tr style=\"height: 24px\">\n<td style=\"width: 150.465%;height: 24px;text-align: center\" colspan=\"2\"><strong>DEPARTAMENTO DE F\u00cdSICA\u00a0<\/strong><\/td>\n<\/tr>\n<tr style=\"height: 24px\">\n<td style=\"width: 21.1628%;height: 24px;text-align: center\">TITULAR<\/td>\n<td style=\"width: 129.302%;height: 24px;text-align: center\">JOS\u00c9 ARRUDA DE OLIVEIRA FREIRE<\/td>\n<\/tr>\n<tr style=\"height: 24px\">\n<td style=\"width: 21.1628%;height: 24px;text-align: center\">SUPLENTE<\/td>\n<td style=\"width: 129.302%;height: 24px;text-align: center\">MARLUS KOEHLER<\/td>\n<\/tr>\n<tr style=\"height: 24px\">\n<td style=\"width: 21.1628%;height: 24px;text-align: center\"><\/td>\n<td style=\"width: 129.302%;height: 24px;text-align: center\"><\/td>\n<\/tr>\n<tr style=\"height: 24px\">\n<td style=\"width: 150.465%;height: 24px;text-align: center\" colspan=\"2\"><strong>DEPARTAMENTO DE GEOLOGIA\u00a0<\/strong><\/td>\n<\/tr>\n<tr style=\"height: 24px\">\n<td style=\"width: 21.1628%;height: 24px;text-align: center\">TITULAR<\/td>\n<td style=\"width: 129.302%;height: 24px;text-align: center\">EDUARDO CHEMAS HINDI<\/td>\n<\/tr>\n<tr style=\"height: 24px\">\n<td style=\"width: 21.1628%;height: 24px;text-align: center\">SUPLENTE<\/td>\n<td style=\"width: 129.302%;height: 24px;text-align: center\">LEONARDO EVANGELISTA LAGOEIRO<\/td>\n<\/tr>\n<tr style=\"height: 24px\">\n<td style=\"width: 21.1628%;height: 24px;text-align: center\"><\/td>\n<td style=\"width: 129.302%;height: 24px;text-align: center\"><\/td>\n<\/tr>\n<tr style=\"height: 24px\">\n<td style=\"width: 150.465%;height: 24px;text-align: center\" colspan=\"2\"><strong>DEPARTAMENTO DE INFORM\u00c1TICA\u00a0<\/strong><\/td>\n<\/tr>\n<tr style=\"height: 24px\">\n<td style=\"width: 21.1628%;height: 24px;text-align: center\">TITULAR<\/td>\n<td style=\"width: 129.302%;height: 24px;text-align: center\">ANDR\u00c9 LUIZ VIGNATTI<\/td>\n<\/tr>\n<tr style=\"height: 24px\">\n<td style=\"width: 21.1628%;height: 24px;text-align: center\">SUPLENTE<\/td>\n<td style=\"width: 129.302%;height: 24px;text-align: center\">ELENICE NOVAK<\/td>\n<\/tr>\n<tr style=\"height: 24px\">\n<td style=\"width: 21.1628%;height: 24px;text-align: center\"><\/td>\n<td style=\"width: 129.302%;height: 24px;text-align: center\"><\/td>\n<\/tr>\n<tr style=\"height: 24px\">\n<td style=\"width: 150.465%;height: 24px;text-align: center\" colspan=\"2\"><strong>DEPARTAMENTO DE MATEM\u00c1TICA\u00a0<\/strong><\/td>\n<\/tr>\n<tr style=\"height: 24px\">\n<td style=\"width: 21.1628%;height: 24px;text-align: center\">TITULAR<\/td>\n<td style=\"width: 129.302%;height: 24px;text-align: center\">JUAN CARLOS VIILA BRAVO<\/td>\n<\/tr>\n<tr style=\"height: 24px\">\n<td style=\"width: 21.1628%;height: 24px;text-align: center\">SUPLENTE<\/td>\n<td style=\"width: 129.302%;height: 24px;text-align: center\">JOS\u00c9 JO\u00c3O ROSSETTO<\/td>\n<\/tr>\n<tr style=\"height: 24px\">\n<td style=\"width: 21.1628%;height: 24px;text-align: center\"><\/td>\n<td style=\"width: 129.302%;height: 24px;text-align: center\"><\/td>\n<\/tr>\n<tr style=\"height: 24px\">\n<td style=\"width: 150.465%;height: 24px;text-align: center\" colspan=\"2\"><strong>DEPARTAMENTO DE QU\u00cdMICA\u00a0<\/strong><\/td>\n<\/tr>\n<tr style=\"height: 24px\">\n<td style=\"width: 21.1628%;height: 24px;text-align: center\">TITULAR<\/td>\n<td style=\"width: 129.302%;height: 24px;text-align: center\">BRUNO JOS\u00c9 GON\u00c7ALVES DA SILVA<\/td>\n<\/tr>\n<tr style=\"height: 24px\">\n<td style=\"width: 21.1628%;height: 24px;text-align: center\">TITULAR<\/td>\n<td style=\"width: 129.302%;height: 24px;text-align: center\">CLARICE DIAS BRITTO DO AMARAL<\/td>\n<\/tr>\n<tr style=\"height: 24px\">\n<td style=\"width: 21.1628%;height: 24px;text-align: center\">TITULAR<\/td>\n<td style=\"width: 129.302%;height: 24px;text-align: center\">EVERTON BEDIN<\/td>\n<\/tr>\n<tr style=\"height: 24px\">\n<td style=\"width: 21.1628%;height: 24px;text-align: center\">TITULAR<\/td>\n<td style=\"width: 129.302%;height: 24px;text-align: center\">DIEGO GUEDES SOBRINHO<\/td>\n<\/tr>\n<tr style=\"height: 24px\">\n<td style=\"width: 21.1628%;height: 24px;text-align: center\">TITULAR<\/td>\n<td style=\"width: 129.302%;height: 24px;text-align: center\">FL\u00c1VIO MASSAO MATSUMOTO<\/td>\n<\/tr>\n<tr style=\"height: 24px\">\n<td style=\"width: 21.1628%;height: 24px;text-align: center\">TITULAR<\/td>\n<td style=\"width: 129.302%;height: 24px;text-align: center\">GILBERTO ABATE<\/td>\n<\/tr>\n<tr style=\"height: 24px\">\n<td style=\"width: 21.1628%;height: 24px;text-align: center\">TITULAR<\/td>\n<td style=\"width: 129.302%;height: 24px;text-align: center\">HARLEY PAIVA MARTINS FILHO<\/td>\n<\/tr>\n<tr style=\"height: 24px\">\n<td style=\"width: 21.1628%;height: 24px;text-align: center\">TITULAR<\/td>\n<td style=\"width: 129.302%;height: 24px;text-align: center\">MARIA APARECIDA FERREIRA C\u00c9SAR-OLIVEIRA<\/td>\n<\/tr>\n<tr style=\"height: 24px\">\n<td style=\"width: 21.1628%;height: 24px;text-align: center\">TITULAR<\/td>\n<td style=\"width: 129.302%;height: 24px;text-align: center\">NOEMI NAGATA<\/td>\n<\/tr>\n<tr style=\"height: 24px\">\n<td style=\"width: 21.1628%;height: 24px;text-align: center\">TITULAR<\/td>\n<td style=\"width: 129.302%;height: 24px;text-align: center\">PATRICIO GUILLERMO PERALTA ZAMORA<\/td>\n<\/tr>\n<tr style=\"height: 24px\">\n<td style=\"width: 21.1628%;height: 24px;text-align: center\">TITULAR<\/td>\n<td style=\"width: 129.302%;height: 24px;text-align: center\">DIOGO SILVA PELLOSI<\/td>\n<\/tr>\n<tr style=\"height: 24px\">\n<td style=\"width: 21.1628%;height: 24px;text-align: center\">TITULAR<\/td>\n<td style=\"width: 129.302%;height: 24px;text-align: center\">SHIRLEY NAKAGAKI BASTOS<\/td>\n<\/tr>\n<tr style=\"height: 24px\">\n<td style=\"width: 21.1628%;height: 24px;text-align: center\">SUPLENTE<\/td>\n<td style=\"width: 129.302%;height: 24px;text-align: center\">GLAUCIA PANTANO<\/td>\n<\/tr>\n<tr style=\"height: 24px\">\n<td style=\"width: 21.1628%;height: 24px;text-align: center\">SUPLENTE<\/td>\n<td style=\"width: 129.302%;height: 24px;text-align: center\">ROBERTO DALMO VARALLO LIMA DE OLIVEIRA<\/td>\n<\/tr>\n<tr style=\"height: 24px\">\n<td style=\"width: 21.1628%;height: 24px;text-align: center\">SUPLENTE<\/td>\n<td style=\"width: 129.302%;height: 24px;text-align: center\">FRANCISCO DE ASSIS MARQUES<\/td>\n<\/tr>\n<tr style=\"height: 24px\">\n<td style=\"width: 21.1628%;height: 24px;text-align: center\">SUPLENTE<\/td>\n<td style=\"width: 129.302%;height: 24px;text-align: center\">ANDREA PINTO DE OLIVEIRA<\/td>\n<\/tr>\n<tr style=\"height: 24px\">\n<td style=\"width: 21.1628%;height: 24px;text-align: center\">SUPLENTE<\/td>\n<td style=\"width: 129.302%;height: 24px;text-align: center\">IZABEL CRISTINA RIEGEL VIDOTTI MIYATA<\/td>\n<\/tr>\n<tr style=\"height: 24px\">\n<td style=\"width: 21.1628%;height: 24px;text-align: center\">SUPLENTE<\/td>\n<td style=\"width: 129.302%;height: 24px;text-align: center\">JA\u00cdSA FERNANDES SOARES<\/td>\n<\/tr>\n<tr style=\"height: 24px\">\n<td style=\"width: 21.1628%;height: 24px;text-align: center\">SUPLENTE<\/td>\n<td style=\"width: 129.302%;height: 24px;text-align: center\">LILIANA MICARONI<\/td>\n<\/tr>\n<tr style=\"height: 24px\">\n<td style=\"width: 21.1628%;height: 24px;text-align: center\">SUPLENTE<\/td>\n<td style=\"width: 129.302%;height: 24px;text-align: center\">SONIA FARIA ZAWADZKI<\/td>\n<\/tr>\n<tr style=\"height: 24px\">\n<td style=\"width: 21.1628%;height: 24px;text-align: center\"><\/td>\n<td style=\"width: 129.302%;height: 24px;text-align: center\"><\/td>\n<\/tr>\n<tr style=\"height: 24px\">\n<td style=\"width: 150.465%;height: 24px;text-align: center\" colspan=\"2\"><strong>DEPARTAMENTO DE TEORIA E PR\u00c1TICA DE ENSINO<\/strong><\/td>\n<\/tr>\n<tr style=\"height: 24px\">\n<td style=\"width: 21.1628%;height: 24px;text-align: center\">TITULAR<\/td>\n<td style=\"width: 129.302%;height: 24px;text-align: center\">SONIA MARIA CHAVES HARECEMIV<\/td>\n<\/tr>\n<tr style=\"height: 24px\">\n<td style=\"width: 21.1628%;height: 24px;text-align: center\">SUPLENTE<\/td>\n<td style=\"width: 129.302%;height: 24px;text-align: center\">LIANE MARIA VARGAS BARBOZA<\/td>\n<\/tr>\n<tr style=\"height: 24px\">\n<td style=\"width: 21.1628%;height: 24px;text-align: center\"><\/td>\n<td style=\"width: 129.302%;height: 24px;text-align: center\"><\/td>\n<\/tr>\n<tr style=\"height: 24px\">\n<td style=\"width: 150.465%;height: 24px;text-align: center\" colspan=\"2\"><strong>DEPARTAMENTO DE PLANEJAMENTO E ADMINISTRA\u00c7\u00c3O ESCOLAR<\/strong><\/td>\n<\/tr>\n<tr style=\"height: 24px\">\n<td style=\"width: 21.1628%;height: 24px;text-align: center\">TITULAR<\/td>\n<td style=\"width: 129.302%;height: 24px;text-align: center\">ELIS\u00c2NGELA ALVES DA SILVA SCAFF<\/td>\n<\/tr>\n<tr style=\"height: 24px\">\n<td style=\"width: 21.1628%;height: 24px;text-align: center\">SUPLENTE<\/td>\n<td style=\"width: 129.302%;height: 24px;text-align: center\"><\/td>\n<\/tr>\n<tr style=\"height: 24px\">\n<td style=\"width: 21.1628%;height: 24px;text-align: center\"><\/td>\n<td style=\"width: 129.302%;height: 24px;text-align: center\"><\/td>\n<\/tr>\n<tr style=\"height: 24px\">\n<td style=\"width: 150.465%;height: 24px;text-align: center\" colspan=\"2\"><strong>DEPARTAMENTO DE TEORIA E FUNDAMENTOS DA EDUCA\u00c7\u00c3O<\/strong><\/td>\n<\/tr>\n<tr style=\"height: 24px\">\n<td style=\"width: 21.1628%;height: 24px;text-align: center\">TITULAR<\/td>\n<td style=\"width: 129.302%;height: 24px;text-align: center\">GABRIELA ISABEL REYES ORME\u00d1O<\/td>\n<\/tr>\n<tr style=\"height: 24px\">\n<td style=\"width: 21.1628%;height: 24px;text-align: center\">SUPLENTE<\/td>\n<td style=\"width: 129.302%;height: 24px;text-align: center\">YANINA MICAELA SAMMARCO<\/td>\n<\/tr>\n<tr style=\"height: 24px\">\n<td style=\"width: 21.1628%;height: 24px;text-align: center\"><\/td>\n<td style=\"width: 129.302%;height: 24px;text-align: center\"><\/td>\n<\/tr>\n<tr style=\"height: 24px\">\n<td style=\"width: 150.465%;height: 24px;text-align: center\" colspan=\"2\"><\/td>\n<\/tr>\n<tr style=\"height: 24px\">\n<td style=\"width: 21.1628%;height: 24px;text-align: center\"><\/td>\n<td style=\"width: 129.302%;height: 24px;text-align: center\"><\/td>\n<\/tr>\n<tr style=\"height: 24px\">\n<td style=\"width: 21.1628%;height: 24px;text-align: center\"><\/td>\n<td style=\"width: 129.302%;height: 24px;text-align: center\"><\/td>\n<\/tr>\n<tr style=\"height: 24px\">\n<td style=\"width: 21.1628%;height: 24px;text-align: center\"><\/td>\n<td style=\"width: 129.302%;height: 24px;text-align: center\"><strong>REPRESENTANTES DISCENTES<\/strong><\/td>\n<\/tr>\n<tr style=\"height: 24px\">\n<td style=\"width: 21.1628%;height: 24px;text-align: center\">TITULAR<\/td>\n<td style=\"width: 129.302%;height: 24px;text-align: center\">Pedro Henrique Duarte Hernandes<\/td>\n<\/tr>\n<tr style=\"height: 24px\">\n<td style=\"width: 21.1628%;height: 24px;text-align: center\">TITULAR<\/td>\n<td style=\"width: 129.302%;height: 24px;text-align: center\">Gisele Hermogenes Gebauer<\/td>\n<\/tr>\n<tr style=\"height: 24px\">\n<td style=\"width: 21.1628%;height: 24px;text-align: center\">TITULAR<\/td>\n<td style=\"width: 129.302%;height: 24px;text-align: center\">Giovanna de Maia Hungerbuhler<\/td>\n<\/tr>\n<tr style=\"height: 24px\">\n<td style=\"width: 21.1628%;height: 24px;text-align: center\">TITULAR<\/td>\n<td style=\"width: 129.302%;height: 24px;text-align: center\" width=\"349\">B\u00e1rbara Millbratz<\/td>\n<\/tr>\n<tr style=\"height: 24px\">\n<td style=\"width: 21.1628%;height: 24px;text-align: center\">TITULAR<\/td>\n<td style=\"width: 129.302%;height: 24px;text-align: center\">Vin\u00edcius Pedrozo<\/td>\n<\/tr>\n<tr style=\"height: 24px\">\n<td style=\"width: 21.1628%;height: 24px;text-align: center\">SUPLENTE<\/td>\n<td style=\"width: 129.302%;height: 24px;text-align: center\">Leonardo Olekzechen<\/td>\n<\/tr>\n<tr style=\"height: 24px\">\n<td style=\"width: 21.1628%;height: 24px;text-align: center\">SUPLENTE<\/td>\n<td style=\"width: 129.302%;height: 24px;text-align: center\">Nicole Furtonato<\/td>\n<\/tr>\n<tr style=\"height: 24px\">\n<td style=\"width: 21.1628%;height: 24px;text-align: center\">SUPLENTE<\/td>\n<td style=\"width: 129.302%;height: 24px;text-align: center\">Roberta de Melo<\/td>\n<\/tr>\n<tr style=\"height: 24px\">\n<td style=\"width: 21.1628%;height: 24px;text-align: center\">SUPLENTE<\/td>\n<td style=\"width: 129.302%;height: 24px;text-align: center\">Valdeir Teixeira<\/td>\n<\/tr>\n<tr style=\"height: 24px\">\n<td style=\"width: 21.1628%;height: 24px;text-align: center\">SUPLENTE<\/td>\n<td style=\"width: 129.302%;height: 24px;text-align: center\">Vinicius da Costa<\/td>\n<\/tr>\n<\/tbody>\n<\/table>\n<\/div>\n<\/div><\/div><div id=\"panel-129-0-0-1\" class=\"so-panel widget widget_sow-editor panel-last-child\" data-index=\"1\" ><div\n\t\t\t\n\t\t\tclass=\"so-widget-sow-editor so-widget-sow-editor-base\"\n\t\t\t\n\t\t>\n<div class=\"siteorigin-widget-tinymce textwidget\">\n\t<p style=\"text-align: right\"><em>*Atualizado em 25\/04\/2025.<\/em><\/p>\n<hr \/>\n<p>&nbsp;<\/p>\n<p><a href=\"http:\/\/www.quimica.ufpr.br\/paginas\/graduacao\/atas-do-colegiado\/\">\u25ba Atas do \u00d3rg\u00e3o Colegiado do Curso de Qu\u00edmica<\/a><\/p>\n<p>&nbsp;<\/p>\n<hr \/>\n<p>&nbsp;<\/p>\n<\/div>\n<\/div><\/div><\/div><\/div><\/div>","protected":false},"excerpt":{"rendered":"<p>COORDENADOR E VICE-COORDENADOR FREDERIDO LUIS FELIPE SOARES MARCIO EDUARDO VIDOTTI MIYATA DEPARTAMENTO DE BIOQU\u00cdMICA\u00a0 TITULAR LEDA SATIE CHUBATSU SUPLENTE CARMEN L\u00daCIA DE OLIVEIRA PETKOWICZ DEPARTAMENTO DE ENGENHARIA QU\u00cdMICA\u00a0 TITULAR VITOR RENAN DA SILVA SUPLENTE ARION ZANDON\u00c1 FILHO DEPARTAMENTO DE ESTAT\u00cdSTICA TITULAR BENITO ORLANDO OLIVARES AGUILERA SUPLENTE FERNANDA BUHRER RIZZATO DEPARTAMENTO DE EXPRESS\u00c3O GR\u00c1FICA\u00a0 TITULAR ZULEICA [&hellip;]<\/p>\n","protected":false},"author":34,"featured_media":0,"parent":0,"menu_order":5,"comment_status":"closed","ping_status":"closed","template":"","meta":{"footnotes":""},"class_list":["post-129","page","type-page","status-publish","hentry"],"_links":{"self":[{"href":"http:\/\/www.quimica.ufpr.br\/paginas\/graduacao\/wp-json\/wp\/v2\/pages\/129","targetHints":{"allow":["GET"]}}],"collection":[{"href":"http:\/\/www.quimica.ufpr.br\/paginas\/graduacao\/wp-json\/wp\/v2\/pages"}],"about":[{"href":"http:\/\/www.quimica.ufpr.br\/paginas\/graduacao\/wp-json\/wp\/v2\/types\/page"}],"author":[{"embeddable":true,"href":"http:\/\/www.quimica.ufpr.br\/paginas\/graduacao\/wp-json\/wp\/v2\/users\/34"}],"replies":[{"embeddable":true,"href":"http:\/\/www.quimica.ufpr.br\/paginas\/graduacao\/wp-json\/wp\/v2\/comments?post=129"}],"version-history":[{"count":39,"href":"http:\/\/www.quimica.ufpr.br\/paginas\/graduacao\/wp-json\/wp\/v2\/pages\/129\/revisions"}],"predecessor-version":[{"id":8971,"href":"http:\/\/www.quimica.ufpr.br\/paginas\/graduacao\/wp-json\/wp\/v2\/pages\/129\/revisions\/8971"}],"wp:attachment":[{"href":"http:\/\/www.quimica.ufpr.br\/paginas\/graduacao\/wp-json\/wp\/v2\/media?parent=129"}],"curies":[{"name":"wp","href":"https:\/\/api.w.org\/{rel}","templated":true}]}}