{"id":102,"date":"2018-10-05T10:16:03","date_gmt":"2018-10-05T13:16:03","guid":{"rendered":"http:\/\/www.quimica.ufpr.br\/paginas\/gpmin\/?page_id=102"},"modified":"2020-09-10T16:17:19","modified_gmt":"2020-09-10T19:17:19","slug":"historia","status":"publish","type":"page","link":"http:\/\/www.quimica.ufpr.br\/paginas\/gpmin\/historia\/","title":{"rendered":"Hist\u00f3ria"},"content":{"rendered":"<div id=\"pl-102\"  class=\"panel-layout\" ><div id=\"pg-102-0\"  class=\"panel-grid panel-no-style\" ><div id=\"pgc-102-0-0\"  class=\"panel-grid-cell\" ><div id=\"panel-102-0-0-0\" class=\"so-panel widget widget_metaslider_widget panel-first-child panel-last-child\" data-index=\"0\" ><div id=\"metaslider-id-105\" style=\"max-width: 1000px;\" class=\"ml-slider-3-107-0 metaslider metaslider-flex metaslider-105 ml-slider has-dots-nav ms-theme-default\" role=\"region\" aria-label=\"Hist\u00f3ria\" data-height=\"300\" data-width=\"1000\">\n    <div id=\"metaslider_container_105\">\n        <div id=\"metaslider_105\">\n            <ul class='slides'>\n                <li style=\"display: block; width: 100%;\" class=\"slide-153 ms-image \" aria-roledescription=\"slide\" data-date=\"2018-10-05 15:41:03\" data-filename=\"2017-08-22-20.11.55.jpg\" data-slide-type=\"image\"><img fetchpriority=\"high\" decoding=\"async\" width=\"720\" height=\"540\" src=\"http:\/\/www.quimica.ufpr.br\/paginas\/gpmin\/wp-content\/uploads\/sites\/11\/2018\/10\/2017-08-22-20.11.55.jpg\" class=\"slider-105 slide-153 msDefaultImage\" alt=\"\" rel=\"\" title=\"2017-08-22 20.11.55\" style=\"margin: 0 auto; width: 40%\" srcset=\"http:\/\/www.quimica.ufpr.br\/paginas\/gpmin\/wp-content\/uploads\/sites\/11\/2018\/10\/2017-08-22-20.11.55.jpg 720w, http:\/\/www.quimica.ufpr.br\/paginas\/gpmin\/wp-content\/uploads\/sites\/11\/2018\/10\/2017-08-22-20.11.55-300x225.jpg 300w\" sizes=\"(max-width: 720px) 100vw, 720px\" \/><\/li>\n                <li style=\"display: none; width: 100%;\" class=\"slide-151 ms-image \" aria-roledescription=\"slide\" data-date=\"2018-10-05 15:41:03\" data-filename=\"2017-08-22-20.12.29.jpg\" data-slide-type=\"image\"><img decoding=\"async\" width=\"720\" height=\"540\" src=\"http:\/\/www.quimica.ufpr.br\/paginas\/gpmin\/wp-content\/uploads\/sites\/11\/2018\/10\/2017-08-22-20.12.29.jpg\" class=\"slider-105 slide-151 msDefaultImage\" alt=\"\" rel=\"\" title=\"2017-08-22 20.12.29\" style=\"margin: 0 auto; width: 40%\" srcset=\"http:\/\/www.quimica.ufpr.br\/paginas\/gpmin\/wp-content\/uploads\/sites\/11\/2018\/10\/2017-08-22-20.12.29.jpg 720w, http:\/\/www.quimica.ufpr.br\/paginas\/gpmin\/wp-content\/uploads\/sites\/11\/2018\/10\/2017-08-22-20.12.29-300x225.jpg 300w\" sizes=\"(max-width: 720px) 100vw, 720px\" \/><\/li>\n                <li style=\"display: none; width: 100%;\" class=\"slide-128 ms-image \" aria-roledescription=\"slide\" data-date=\"2018-10-05 13:04:30\" data-filename=\"2018-10-05-11.19.00-Copia.jpg\" data-slide-type=\"image\"><img loading=\"lazy\" decoding=\"async\" width=\"852\" height=\"639\" src=\"http:\/\/www.quimica.ufpr.br\/paginas\/gpmin\/wp-content\/uploads\/sites\/11\/2018\/10\/2018-10-05-11.19.00-Copia.jpg\" class=\"slider-105 slide-128 msDefaultImage\" alt=\"\" rel=\"\" title=\"2018-10-05 11.19.00 - Copia\" style=\"margin: 0 auto; width: 40%\" srcset=\"http:\/\/www.quimica.ufpr.br\/paginas\/gpmin\/wp-content\/uploads\/sites\/11\/2018\/10\/2018-10-05-11.19.00-Copia.jpg 852w, http:\/\/www.quimica.ufpr.br\/paginas\/gpmin\/wp-content\/uploads\/sites\/11\/2018\/10\/2018-10-05-11.19.00-Copia-300x225.jpg 300w, http:\/\/www.quimica.ufpr.br\/paginas\/gpmin\/wp-content\/uploads\/sites\/11\/2018\/10\/2018-10-05-11.19.00-Copia-768x576.jpg 768w\" sizes=\"(max-width: 852px) 100vw, 852px\" \/><\/li>\n                <li style=\"display: none; width: 100%;\" class=\"slide-129 ms-image \" aria-roledescription=\"slide\" data-date=\"2018-10-05 13:04:30\" data-filename=\"2018-10-05-11.18.13-Copia.jpg\" data-slide-type=\"image\"><img loading=\"lazy\" decoding=\"async\" width=\"775\" height=\"581\" src=\"http:\/\/www.quimica.ufpr.br\/paginas\/gpmin\/wp-content\/uploads\/sites\/11\/2018\/10\/2018-10-05-11.18.13-Copia.jpg\" class=\"slider-105 slide-129 msDefaultImage\" alt=\"\" rel=\"\" title=\"2018-10-05 11.18.13 - Copia\" style=\"margin: 0 auto; width: 40.017211703959%\" srcset=\"http:\/\/www.quimica.ufpr.br\/paginas\/gpmin\/wp-content\/uploads\/sites\/11\/2018\/10\/2018-10-05-11.18.13-Copia.jpg 775w, http:\/\/www.quimica.ufpr.br\/paginas\/gpmin\/wp-content\/uploads\/sites\/11\/2018\/10\/2018-10-05-11.18.13-Copia-300x225.jpg 300w, http:\/\/www.quimica.ufpr.br\/paginas\/gpmin\/wp-content\/uploads\/sites\/11\/2018\/10\/2018-10-05-11.18.13-Copia-768x576.jpg 768w\" sizes=\"(max-width: 775px) 100vw, 775px\" \/><\/li>\n                <li style=\"display: none; width: 100%;\" class=\"slide-148 ms-image \" aria-roledescription=\"slide\" data-date=\"2018-10-05 15:41:02\" data-filename=\"2017-12-05-19.39.47.jpg\" data-slide-type=\"image\"><img loading=\"lazy\" decoding=\"async\" width=\"754\" height=\"532\" src=\"http:\/\/www.quimica.ufpr.br\/paginas\/gpmin\/wp-content\/uploads\/sites\/11\/2018\/10\/2017-12-05-19.39.47.jpg\" class=\"slider-105 slide-148 msDefaultImage\" alt=\"\" rel=\"\" title=\"2017-12-05 19.39.47\" style=\"margin: 0 auto; width: 42.518796992481%\" srcset=\"http:\/\/www.quimica.ufpr.br\/paginas\/gpmin\/wp-content\/uploads\/sites\/11\/2018\/10\/2017-12-05-19.39.47.jpg 754w, http:\/\/www.quimica.ufpr.br\/paginas\/gpmin\/wp-content\/uploads\/sites\/11\/2018\/10\/2017-12-05-19.39.47-300x212.jpg 300w\" sizes=\"(max-width: 754px) 100vw, 754px\" \/><\/li>\n                <li style=\"display: none; width: 100%;\" class=\"slide-130 ms-image \" aria-roledescription=\"slide\" data-date=\"2018-10-05 13:04:31\" data-filename=\"2018-10-05-11.18.14-Copia.jpg\" data-slide-type=\"image\"><img loading=\"lazy\" decoding=\"async\" width=\"1138\" height=\"853\" src=\"http:\/\/www.quimica.ufpr.br\/paginas\/gpmin\/wp-content\/uploads\/sites\/11\/2018\/10\/2018-10-05-11.18.14-Copia.jpg\" class=\"slider-105 slide-130 msDefaultImage\" alt=\"\" rel=\"\" title=\"2018-10-05 11.18.14 - Copia\" style=\"margin: 0 auto; width: 40.023446658851%\" srcset=\"http:\/\/www.quimica.ufpr.br\/paginas\/gpmin\/wp-content\/uploads\/sites\/11\/2018\/10\/2018-10-05-11.18.14-Copia.jpg 1138w, http:\/\/www.quimica.ufpr.br\/paginas\/gpmin\/wp-content\/uploads\/sites\/11\/2018\/10\/2018-10-05-11.18.14-Copia-300x225.jpg 300w, http:\/\/www.quimica.ufpr.br\/paginas\/gpmin\/wp-content\/uploads\/sites\/11\/2018\/10\/2018-10-05-11.18.14-Copia-768x576.jpg 768w, http:\/\/www.quimica.ufpr.br\/paginas\/gpmin\/wp-content\/uploads\/sites\/11\/2018\/10\/2018-10-05-11.18.14-Copia-1024x768.jpg 1024w\" sizes=\"(max-width: 1138px) 100vw, 1138px\" \/><\/li>\n                <li style=\"display: none; width: 100%;\" class=\"slide-149 ms-image \" aria-roledescription=\"slide\" data-date=\"2018-10-05 15:41:02\" data-filename=\"2018-03-01-13.27.20.jpg\" data-slide-type=\"image\"><img loading=\"lazy\" decoding=\"async\" width=\"1040\" height=\"780\" src=\"http:\/\/www.quimica.ufpr.br\/paginas\/gpmin\/wp-content\/uploads\/sites\/11\/2018\/10\/2018-03-01-13.27.20.jpg\" class=\"slider-105 slide-149 msDefaultImage\" alt=\"\" rel=\"\" title=\"2018-03-01 13.27.20\" style=\"margin: 0 auto; width: 40%\" srcset=\"http:\/\/www.quimica.ufpr.br\/paginas\/gpmin\/wp-content\/uploads\/sites\/11\/2018\/10\/2018-03-01-13.27.20.jpg 1040w, http:\/\/www.quimica.ufpr.br\/paginas\/gpmin\/wp-content\/uploads\/sites\/11\/2018\/10\/2018-03-01-13.27.20-300x225.jpg 300w, http:\/\/www.quimica.ufpr.br\/paginas\/gpmin\/wp-content\/uploads\/sites\/11\/2018\/10\/2018-03-01-13.27.20-768x576.jpg 768w, http:\/\/www.quimica.ufpr.br\/paginas\/gpmin\/wp-content\/uploads\/sites\/11\/2018\/10\/2018-03-01-13.27.20-1024x768.jpg 1024w\" sizes=\"(max-width: 1040px) 100vw, 1040px\" \/><\/li>\n                <li style=\"display: none; width: 100%;\" class=\"slide-146 ms-image \" aria-roledescription=\"slide\" data-date=\"2018-10-05 15:41:01\" data-filename=\"2018-10-03-11.22.12.jpg\" data-slide-type=\"image\"><img loading=\"lazy\" decoding=\"async\" width=\"774\" height=\"581\" src=\"http:\/\/www.quimica.ufpr.br\/paginas\/gpmin\/wp-content\/uploads\/sites\/11\/2018\/10\/2018-10-03-11.22.12.jpg\" class=\"slider-105 slide-146 msDefaultImage\" alt=\"\" rel=\"\" title=\"2018-10-03 11.22.12\" style=\"margin: 0 auto; width: 39.965576592083%\" srcset=\"http:\/\/www.quimica.ufpr.br\/paginas\/gpmin\/wp-content\/uploads\/sites\/11\/2018\/10\/2018-10-03-11.22.12.jpg 774w, http:\/\/www.quimica.ufpr.br\/paginas\/gpmin\/wp-content\/uploads\/sites\/11\/2018\/10\/2018-10-03-11.22.12-300x225.jpg 300w, http:\/\/www.quimica.ufpr.br\/paginas\/gpmin\/wp-content\/uploads\/sites\/11\/2018\/10\/2018-10-03-11.22.12-768x576.jpg 768w\" sizes=\"(max-width: 774px) 100vw, 774px\" \/><\/li>\n                <li style=\"display: none; width: 100%;\" class=\"slide-147 ms-image \" aria-roledescription=\"slide\" data-date=\"2018-10-05 15:41:01\" data-filename=\"2018-10-03-11.22.10.jpg\" data-slide-type=\"image\"><img loading=\"lazy\" decoding=\"async\" width=\"775\" height=\"581\" src=\"http:\/\/www.quimica.ufpr.br\/paginas\/gpmin\/wp-content\/uploads\/sites\/11\/2018\/10\/2018-10-03-11.22.10.jpg\" class=\"slider-105 slide-147 msDefaultImage\" alt=\"\" rel=\"\" title=\"2018-10-03 11.22.10\" style=\"margin: 0 auto; width: 40.017211703959%\" srcset=\"http:\/\/www.quimica.ufpr.br\/paginas\/gpmin\/wp-content\/uploads\/sites\/11\/2018\/10\/2018-10-03-11.22.10.jpg 775w, http:\/\/www.quimica.ufpr.br\/paginas\/gpmin\/wp-content\/uploads\/sites\/11\/2018\/10\/2018-10-03-11.22.10-300x225.jpg 300w, http:\/\/www.quimica.ufpr.br\/paginas\/gpmin\/wp-content\/uploads\/sites\/11\/2018\/10\/2018-10-03-11.22.10-768x576.jpg 768w\" sizes=\"(max-width: 775px) 100vw, 775px\" \/><\/li>\n                <li style=\"display: none; width: 100%;\" class=\"slide-150 ms-image \" aria-roledescription=\"slide\" data-date=\"2018-10-05 15:41:02\" data-filename=\"2017-11-01-15.16.59.jpg\" data-slide-type=\"image\"><img loading=\"lazy\" decoding=\"async\" width=\"1032\" height=\"774\" src=\"http:\/\/www.quimica.ufpr.br\/paginas\/gpmin\/wp-content\/uploads\/sites\/11\/2018\/10\/2017-11-01-15.16.59.jpg\" class=\"slider-105 slide-150 msDefaultImage\" alt=\"\" rel=\"\" title=\"2017-11-01 15.16.59\" style=\"margin: 0 auto; width: 40%\" srcset=\"http:\/\/www.quimica.ufpr.br\/paginas\/gpmin\/wp-content\/uploads\/sites\/11\/2018\/10\/2017-11-01-15.16.59.jpg 1032w, http:\/\/www.quimica.ufpr.br\/paginas\/gpmin\/wp-content\/uploads\/sites\/11\/2018\/10\/2017-11-01-15.16.59-300x225.jpg 300w, http:\/\/www.quimica.ufpr.br\/paginas\/gpmin\/wp-content\/uploads\/sites\/11\/2018\/10\/2017-11-01-15.16.59-768x576.jpg 768w, http:\/\/www.quimica.ufpr.br\/paginas\/gpmin\/wp-content\/uploads\/sites\/11\/2018\/10\/2017-11-01-15.16.59-1024x768.jpg 1024w\" sizes=\"(max-width: 1032px) 100vw, 1032px\" \/><\/li>\n                <li style=\"display: none; width: 100%;\" class=\"slide-152 ms-image \" aria-roledescription=\"slide\" data-date=\"2018-10-05 15:41:03\" data-filename=\"2017-10-20-16.22.51.jpg\" data-slide-type=\"image\"><img loading=\"lazy\" decoding=\"async\" width=\"1071\" height=\"803\" src=\"http:\/\/www.quimica.ufpr.br\/paginas\/gpmin\/wp-content\/uploads\/sites\/11\/2018\/10\/2017-10-20-16.22.51.jpg\" class=\"slider-105 slide-152 msDefaultImage\" alt=\"\" rel=\"\" title=\"2017-10-20 16.22.51\" style=\"margin: 0 auto; width: 40.012453300125%\" srcset=\"http:\/\/www.quimica.ufpr.br\/paginas\/gpmin\/wp-content\/uploads\/sites\/11\/2018\/10\/2017-10-20-16.22.51.jpg 1071w, http:\/\/www.quimica.ufpr.br\/paginas\/gpmin\/wp-content\/uploads\/sites\/11\/2018\/10\/2017-10-20-16.22.51-300x225.jpg 300w, http:\/\/www.quimica.ufpr.br\/paginas\/gpmin\/wp-content\/uploads\/sites\/11\/2018\/10\/2017-10-20-16.22.51-768x576.jpg 768w, http:\/\/www.quimica.ufpr.br\/paginas\/gpmin\/wp-content\/uploads\/sites\/11\/2018\/10\/2017-10-20-16.22.51-1024x768.jpg 1024w\" sizes=\"(max-width: 1071px) 100vw, 1071px\" \/><\/li>\n                <li style=\"display: none; width: 100%;\" class=\"slide-154 ms-image \" aria-roledescription=\"slide\" data-date=\"2018-10-05 15:41:04\" data-filename=\"2017-08-10-10.15.54.jpg\" data-slide-type=\"image\"><img loading=\"lazy\" decoding=\"async\" width=\"1024\" height=\"768\" src=\"http:\/\/www.quimica.ufpr.br\/paginas\/gpmin\/wp-content\/uploads\/sites\/11\/2018\/10\/2017-08-10-10.15.54.jpg\" class=\"slider-105 slide-154 msDefaultImage\" alt=\"\" rel=\"\" title=\"2017-08-10 10.15.54\" style=\"margin: 0 auto; width: 40%\" srcset=\"http:\/\/www.quimica.ufpr.br\/paginas\/gpmin\/wp-content\/uploads\/sites\/11\/2018\/10\/2017-08-10-10.15.54.jpg 1024w, http:\/\/www.quimica.ufpr.br\/paginas\/gpmin\/wp-content\/uploads\/sites\/11\/2018\/10\/2017-08-10-10.15.54-300x225.jpg 300w, http:\/\/www.quimica.ufpr.br\/paginas\/gpmin\/wp-content\/uploads\/sites\/11\/2018\/10\/2017-08-10-10.15.54-768x576.jpg 768w\" sizes=\"(max-width: 1024px) 100vw, 1024px\" \/><\/li>\n                <li style=\"display: none; width: 100%;\" class=\"slide-155 ms-image \" aria-roledescription=\"slide\" data-date=\"2018-10-05 15:41:04\" data-filename=\"2017-08-10-10.16.18.jpg\" data-slide-type=\"image\"><img loading=\"lazy\" decoding=\"async\" width=\"1024\" height=\"768\" src=\"http:\/\/www.quimica.ufpr.br\/paginas\/gpmin\/wp-content\/uploads\/sites\/11\/2018\/10\/2017-08-10-10.16.18.jpg\" class=\"slider-105 slide-155 msDefaultImage\" alt=\"\" rel=\"\" title=\"2017-08-10 10.16.18\" style=\"margin: 0 auto; width: 40%\" srcset=\"http:\/\/www.quimica.ufpr.br\/paginas\/gpmin\/wp-content\/uploads\/sites\/11\/2018\/10\/2017-08-10-10.16.18.jpg 1024w, http:\/\/www.quimica.ufpr.br\/paginas\/gpmin\/wp-content\/uploads\/sites\/11\/2018\/10\/2017-08-10-10.16.18-300x225.jpg 300w, http:\/\/www.quimica.ufpr.br\/paginas\/gpmin\/wp-content\/uploads\/sites\/11\/2018\/10\/2017-08-10-10.16.18-768x576.jpg 768w\" sizes=\"(max-width: 1024px) 100vw, 1024px\" \/><\/li>\n            <\/ul>\n        <\/div>\n        \n    <\/div>\n<\/div><\/div><\/div><\/div><div id=\"pg-102-1\"  class=\"panel-grid panel-no-style\" ><div id=\"pgc-102-1-0\"  class=\"panel-grid-cell\" ><div id=\"panel-102-1-0-0\" class=\"so-panel widget widget_sow-editor panel-first-child panel-last-child\" data-index=\"1\" ><div\n\t\t\t\n\t\t\tclass=\"so-widget-sow-editor so-widget-sow-editor-base\"\n\t\t\t\n\t\t>\n<div class=\"siteorigin-widget-tinymce textwidget\">\n\t<p style=\"text-align: justify\">O Grupo de Pesquisa em Macromol\u00e9culas e Interfaces foi criado em 2012 pelos professores Marcio Vidotti e Izabel Riegel Vidotti. O Grupo atua em duas principais linhas de pesquisa: f\u00edsico-qu\u00edmica de macromol\u00e9culas e s\u00edntese e caracteriza\u00e7\u00e3o de nanomateriais eletroativos e h\u00edbridos.<\/p>\n<p style=\"text-align: justify\">A linha de pesquisa em F\u00edsico-Qu\u00edmica de Macromol\u00e9culas envolve a prepara\u00e7\u00e3o de sistemas automontados, formados a partir de macromol\u00e9culas, e o estudo de suas intera\u00e7\u00f5es interfaciais, tanto em solu\u00e7\u00e3o quanto adsorvidos a superf\u00edcies. Atualmente, os projetos de pesquisa t\u00eam investigado polissacar\u00eddeos complexos de origem vegetal para aplica\u00e7\u00f5es como estabilizantes de nanopart\u00edculas, na forma\u00e7\u00e3o de blendas eletroativas e em sistemas de libera\u00e7\u00e3o.<\/p>\n<p style=\"text-align: justify\">A linha de pesquisa em S\u00edntese e Caracteriza\u00e7\u00e3o de Nanomateriais Eletroativos e H\u00edbridos envolve o desenvolvimento de novos materiais com propriedades eletroqu\u00edmicas distintas a partir de compostos inorg\u00e2nicos (como \u00f3xidos, hidr\u00f3xidos e metais) e org\u00e2nicos (como surfactantes, pol\u00edmeros condutores).<\/p>\n<p style=\"text-align: justify\"><a href=\"http:\/\/dgp.cnpq.br\/dgp\/espelhogrupo\/8962101741030152\">Espelho do Grupo<\/a><\/p>\n<hr \/>\n<p style=\"text-align: justify\"><img decoding=\"async\" class=\"size-medium wp-image-642 aligncenter\" src=\"http:\/\/www.quimica.ufpr.br\/paginas\/gpmin\/wp-content\/uploads\/sites\/11\/2020\/09\/logo-gpmin-300x156.jpg\" alt=\"\" width=\"300\" height=\"156\" srcset=\"http:\/\/www.quimica.ufpr.br\/paginas\/gpmin\/wp-content\/uploads\/sites\/11\/2020\/09\/logo-gpmin-300x156.jpg 300w, http:\/\/www.quimica.ufpr.br\/paginas\/gpmin\/wp-content\/uploads\/sites\/11\/2020\/09\/logo-gpmin-1024x534.jpg 1024w, http:\/\/www.quimica.ufpr.br\/paginas\/gpmin\/wp-content\/uploads\/sites\/11\/2020\/09\/logo-gpmin-768x400.jpg 768w, http:\/\/www.quimica.ufpr.br\/paginas\/gpmin\/wp-content\/uploads\/sites\/11\/2020\/09\/logo-gpmin-1536x801.jpg 1536w, http:\/\/www.quimica.ufpr.br\/paginas\/gpmin\/wp-content\/uploads\/sites\/11\/2020\/09\/logo-gpmin-2048x1068.jpg 2048w\" sizes=\"(max-width: 300px) 100vw, 300px\" \/><\/p>\n<\/div>\n<\/div><\/div><\/div><\/div><\/div>","protected":false},"excerpt":{"rendered":"<p>O Grupo de Pesquisa em Macromol\u00e9culas e Interfaces foi criado em 2012 pelos professores Marcio Vidotti e Izabel Riegel Vidotti. O Grupo atua em duas principais linhas de pesquisa: f\u00edsico-qu\u00edmica de macromol\u00e9culas e s\u00edntese e caracteriza\u00e7\u00e3o de nanomateriais eletroativos e h\u00edbridos. A linha de pesquisa em F\u00edsico-Qu\u00edmica de Macromol\u00e9culas envolve a prepara\u00e7\u00e3o de sistemas automontados, [&hellip;]<\/p>\n","protected":false},"author":36,"featured_media":0,"parent":0,"menu_order":0,"comment_status":"closed","ping_status":"closed","template":"","meta":{"footnotes":""},"class_list":["post-102","page","type-page","status-publish","hentry"],"_links":{"self":[{"href":"http:\/\/www.quimica.ufpr.br\/paginas\/gpmin\/wp-json\/wp\/v2\/pages\/102","targetHints":{"allow":["GET"]}}],"collection":[{"href":"http:\/\/www.quimica.ufpr.br\/paginas\/gpmin\/wp-json\/wp\/v2\/pages"}],"about":[{"href":"http:\/\/www.quimica.ufpr.br\/paginas\/gpmin\/wp-json\/wp\/v2\/types\/page"}],"author":[{"embeddable":true,"href":"http:\/\/www.quimica.ufpr.br\/paginas\/gpmin\/wp-json\/wp\/v2\/users\/36"}],"replies":[{"embeddable":true,"href":"http:\/\/www.quimica.ufpr.br\/paginas\/gpmin\/wp-json\/wp\/v2\/comments?post=102"}],"version-history":[{"count":7,"href":"http:\/\/www.quimica.ufpr.br\/paginas\/gpmin\/wp-json\/wp\/v2\/pages\/102\/revisions"}],"predecessor-version":[{"id":643,"href":"http:\/\/www.quimica.ufpr.br\/paginas\/gpmin\/wp-json\/wp\/v2\/pages\/102\/revisions\/643"}],"wp:attachment":[{"href":"http:\/\/www.quimica.ufpr.br\/paginas\/gpmin\/wp-json\/wp\/v2\/media?parent=102"}],"curies":[{"name":"wp","href":"https:\/\/api.w.org\/{rel}","templated":true}]}}